{"id":25076,"date":"2026-01-25T10:45:54","date_gmt":"2026-01-25T10:45:54","guid":{"rendered":"https:\/\/www.arovite.com\/portfolio\/no-portfolio_category\/la-frontera\/"},"modified":"2026-01-25T10:47:10","modified_gmt":"2026-01-25T10:47:10","slug":"la-frontera","status":"publish","type":"portfolio","link":"https:\/\/www.arovite.com\/en\/portfolio\/films-and-documentaries\/la-frontera\/","title":{"rendered":"La frontera"},"content":{"rendered":"<p>&nbsp;<\/p>\n<p class=\"encabezado\">T\u00edtulo original<\/h5>\n<p>La frontera  <\/p>\n<p class=\"encabezado\">A\u00f1o<\/h5>\n<p>2025<\/p>\n<p class=\"encabezado\">Duraci\u00f3n<\/h5>\n<p>50 min.<\/p>\n<p class=\"encabezado\">Pa\u00eds<\/h5>\n<p>Espa\u00f1a<\/p>\n<p class=\"encabezado\">Director<\/h5>\n<p>Yolanda Centeno y Mar\u00eda Pulido<\/p>\n<p class=\"encabezado\">Gui\u00f3n<\/h5>\n<p>Luis Mar\u00edas y David Zurdo<\/p>\n<p class=\"encabezado\">Reparto<\/h5>\n<p>Javier Rey, Itsaso Arana, Vincent P\u00e9rez, Amaia Aberasturi, Goize Blanco, Kike Guaza, Rebeca Matell\u00e1n, Yohan L\u00e9vy, Pepe Lorente, Iman Perez, Asier Hern\u00e1ndez, V\u00edctor Clavijo y Mikel Losada<\/p>\n<p class=\"encabezado\">Productora<\/h5>\n<p>Par Producciones<\/p>\n<p class=\"encabezado\">G\u00e9nero<\/h5>\n<p>Acci\u00f3n. Drama. Thriller<\/p>\n<p class=\"encabezado\">Sinopsis<\/h5>\n<p>Miniserie de TV (2025). 5 episodios. A\u00f1o 1987. Un grupo disidente de la banda terrorista ETA planea atentar en Par\u00eds. Solo tres personas, tan incompatibles como complementarias, podr\u00edan evitarlo.<\/p>\n<p>(www.filmaffinity.com)<\/p>\n","protected":false},"excerpt":{"rendered":"<p>Yolanda Centeno y Mar\u00eda Pulido (2025)<\/p>\n","protected":false},"author":1,"featured_media":25060,"menu_order":0,"comment_status":"open","ping_status":"closed","template":"","format":"standard","meta":{"om_disable_all_campaigns":false,"_monsterinsights_skip_tracking":false,"_monsterinsights_sitenote_active":false,"_monsterinsights_sitenote_note":"","_monsterinsights_sitenote_category":0,"_uf_show_specific_survey":0,"_uf_disable_surveys":false,"_vp_format_video_url":"","_vp_image_focal_point":[],"_vp_custom_popup_image":0,"_vp_format_audio_url":"","_vp_custom_thumbnail":0,"_vp_custom_thumbnail_focal_point":[],"_vp_hover_thumbnail":0,"_vp_hover_thumbnail_focal_point":[],"footnotes":""},"portfolio_category":[299],"portfolio_tag":[],"class_list":["post-25076","portfolio","type-portfolio","status-publish","format-standard","has-post-thumbnail","hentry","portfolio_category-films-and-documentaries"],"aioseo_notices":[],"_links":{"self":[{"href":"https:\/\/www.arovite.com\/en\/wp-json\/wp\/v2\/portfolio\/25076","targetHints":{"allow":["GET"]}}],"collection":[{"href":"https:\/\/www.arovite.com\/en\/wp-json\/wp\/v2\/portfolio"}],"about":[{"href":"https:\/\/www.arovite.com\/en\/wp-json\/wp\/v2\/types\/portfolio"}],"author":[{"embeddable":true,"href":"https:\/\/www.arovite.com\/en\/wp-json\/wp\/v2\/users\/1"}],"replies":[{"embeddable":true,"href":"https:\/\/www.arovite.com\/en\/wp-json\/wp\/v2\/comments?post=25076"}],"version-history":[{"count":1,"href":"https:\/\/www.arovite.com\/en\/wp-json\/wp\/v2\/portfolio\/25076\/revisions"}],"predecessor-version":[{"id":25079,"href":"https:\/\/www.arovite.com\/en\/wp-json\/wp\/v2\/portfolio\/25076\/revisions\/25079"}],"wp:featuredmedia":[{"embeddable":true,"href":"https:\/\/www.arovite.com\/en\/wp-json\/wp\/v2\/media\/25060"}],"wp:attachment":[{"href":"https:\/\/www.arovite.com\/en\/wp-json\/wp\/v2\/media?parent=25076"}],"wp:term":[{"taxonomy":"portfolio_category","embeddable":true,"href":"https:\/\/www.arovite.com\/en\/wp-json\/wp\/v2\/portfolio_category?post=25076"},{"taxonomy":"portfolio_tag","embeddable":true,"href":"https:\/\/www.arovite.com\/en\/wp-json\/wp\/v2\/portfolio_tag?post=25076"}],"curies":[{"name":"wp","href":"https:\/\/api.w.org\/{rel}","templated":true}]}}

<p>&nbsp;</p>
<p class="encabezado">Título original</h5>
<p>La frontera  </p>
<p class="encabezado">Año</h5>
<p>2025</p>
<p class="encabezado">Duración</h5>
<p>50 min.</p>
<p class="encabezado">País</h5>
<p>España</p>
<p class="encabezado">Director</h5>
<p>Yolanda Centeno y María Pulido</p>
<p class="encabezado">Guión</h5>
<p>Luis Marías y David Zurdo</p>
<p class="encabezado">Reparto</h5>
<p>Javier Rey, Itsaso Arana, Vincent Pérez, Amaia Aberasturi, Goize Blanco, Kike Guaza, Rebeca Matellán, Yohan Lévy, Pepe Lorente, Iman Perez, Asier Hernández, Víctor Clavijo y Mikel Losada</p>
<p class="encabezado">Productora</h5>
<p>Par Producciones</p>
<p class="encabezado">Género</h5>
<p>Acción. Drama. Thriller</p>
<p class="encabezado">Sinopsis</h5>
<p>Miniserie de TV (2025). 5 episodios. Año 1987. Un grupo disidente de la banda terrorista ETA planea atentar en París. Solo tres personas, tan incompatibles como complementarias, podrían evitarlo.</p>
<p>(www.filmaffinity.com)</p>

<p>Yolanda Centeno y María Pulido (2025)</p>
