{"id":9306,"date":"2019-01-14T17:55:10","date_gmt":"2019-01-14T17:55:10","guid":{"rendered":"http:\/\/www.arovite.com\/fernandez-soldevilla-gaizka-2018c\/"},"modified":"2025-10-05T08:55:17","modified_gmt":"2025-10-05T08:55:17","slug":"fernandez-soldevilla-gaizka-y-dominguez-florencio-2018","status":"publish","type":"page","link":"https:\/\/www.arovite.com\/en\/fernandez-soldevilla-gaizka-y-dominguez-florencio-2018\/","title":{"rendered":"FERN\u00c1NDEZ SOLDEVILLA, Gaizka y DOM\u00cdNGUEZ, Florencio (eds.) (2018)"},"content":{"rendered":"<div class=\"wpb-content-wrapper\"><p>[vc_row][vc_column width=&#8221;1\/1&#8243;][vc_column_text][vc_empty_space height=&#8221;20&#8243;]<br \/>\n<strong>Referencia bibliogr\u00e1fica<\/strong><br \/>\nFERN\u00c1NDEZ SOLDEVILLA, Gaizka y DOM\u00cdNGUEZ, Florencio (eds.) (2018): <em>Pardines. ETA erailtzen hasi zenean<\/em>. Madrid: Tecnos y Diputaci\u00f3n Foral de Gipuzkoa.<\/p>\n<p><a class=\"button blue  medium \" href=\"https:\/\/www.arovite.com\/documentos\/2018_Fern\u00e1ndez_Soldevilla_y_Dom\u00ednguez.pdf\" target=\"_blank\">Consultar PDF<\/a>[vc_empty_space height=&#8221;10&#8243;]<br \/>\n<strong>Resumen<\/strong><br \/>\nEl 7 de junio de 1968 ETA asesin\u00f3 al joven guardia civil Jos\u00e9 Antonio Pardines. El cad\u00e1ver presentaba cinco heridas de bala en el torso. Debajo se localizaron cuatro proyectiles y, a menos de un metro, cinco vainas: tres de calibre 9 mil\u00edmetros parabellum y otras dos de 7,65 mil\u00edmetros. La funda de la pistola reglamentaria de Pardines segu\u00eda abrochada. La primera v\u00edctima de ETA no hab\u00eda podido defenderse. Aquel d\u00eda, en palabras de Jos\u00e9 Mar\u00eda Garmendia, &#8220;cambi\u00f3 la historia del Pa\u00eds Vasco para siempre&#8221;. El crimen marc\u00f3 el inicio de una espiral de violencia terrorista que, despu\u00e9s de medio siglo, arroja un saldo tr\u00e1gico: unas 850 v\u00edctimas mortales y m\u00e1s de 2.500 heridos, sin contar a los amenazados, exiliados, extorsionados y damnificados econ\u00f3micamente. Escrito por algunos de los principales expertos en la materia (historiadores, polit\u00f3logos, periodistas y juristas), que han consultado documentaci\u00f3n in\u00e9dita, el libro gira alrededor del asesinato fundacional de ETA: los hechos y c\u00f3mo se han contado hasta ahora, sus autores materiales, la historia de la banda, las biograf\u00edas truncadas de sus primeras v\u00edctimas, la respuesta policial y judicial al terrorismo, y las circunstancias hist\u00f3ricas que rodearon la reaparici\u00f3n del fen\u00f3meno a finales de los a\u00f1os sesenta tanto en Espa\u00f1a como en el resto del mundo.<br \/>\n[vc_empty_space height=&#8221;10&#8243;]<br \/>\n<strong>Autor<\/strong><br \/>\nGaizka Fern\u00e1ndez Soldevilla. <a title=\"Dialnet\" href=\"https:\/\/dialnet.unirioja.es\/servlet\/autor?codigo=2407724\" target=\"_blank\" rel=\"noopener\">P\u00e1gina del autor en Dialnet.<\/a><br \/>\nFlorencio Dom\u00ednguez Iribarren. <a title=\"Dialnet\" href=\"https:\/\/dialnet.unirioja.es\/servlet\/autor?codigo=1111029\" target=\"_blank\" rel=\"noopener\">P\u00e1gina del autor en Dialnet.<\/a><br \/>\n[vc_empty_space height=&#8221;10&#8243;]<br \/>\n<strong>Tipo de documento<\/strong><br \/>\nLibro<br \/>\n[vc_empty_space height=&#8221;10&#8243;]<br \/>\n[\/vc_column_text][\/vc_column][\/vc_row]<\/p>\n<\/div>","protected":false},"excerpt":{"rendered":"<p>[vc_row][vc_column width=&#8221;1\/1&#8243;][vc_column_text][vc_empty_space height=&#8221;20&#8243;] Referencia bibliogr\u00e1fica FERN\u00c1NDEZ SOLDEVILLA, Gaizka y DOM\u00cdNGUEZ, Florencio (eds.) (2018): Pardines. ETA erailtzen hasi zenean. Madrid: Tecnos y Diputaci\u00f3n Foral de Gipuzkoa. Consultar PDF[vc_empty_space height=&#8221;10&#8243;] Resumen El&hellip;<\/p>\n","protected":false},"author":1,"featured_media":0,"parent":0,"menu_order":0,"comment_status":"closed","ping_status":"closed","template":"","meta":{"om_disable_all_campaigns":false,"_monsterinsights_skip_tracking":false,"_monsterinsights_sitenote_active":false,"_monsterinsights_sitenote_note":"","_monsterinsights_sitenote_category":0,"_uf_show_specific_survey":0,"_uf_disable_surveys":false,"_vp_format_video_url":"","_vp_image_focal_point":[],"_vp_custom_popup_image":0,"_vp_format_audio_url":"","_vp_custom_thumbnail":0,"_vp_custom_thumbnail_focal_point":[],"_vp_hover_thumbnail":0,"_vp_hover_thumbnail_focal_point":[],"footnotes":""},"class_list":["post-9306","page","type-page","status-publish","hentry"],"aioseo_notices":[],"_links":{"self":[{"href":"https:\/\/www.arovite.com\/en\/wp-json\/wp\/v2\/pages\/9306","targetHints":{"allow":["GET"]}}],"collection":[{"href":"https:\/\/www.arovite.com\/en\/wp-json\/wp\/v2\/pages"}],"about":[{"href":"https:\/\/www.arovite.com\/en\/wp-json\/wp\/v2\/types\/page"}],"author":[{"embeddable":true,"href":"https:\/\/www.arovite.com\/en\/wp-json\/wp\/v2\/users\/1"}],"replies":[{"embeddable":true,"href":"https:\/\/www.arovite.com\/en\/wp-json\/wp\/v2\/comments?post=9306"}],"version-history":[{"count":6,"href":"https:\/\/www.arovite.com\/en\/wp-json\/wp\/v2\/pages\/9306\/revisions"}],"predecessor-version":[{"id":24720,"href":"https:\/\/www.arovite.com\/en\/wp-json\/wp\/v2\/pages\/9306\/revisions\/24720"}],"wp:attachment":[{"href":"https:\/\/www.arovite.com\/en\/wp-json\/wp\/v2\/media?parent=9306"}],"curies":[{"name":"wp","href":"https:\/\/api.w.org\/{rel}","templated":true}]}}

FERNÁNDEZ SOLDEVILLA, Gaizka y DOMÍNGUEZ, Florencio (eds.) (2018)

<div class="wpb-content-wrapper"><p>[vc_row][vc_column width=&#8221;1/1&#8243;][vc_column_text][vc_empty_space height=&#8221;20&#8243;]<br />
<strong>Referencia bibliográfica</strong><br />
FERNÁNDEZ SOLDEVILLA, Gaizka y DOMÍNGUEZ, Florencio (eds.) (2018): <em>Pardines. ETA erailtzen hasi zenean</em>. Madrid: Tecnos y Diputación Foral de Gipuzkoa.</p>
<p><a class="button blue  medium " href="https://www.arovite.com/documentos/2018_Fernández_Soldevilla_y_Domínguez.pdf" target="_blank">Consultar PDF</a>[vc_empty_space height=&#8221;10&#8243;]<br />
<strong>Resumen</strong><br />
El 7 de junio de 1968 ETA asesinó al joven guardia civil José Antonio Pardines. El cadáver presentaba cinco heridas de bala en el torso. Debajo se localizaron cuatro proyectiles y, a menos de un metro, cinco vainas: tres de calibre 9 milímetros parabellum y otras dos de 7,65 milímetros. La funda de la pistola reglamentaria de Pardines seguía abrochada. La primera víctima de ETA no había podido defenderse. Aquel día, en palabras de José María Garmendia, &#8220;cambió la historia del País Vasco para siempre&#8221;. El crimen marcó el inicio de una espiral de violencia terrorista que, después de medio siglo, arroja un saldo trágico: unas 850 víctimas mortales y más de 2.500 heridos, sin contar a los amenazados, exiliados, extorsionados y damnificados económicamente. Escrito por algunos de los principales expertos en la materia (historiadores, politólogos, periodistas y juristas), que han consultado documentación inédita, el libro gira alrededor del asesinato fundacional de ETA: los hechos y cómo se han contado hasta ahora, sus autores materiales, la historia de la banda, las biografías truncadas de sus primeras víctimas, la respuesta policial y judicial al terrorismo, y las circunstancias históricas que rodearon la reaparición del fenómeno a finales de los años sesenta tanto en España como en el resto del mundo.<br />
[vc_empty_space height=&#8221;10&#8243;]<br />
<strong>Autor</strong><br />
Gaizka Fernández Soldevilla. <a title="Dialnet" href="https://dialnet.unirioja.es/servlet/autor?codigo=2407724" target="_blank" rel="noopener">Página del autor en Dialnet.</a><br />
Florencio Domínguez Iribarren. <a title="Dialnet" href="https://dialnet.unirioja.es/servlet/autor?codigo=1111029" target="_blank" rel="noopener">Página del autor en Dialnet.</a><br />
[vc_empty_space height=&#8221;10&#8243;]<br />
<strong>Tipo de documento</strong><br />
Libro<br />
[vc_empty_space height=&#8221;10&#8243;]<br />
[/vc_column_text][/vc_column][/vc_row]</p>
</div>

<p>[vc_row][vc_column width=&#8221;1/1&#8243;][vc_column_text][vc_empty_space height=&#8221;20&#8243;] Referencia bibliográfica FERNÁNDEZ SOLDEVILLA, Gaizka y DOMÍNGUEZ, Florencio (eds.) (2018): Pardines. ETA erailtzen hasi zenean. Madrid: Tecnos y Diputación Foral de Gipuzkoa. Consultar PDF[vc_empty_space height=&#8221;10&#8243;] Resumen El&hellip;</p>
