{"id":8953,"date":"2018-01-08T19:29:15","date_gmt":"2018-01-08T19:29:15","guid":{"rendered":"http:\/\/www.arovite.com\/garcia-vera-maria-paz-y-sanz-jesus-2016\/"},"modified":"2025-10-05T08:58:09","modified_gmt":"2025-10-05T08:58:09","slug":"garcia-vera-maria-paz-y-sanz-jesus-2016","status":"publish","type":"page","link":"https:\/\/www.arovite.com\/en\/garcia-vera-maria-paz-y-sanz-jesus-2016\/","title":{"rendered":"GARC\u00cdA-VERA, Mar\u00eda Paz y SANZ, Jes\u00fas (2016)"},"content":{"rendered":"<div class=\"wpb-content-wrapper\"><p>[vc_row][vc_column width=&#8221;1\/1&#8243;][vc_column_text][vc_empty_space height=&#8221;20&#8243;]<br \/>\n<strong>Referencia bibliogr\u00e1fica<\/strong><br \/>\nGARC\u00cdA-VERA, Mar\u00eda Paz y SANZ, Jes\u00fas (2016): \u00abRepercusiones psicopatol\u00f3gicas de los atentados terroristas en las v\u00edctimas adultas y su tratamiento: estado de la cuesti\u00f3n\u00bb, <em>Papeles del Psic\u00f3logo<\/em>, vol. 37(3), pp. 198-204.<\/p>\n<p><a class=\"button blue  medium \" href=\"https:\/\/www.papelesdelpsicologo.es\/pdf\/2776.pdf\" target=\"_blank\">Consultar PDF<\/a>[vc_empty_space height=&#8221;10&#8243;]<br \/>\n<strong>Resumen<\/strong><br \/>\nEl objetivo de este trabajo es describir el estado actual de la investigaci\u00f3n sobre las consecuencias psicopatol\u00f3gicas de los atentados terroristas en las v\u00edctimas adultas y su tratamiento. A partir de los resultados de revisiones narrativas y metaanal\u00edticas de dicha investigaci\u00f3n y de los estudios emp\u00edricos m\u00e1s recientes, especialmente, de los realizados con v\u00edctimas en Espa\u00f1a, se extraen once conclusiones sobre cu\u00e1ntas v\u00edctimas adultas desarrollar\u00e1n trastornos psicol\u00f3gicos, qu\u00e9 trastornos psicol\u00f3gicos ser\u00e1n los m\u00e1s frecuentes, cu\u00e1l ser\u00e1 el curso de esos trastornos, qu\u00e9 tipos de v\u00edctimas se ver\u00e1n m\u00e1s afectadas y cu\u00e1l ser\u00e1 el tratamiento m\u00e1s adecuado para sus trastornos. Las conclusiones convergen en sugerir que, tras un atentado terrorista, tanto las v\u00edctimas directas como indirectas (y entre estas \u00faltimas, especialmente los familiares directos de los fallecidos y heridos en el atentado), necesitar\u00e1n un seguimiento psicol\u00f3gico y una atenci\u00f3n psicol\u00f3gica a corto, medio, largo y muy largo plazo.<br \/>\n[vc_empty_space height=&#8221;10&#8243;]<br \/>\n<strong>Abstract<\/strong><br \/>\nThe aim of this paper is to describe the current state of research on the psychopathological consequences of terrorist attacks in adult victims and their treatment. From the results of narratives and meta-analytic reviews of this research and the most recent empirical studies, especially those carried out with victims in Spain, eleven conclusions are extracted on the number of adult victims that develop psychological disorders, the psychological disorders that are most common, the course of these psychological disorders, the types of victims that are most affected, and the most appropriate treatment for their disorders. These conclusions converge to suggest that, after a terrorist attack, both direct and indirect victims (and among the latter, especially the relatives of those killed and wounded in the attack), will need psychological follow-up and care in the short, medium, long and very long term.<br \/>\n[vc_empty_space height=&#8221;10&#8243;]<br \/>\n<strong>Autor<\/strong><br \/>\nMar\u00eda Paz Garc\u00eda-Vera. <a title=\"Dialnet\" href=\"https:\/\/dialnet.unirioja.es\/servlet\/autor?codigo=181316\" target=\"_blank\" rel=\"noopener\">P\u00e1gina del autor en Dialnet.<\/a><br \/>\nJes\u00fas Sanz. <a title=\"Dialnet\" href=\"https:\/\/dialnet.unirioja.es\/servlet\/autor?codigo=2413376\" target=\"_blank\" rel=\"noopener\">P\u00e1gina del autor en Dialnet.<\/a><br \/>\n[vc_empty_space height=&#8221;10&#8243;]<br \/>\n<strong>Tipo de documento<\/strong><br \/>\nArt\u00edculo<br \/>\n[vc_empty_space height=&#8221;10&#8243;]<br \/>\n[\/vc_column_text][\/vc_column][\/vc_row]\u2003<\/p>\n<\/div>","protected":false},"excerpt":{"rendered":"<p>[vc_row][vc_column width=&#8221;1\/1&#8243;][vc_column_text][vc_empty_space height=&#8221;20&#8243;] Referencia bibliogr\u00e1fica GARC\u00cdA-VERA, Mar\u00eda Paz y SANZ, Jes\u00fas (2016): \u00abRepercusiones psicopatol\u00f3gicas de los atentados terroristas en las v\u00edctimas adultas y su tratamiento: estado de la cuesti\u00f3n\u00bb, Papeles&hellip;<\/p>\n","protected":false},"author":1,"featured_media":0,"parent":0,"menu_order":0,"comment_status":"closed","ping_status":"closed","template":"","meta":{"om_disable_all_campaigns":false,"_monsterinsights_skip_tracking":false,"_monsterinsights_sitenote_active":false,"_monsterinsights_sitenote_note":"","_monsterinsights_sitenote_category":0,"_uf_show_specific_survey":0,"_uf_disable_surveys":false,"_vp_format_video_url":"","_vp_image_focal_point":[],"_vp_custom_popup_image":0,"_vp_format_audio_url":"","_vp_custom_thumbnail":0,"_vp_custom_thumbnail_focal_point":[],"_vp_hover_thumbnail":0,"_vp_hover_thumbnail_focal_point":[],"footnotes":""},"class_list":["post-8953","page","type-page","status-publish","hentry"],"aioseo_notices":[],"_links":{"self":[{"href":"https:\/\/www.arovite.com\/en\/wp-json\/wp\/v2\/pages\/8953","targetHints":{"allow":["GET"]}}],"collection":[{"href":"https:\/\/www.arovite.com\/en\/wp-json\/wp\/v2\/pages"}],"about":[{"href":"https:\/\/www.arovite.com\/en\/wp-json\/wp\/v2\/types\/page"}],"author":[{"embeddable":true,"href":"https:\/\/www.arovite.com\/en\/wp-json\/wp\/v2\/users\/1"}],"replies":[{"embeddable":true,"href":"https:\/\/www.arovite.com\/en\/wp-json\/wp\/v2\/comments?post=8953"}],"version-history":[{"count":2,"href":"https:\/\/www.arovite.com\/en\/wp-json\/wp\/v2\/pages\/8953\/revisions"}],"predecessor-version":[{"id":24726,"href":"https:\/\/www.arovite.com\/en\/wp-json\/wp\/v2\/pages\/8953\/revisions\/24726"}],"wp:attachment":[{"href":"https:\/\/www.arovite.com\/en\/wp-json\/wp\/v2\/media?parent=8953"}],"curies":[{"name":"wp","href":"https:\/\/api.w.org\/{rel}","templated":true}]}}

GARCÍA-VERA, María Paz y SANZ, Jesús (2016)

<div class="wpb-content-wrapper"><p>[vc_row][vc_column width=&#8221;1/1&#8243;][vc_column_text][vc_empty_space height=&#8221;20&#8243;]<br />
<strong>Referencia bibliográfica</strong><br />
GARCÍA-VERA, María Paz y SANZ, Jesús (2016): «Repercusiones psicopatológicas de los atentados terroristas en las víctimas adultas y su tratamiento: estado de la cuestión», <em>Papeles del Psicólogo</em>, vol. 37(3), pp. 198-204.</p>
<p><a class="button blue  medium " href="https://www.papelesdelpsicologo.es/pdf/2776.pdf" target="_blank">Consultar PDF</a>[vc_empty_space height=&#8221;10&#8243;]<br />
<strong>Resumen</strong><br />
El objetivo de este trabajo es describir el estado actual de la investigación sobre las consecuencias psicopatológicas de los atentados terroristas en las víctimas adultas y su tratamiento. A partir de los resultados de revisiones narrativas y metaanalíticas de dicha investigación y de los estudios empíricos más recientes, especialmente, de los realizados con víctimas en España, se extraen once conclusiones sobre cuántas víctimas adultas desarrollarán trastornos psicológicos, qué trastornos psicológicos serán los más frecuentes, cuál será el curso de esos trastornos, qué tipos de víctimas se verán más afectadas y cuál será el tratamiento más adecuado para sus trastornos. Las conclusiones convergen en sugerir que, tras un atentado terrorista, tanto las víctimas directas como indirectas (y entre estas últimas, especialmente los familiares directos de los fallecidos y heridos en el atentado), necesitarán un seguimiento psicológico y una atención psicológica a corto, medio, largo y muy largo plazo.<br />
[vc_empty_space height=&#8221;10&#8243;]<br />
<strong>Abstract</strong><br />
The aim of this paper is to describe the current state of research on the psychopathological consequences of terrorist attacks in adult victims and their treatment. From the results of narratives and meta-analytic reviews of this research and the most recent empirical studies, especially those carried out with victims in Spain, eleven conclusions are extracted on the number of adult victims that develop psychological disorders, the psychological disorders that are most common, the course of these psychological disorders, the types of victims that are most affected, and the most appropriate treatment for their disorders. These conclusions converge to suggest that, after a terrorist attack, both direct and indirect victims (and among the latter, especially the relatives of those killed and wounded in the attack), will need psychological follow-up and care in the short, medium, long and very long term.<br />
[vc_empty_space height=&#8221;10&#8243;]<br />
<strong>Autor</strong><br />
María Paz García-Vera. <a title="Dialnet" href="https://dialnet.unirioja.es/servlet/autor?codigo=181316" target="_blank" rel="noopener">Página del autor en Dialnet.</a><br />
Jesús Sanz. <a title="Dialnet" href="https://dialnet.unirioja.es/servlet/autor?codigo=2413376" target="_blank" rel="noopener">Página del autor en Dialnet.</a><br />
[vc_empty_space height=&#8221;10&#8243;]<br />
<strong>Tipo de documento</strong><br />
Artículo<br />
[vc_empty_space height=&#8221;10&#8243;]<br />
[/vc_column_text][/vc_column][/vc_row] </p>
</div>

<p>[vc_row][vc_column width=&#8221;1/1&#8243;][vc_column_text][vc_empty_space height=&#8221;20&#8243;] Referencia bibliográfica GARCÍA-VERA, María Paz y SANZ, Jesús (2016): «Repercusiones psicopatológicas de los atentados terroristas en las víctimas adultas y su tratamiento: estado de la cuestión», Papeles&hellip;</p>
