{"id":8459,"date":"2017-06-12T16:12:50","date_gmt":"2017-06-12T16:12:50","guid":{"rendered":"http:\/\/www.arovite.com\/lopez-romo-raul-y-van-der-leeuw-barbara-2015\/"},"modified":"2025-10-05T09:12:31","modified_gmt":"2025-10-05T09:12:31","slug":"lopez-romo-raul-y-van-der-leeuw-barbara-2015","status":"publish","type":"page","link":"https:\/\/www.arovite.com\/en\/lopez-romo-raul-y-van-der-leeuw-barbara-2015\/","title":{"rendered":"L\u00d3PEZ ROMO, Ra\u00fal y VAN DER LEEUW, Barbara (2015)"},"content":{"rendered":"<div class=\"wpb-content-wrapper\"><p>[vc_row][vc_column width=&#8221;1\/1&#8243;][vc_column_text][vc_empty_space height=&#8221;20&#8243;]<br \/>\n<strong>Referencia bibliogr\u00e1fica<\/strong><br \/>\nL\u00d3PEZ ROMO, Ra\u00fal y VAN DER LEEUW, Barbara (2015): \u00ab\u00bfUn acuerdo imposible? La gesti\u00f3n p\u00fablica del pasado traum\u00e1tico: de Berl\u00edn a Euskadi\u00bb, <em>Huarte de San Juan. Geograf\u00eda e Historia<\/em>, n\u00ba 22, pp. 241-266.<\/p>\n<p><a class=\"button blue  medium \" href=\"http:\/\/revista-hsj-historia.unavarra.es\/article\/view\/3031\/3581\" target=\"_blank\">Consultar PDF<\/a>[vc_empty_space height=&#8221;10&#8243;]<br \/>\n<strong>Resumen<\/strong><br \/>\nEn este art\u00edculo analizamos dos memoriales de v\u00edctimas del Holocausto: Kazerne Dossin, en Mechelen (B\u00e9lgica) y el Memorial de los jud\u00edos de Europa asesinados, en Berl\u00edn. El objetivo es extraer ense\u00f1anzas aplicables al Pa\u00eds Vasco, de cara a la puesta en marcha de centros dedicados al recuerdo de las v\u00edctimas del terrorismo. A partir de los dos ejemplos mencionados, argumentamos que es posible y necesario alcanzar acuerdos b\u00e1sicos en materia de pol\u00edticas p\u00fablicas de memoria. Sostenemos, asimismo, que el papel de los historiadores es fundamental para afrontar con rigor un tema sensible y susceptible de utilizaci\u00f3n partidista.<br \/>\n[vc_empty_space height=&#8221;10&#8243;]<br \/>\n<strong>Abstract<\/strong><br \/>\nThis article analyzes two memorials to Holocaust victims: Kazerne Dossin in Mechelen (Belgium) and the Memorial to the murdered Jews of Europe, in Berlin. The main goal is to extract the lessons which are applicable to the Basque Country, with regard to the foundation of institutions dedicated to the memory of the victims of terrorism. Based on the two examples we have just mentioned, we argue that it is possible and necessary to reach basic agreements on the public politics of memory. We hold as well that the role of the historians is very important in dealing with a subject which is susceptible to political instrumentalization.<br \/>\n[vc_empty_space height=&#8221;10&#8243;]<br \/>\n<strong>Autor<\/strong><br \/>\nRa\u00fal L\u00f3pez Romo. <a title=\"Dialnet\" href=\"https:\/\/dialnet.unirioja.es\/servlet\/autor?codigo=2165020\" target=\"_blank\" rel=\"noopener\">P\u00e1gina del autor en Dialnet.<\/a><br \/>\nBarbara van der Leeuw. <a title=\"Dialnet\" href=\"https:\/\/dialnet.unirioja.es\/servlet\/autor?codigo=2901492\" target=\"_blank\" rel=\"noopener\">P\u00e1gina del autor en Dialnet.<\/a><br \/>\n[vc_empty_space height=&#8221;10&#8243;]<br \/>\n<strong>Tipo de documento<\/strong><br \/>\nArt\u00edculo<br \/>\n[vc_empty_space height=&#8221;10&#8243;]<br \/>\n<a title=\"Dialnet\" href=\"https:\/\/www.academia.edu\/22608216\/_con_Barbara_van_der_Leeuw_Un_acuerdo_imposible_La_gesti%C3%B3n_p%C3%BAblica_del_pasado_traum%C3%A1tico_de_Berl%C3%ADn_a_Euskadi_Huarte_de_San_Juan_no._22_2015_pp._241-266\" target=\"_blank\" rel=\"noopener\"><strong>Enlace alternativo<\/strong><\/a><br \/>\n[vc_empty_space height=&#8221;10&#8243;]<br \/>\n[\/vc_column_text][\/vc_column][\/vc_row]<\/p>\n<\/div>","protected":false},"excerpt":{"rendered":"<p>[vc_row][vc_column width=&#8221;1\/1&#8243;][vc_column_text][vc_empty_space height=&#8221;20&#8243;] Referencia bibliogr\u00e1fica L\u00d3PEZ ROMO, Ra\u00fal y VAN DER LEEUW, Barbara (2015): \u00ab\u00bfUn acuerdo imposible? La gesti\u00f3n p\u00fablica del pasado traum\u00e1tico: de Berl\u00edn a Euskadi\u00bb, Huarte de San&hellip;<\/p>\n","protected":false},"author":1,"featured_media":0,"parent":0,"menu_order":0,"comment_status":"open","ping_status":"open","template":"","meta":{"om_disable_all_campaigns":false,"_monsterinsights_skip_tracking":false,"_monsterinsights_sitenote_active":false,"_monsterinsights_sitenote_note":"","_monsterinsights_sitenote_category":0,"_uf_show_specific_survey":0,"_uf_disable_surveys":false,"_vp_format_video_url":"","_vp_image_focal_point":[],"_vp_custom_popup_image":0,"_vp_format_audio_url":"","_vp_custom_thumbnail":0,"_vp_custom_thumbnail_focal_point":[],"_vp_hover_thumbnail":0,"_vp_hover_thumbnail_focal_point":[],"footnotes":""},"class_list":["post-8459","page","type-page","status-publish","hentry"],"aioseo_notices":[],"_links":{"self":[{"href":"https:\/\/www.arovite.com\/en\/wp-json\/wp\/v2\/pages\/8459","targetHints":{"allow":["GET"]}}],"collection":[{"href":"https:\/\/www.arovite.com\/en\/wp-json\/wp\/v2\/pages"}],"about":[{"href":"https:\/\/www.arovite.com\/en\/wp-json\/wp\/v2\/types\/page"}],"author":[{"embeddable":true,"href":"https:\/\/www.arovite.com\/en\/wp-json\/wp\/v2\/users\/1"}],"replies":[{"embeddable":true,"href":"https:\/\/www.arovite.com\/en\/wp-json\/wp\/v2\/comments?post=8459"}],"version-history":[{"count":8,"href":"https:\/\/www.arovite.com\/en\/wp-json\/wp\/v2\/pages\/8459\/revisions"}],"predecessor-version":[{"id":24749,"href":"https:\/\/www.arovite.com\/en\/wp-json\/wp\/v2\/pages\/8459\/revisions\/24749"}],"wp:attachment":[{"href":"https:\/\/www.arovite.com\/en\/wp-json\/wp\/v2\/media?parent=8459"}],"curies":[{"name":"wp","href":"https:\/\/api.w.org\/{rel}","templated":true}]}}

LÓPEZ ROMO, Raúl y VAN DER LEEUW, Barbara (2015)

<div class="wpb-content-wrapper"><p>[vc_row][vc_column width=&#8221;1/1&#8243;][vc_column_text][vc_empty_space height=&#8221;20&#8243;]<br />
<strong>Referencia bibliográfica</strong><br />
LÓPEZ ROMO, Raúl y VAN DER LEEUW, Barbara (2015): «¿Un acuerdo imposible? La gestión pública del pasado traumático: de Berlín a Euskadi», <em>Huarte de San Juan. Geografía e Historia</em>, nº 22, pp. 241-266.</p>
<p><a class="button blue  medium " href="http://revista-hsj-historia.unavarra.es/article/view/3031/3581" target="_blank">Consultar PDF</a>[vc_empty_space height=&#8221;10&#8243;]<br />
<strong>Resumen</strong><br />
En este artículo analizamos dos memoriales de víctimas del Holocausto: Kazerne Dossin, en Mechelen (Bélgica) y el Memorial de los judíos de Europa asesinados, en Berlín. El objetivo es extraer enseñanzas aplicables al País Vasco, de cara a la puesta en marcha de centros dedicados al recuerdo de las víctimas del terrorismo. A partir de los dos ejemplos mencionados, argumentamos que es posible y necesario alcanzar acuerdos básicos en materia de políticas públicas de memoria. Sostenemos, asimismo, que el papel de los historiadores es fundamental para afrontar con rigor un tema sensible y susceptible de utilización partidista.<br />
[vc_empty_space height=&#8221;10&#8243;]<br />
<strong>Abstract</strong><br />
This article analyzes two memorials to Holocaust victims: Kazerne Dossin in Mechelen (Belgium) and the Memorial to the murdered Jews of Europe, in Berlin. The main goal is to extract the lessons which are applicable to the Basque Country, with regard to the foundation of institutions dedicated to the memory of the victims of terrorism. Based on the two examples we have just mentioned, we argue that it is possible and necessary to reach basic agreements on the public politics of memory. We hold as well that the role of the historians is very important in dealing with a subject which is susceptible to political instrumentalization.<br />
[vc_empty_space height=&#8221;10&#8243;]<br />
<strong>Autor</strong><br />
Raúl López Romo. <a title="Dialnet" href="https://dialnet.unirioja.es/servlet/autor?codigo=2165020" target="_blank" rel="noopener">Página del autor en Dialnet.</a><br />
Barbara van der Leeuw. <a title="Dialnet" href="https://dialnet.unirioja.es/servlet/autor?codigo=2901492" target="_blank" rel="noopener">Página del autor en Dialnet.</a><br />
[vc_empty_space height=&#8221;10&#8243;]<br />
<strong>Tipo de documento</strong><br />
Artículo<br />
[vc_empty_space height=&#8221;10&#8243;]<br />
<a title="Dialnet" href="https://www.academia.edu/22608216/_con_Barbara_van_der_Leeuw_Un_acuerdo_imposible_La_gesti%C3%B3n_p%C3%BAblica_del_pasado_traum%C3%A1tico_de_Berl%C3%ADn_a_Euskadi_Huarte_de_San_Juan_no._22_2015_pp._241-266" target="_blank" rel="noopener"><strong>Enlace alternativo</strong></a><br />
[vc_empty_space height=&#8221;10&#8243;]<br />
[/vc_column_text][/vc_column][/vc_row]</p>
</div>

<p>[vc_row][vc_column width=&#8221;1/1&#8243;][vc_column_text][vc_empty_space height=&#8221;20&#8243;] Referencia bibliográfica LÓPEZ ROMO, Raúl y VAN DER LEEUW, Barbara (2015): «¿Un acuerdo imposible? La gestión pública del pasado traumático: de Berlín a Euskadi», Huarte de San&hellip;</p>
