{"id":6747,"date":"2016-09-11T07:36:15","date_gmt":"2016-09-11T07:36:15","guid":{"rendered":"http:\/\/www.arovite.com\/fundacion-fernando-buesa-blanco-2009-2\/"},"modified":"2025-10-05T08:56:03","modified_gmt":"2025-10-05T08:56:03","slug":"fundacion-fernando-buesa-blanco-2009","status":"publish","type":"page","link":"https:\/\/www.arovite.com\/en\/fundacion-fernando-buesa-blanco-2009\/","title":{"rendered":"FUNDACI\u00d3N FERNANDO BUESA BLANCO (2009)"},"content":{"rendered":"<div class=\"wpb-content-wrapper\"><p>[vc_row][vc_column width=&#8221;1\/1&#8243;][vc_column_text][vc_empty_space height=&#8221;20&#8243;]<br \/>\n<strong>Referencia bibliogr\u00e1fica<\/strong><br \/>\nFUNDACI\u00d3N FERNANDO BUESA BLANCO (2009): <em>La noche de las v\u00edctimas. Investigaci\u00f3n sobre el Impacto en la Salud de la Violencia Colectiva (ISAVIC) en el Pa\u00eds Vasco<\/em>. Fundaci\u00f3n Fernando Buesa Blanco. <\/p>\n<p><a class=\"button blue medium \"href=\"https:\/\/www.arovite.com\/documentos\/2009_FFBB.pdf\" target=\"_blank\">Consultar PDF<\/a> [vc_empty_space height=&#8221;10&#8243;]<br \/>\n<strong>Resumen<\/strong><br \/>\nEste estudio realizado por un equipo multidisciplinar supone la primera investigaci\u00f3n que mide, con par\u00e1metros cient\u00edficos, el alcance de la violencia en la salud de las personas as\u00ed como las consecuencias que esta violencia provoca en el bienestar f\u00edsico y mental, incluso social, de quienes sobreviven a un acto violento en una sociedad donde el miedo puede llegar a formar parte de la rutina diaria. El dolor por la p\u00e9rdida o la vivencia en primera persona de una acci\u00f3n violenta se manifiesta de muy diversas formas. Tiene repercusiones f\u00edsicas, psicol\u00f3gicas, emocionales y tambi\u00e9n econ\u00f3micas, laborales, profesionales y de relaciones sociales.<br \/>\n[vc_empty_space height=&#8221;10&#8243;]<br \/>\n<strong>Tipo de documento<\/strong><br \/>\nInforme<br \/>\n[vc_empty_space height=&#8221;10&#8243;]<br \/>\n[\/vc_column_text][\/vc_column][\/vc_row]<\/p>\n<\/div>","protected":false},"excerpt":{"rendered":"<p>[vc_row][vc_column width=&#8221;1\/1&#8243;][vc_column_text][vc_empty_space height=&#8221;20&#8243;] Referencia bibliogr\u00e1fica FUNDACI\u00d3N FERNANDO BUESA BLANCO (2009): La noche de las v\u00edctimas. Investigaci\u00f3n sobre el Impacto en la Salud de la Violencia Colectiva (ISAVIC) en el Pa\u00eds&hellip;<\/p>\n","protected":false},"author":1,"featured_media":0,"parent":0,"menu_order":0,"comment_status":"open","ping_status":"open","template":"","meta":{"om_disable_all_campaigns":false,"_monsterinsights_skip_tracking":false,"_monsterinsights_sitenote_active":false,"_monsterinsights_sitenote_note":"","_monsterinsights_sitenote_category":0,"_uf_show_specific_survey":0,"_uf_disable_surveys":false,"_vp_format_video_url":"","_vp_image_focal_point":[],"_vp_custom_popup_image":0,"_vp_format_audio_url":"","_vp_custom_thumbnail":0,"_vp_custom_thumbnail_focal_point":[],"_vp_hover_thumbnail":0,"_vp_hover_thumbnail_focal_point":[],"footnotes":""},"class_list":["post-6747","page","type-page","status-publish","hentry"],"aioseo_notices":[],"_links":{"self":[{"href":"https:\/\/www.arovite.com\/en\/wp-json\/wp\/v2\/pages\/6747","targetHints":{"allow":["GET"]}}],"collection":[{"href":"https:\/\/www.arovite.com\/en\/wp-json\/wp\/v2\/pages"}],"about":[{"href":"https:\/\/www.arovite.com\/en\/wp-json\/wp\/v2\/types\/page"}],"author":[{"embeddable":true,"href":"https:\/\/www.arovite.com\/en\/wp-json\/wp\/v2\/users\/1"}],"replies":[{"embeddable":true,"href":"https:\/\/www.arovite.com\/en\/wp-json\/wp\/v2\/comments?post=6747"}],"version-history":[{"count":3,"href":"https:\/\/www.arovite.com\/en\/wp-json\/wp\/v2\/pages\/6747\/revisions"}],"predecessor-version":[{"id":24722,"href":"https:\/\/www.arovite.com\/en\/wp-json\/wp\/v2\/pages\/6747\/revisions\/24722"}],"wp:attachment":[{"href":"https:\/\/www.arovite.com\/en\/wp-json\/wp\/v2\/media?parent=6747"}],"curies":[{"name":"wp","href":"https:\/\/api.w.org\/{rel}","templated":true}]}}

FUNDACIÓN FERNANDO BUESA BLANCO (2009)

<div class="wpb-content-wrapper"><p>[vc_row][vc_column width=&#8221;1/1&#8243;][vc_column_text][vc_empty_space height=&#8221;20&#8243;]<br />
<strong>Referencia bibliográfica</strong><br />
FUNDACIÓN FERNANDO BUESA BLANCO (2009): <em>La noche de las víctimas. Investigación sobre el Impacto en la Salud de la Violencia Colectiva (ISAVIC) en el País Vasco</em>. Fundación Fernando Buesa Blanco. </p>
<p><a class="button blue medium "href="https://www.arovite.com/documentos/2009_FFBB.pdf" target="_blank">Consultar PDF</a> [vc_empty_space height=&#8221;10&#8243;]<br />
<strong>Resumen</strong><br />
Este estudio realizado por un equipo multidisciplinar supone la primera investigación que mide, con parámetros científicos, el alcance de la violencia en la salud de las personas así como las consecuencias que esta violencia provoca en el bienestar físico y mental, incluso social, de quienes sobreviven a un acto violento en una sociedad donde el miedo puede llegar a formar parte de la rutina diaria. El dolor por la pérdida o la vivencia en primera persona de una acción violenta se manifiesta de muy diversas formas. Tiene repercusiones físicas, psicológicas, emocionales y también económicas, laborales, profesionales y de relaciones sociales.<br />
[vc_empty_space height=&#8221;10&#8243;]<br />
<strong>Tipo de documento</strong><br />
Informe<br />
[vc_empty_space height=&#8221;10&#8243;]<br />
[/vc_column_text][/vc_column][/vc_row]</p>
</div>

<p>[vc_row][vc_column width=&#8221;1/1&#8243;][vc_column_text][vc_empty_space height=&#8221;20&#8243;] Referencia bibliográfica FUNDACIÓN FERNANDO BUESA BLANCO (2009): La noche de las víctimas. Investigación sobre el Impacto en la Salud de la Violencia Colectiva (ISAVIC) en el País&hellip;</p>
