{"id":6270,"date":"2016-01-20T18:11:32","date_gmt":"2016-01-20T18:11:32","guid":{"rendered":"http:\/\/www.arovite.com\/?page_id=6270"},"modified":"2016-01-20T18:11:32","modified_gmt":"2016-01-20T18:11:32","slug":"vvaa-2014-2","status":"publish","type":"page","link":"https:\/\/www.arovite.com\/en\/vvaa-2014-2\/","title":{"rendered":"VVAA (2014)"},"content":{"rendered":"<div class=\"wpb-content-wrapper\"><p>[vc_row][vc_column width=&#8221;1\/1&#8243;][vc_column_text][vc_empty_space height=&#8221;20&#8243;]<br \/>\n<strong>Referencia bibliogr\u00e1fica<\/strong><br \/>\nVVAA (2014): <em>Pol\u00edticas de memoria: qu\u00e9, c\u00f3mo y para qu\u00e9 recordar<\/em>. Vitoria-Gasteiz: Fundaci\u00f3n Fernando Buesa.<\/p>\n<p><a class=\"button blue  medium \" href=\"http:\/\/www.arovite.com\/documentos\/2014_Fundacion_Fernando_Buesa.pdf\" target=\"_blank\">Consultar PDF<\/a>[vc_empty_space height=&#8221;10&#8243;]<br \/>\n<strong>Resumen<\/strong><br \/>\nEn esta nueva etapa de cese del terrorismo, queremos dedicar todos los esfuerzos posibles en construir el relato de lo que ha sucedido y la elaborar una memoria colectiva plural, compartida, consensuada desde la complejidad y no manipulada. La memoria es el reconocimiento social y pol\u00edtico de las injusticias y sufrimientos padecidos por las v\u00edctimas del terrorismo. La constataci\u00f3n de los asesinatos, de los secuestros, de las amenazas, de las extorsiones, de las heridas de tantas personas inocentes. Las ponencias e intervenciones del XI Seminario Fernando Buesa que se recogen en esta publicaci\u00f3n se centran en las aportaciones de expertos y personas relacionadas con las \u201cpol\u00edticas de memoria\u201d con objeto de abordar qu\u00e9 tipo de memoria deseamos tener y qu\u00e9 instrumentos hay que promover para construir y desarrollar un planteamiento \u00e9tico sobre la responsabilidad pol\u00edtica y social.<br \/>\n[vc_empty_space height=&#8221;10&#8243;]<br \/>\n<strong>Autor<\/strong><br \/>\nEduardo Gonz\u00e1lez-Calleja. <a title=\"Dialnet\" href=\"http:\/\/dialnet.unirioja.es\/servlet\/autor?codigo=26813\" target=\"_blank\">P\u00e1gina del autor en Dialnet.<\/a><br \/>\nMart\u00edn Alonso Zarza. <a title=\"Dialnet\" href=\"http:\/\/dialnet.unirioja.es\/servlet\/autor?codigo=2327050\" target=\"_blank\">P\u00e1gina del autor en Dialnet.<\/a><br \/>\nJes\u00fas Loza Aguirre. <a title=\"Dialnet\" href=\"http:\/\/dialnet.unirioja.es\/servlet\/autor?codigo=579734\" target=\"_blank\">P\u00e1gina del autor en Dialnet.<\/a><br \/>\nJos\u00e9 Antonio P\u00e9rez P\u00e9rez. <a title=\"Dialnet\" href=\"http:\/\/dialnet.unirioja.es\/servlet\/autor?codigo=104127\" target=\"_blank\">P\u00e1gina del autor en Dialnet.<\/a><br \/>\nAdriana Faranda.<br \/>\nManlio Milani.<br \/>\nI\u00f1aki Garc\u00eda Arrizabalaga.<br \/>\nI\u00f1aki Rekarte Ibarra.<br \/>\n[vc_empty_space height=&#8221;10&#8243;]<br \/>\n<strong>Tipo de documento<\/strong><br \/>\nLibro<br \/>\n[vc_empty_space height=&#8221;10&#8243;]<br \/>\n<a title=\"Enlace alternativo\" href=\"http:\/\/www.bideo.info\/buesa\/imagenes\/Politicas%20de%20memoria%20-%20XI%20Seminario%20Fernando%20Buesa.pdf\" target=\"_blank\"><strong>Enlace alternativo.<\/strong><\/a><br \/>\n[vc_empty_space height=&#8221;10&#8243;][\/vc_column_text][\/vc_column][\/vc_row]<\/p>\n<\/div>","protected":false},"excerpt":{"rendered":"<p>[vc_row][vc_column width=&#8221;1\/1&#8243;][vc_column_text][vc_empty_space height=&#8221;20&#8243;] Referencia bibliogr\u00e1fica VVAA (2014): Pol\u00edticas de memoria: qu\u00e9, c\u00f3mo y para qu\u00e9 recordar. Vitoria-Gasteiz: Fundaci\u00f3n Fernando Buesa. Consultar PDF[vc_empty_space height=&#8221;10&#8243;] Resumen En esta nueva etapa de cese&hellip;<\/p>\n","protected":false},"author":2,"featured_media":0,"parent":0,"menu_order":0,"comment_status":"open","ping_status":"open","template":"","meta":{"om_disable_all_campaigns":false,"_monsterinsights_skip_tracking":false,"_monsterinsights_sitenote_active":false,"_monsterinsights_sitenote_note":"","_monsterinsights_sitenote_category":0,"_uf_show_specific_survey":0,"_uf_disable_surveys":false,"_vp_format_video_url":"","_vp_image_focal_point":[],"_vp_custom_popup_image":0,"_vp_format_audio_url":"","_vp_custom_thumbnail":0,"_vp_custom_thumbnail_focal_point":[],"_vp_hover_thumbnail":0,"_vp_hover_thumbnail_focal_point":[],"footnotes":""},"class_list":["post-6270","page","type-page","status-publish","hentry"],"aioseo_notices":[],"_links":{"self":[{"href":"https:\/\/www.arovite.com\/en\/wp-json\/wp\/v2\/pages\/6270","targetHints":{"allow":["GET"]}}],"collection":[{"href":"https:\/\/www.arovite.com\/en\/wp-json\/wp\/v2\/pages"}],"about":[{"href":"https:\/\/www.arovite.com\/en\/wp-json\/wp\/v2\/types\/page"}],"author":[{"embeddable":true,"href":"https:\/\/www.arovite.com\/en\/wp-json\/wp\/v2\/users\/2"}],"replies":[{"embeddable":true,"href":"https:\/\/www.arovite.com\/en\/wp-json\/wp\/v2\/comments?post=6270"}],"version-history":[{"count":1,"href":"https:\/\/www.arovite.com\/en\/wp-json\/wp\/v2\/pages\/6270\/revisions"}],"predecessor-version":[{"id":6291,"href":"https:\/\/www.arovite.com\/en\/wp-json\/wp\/v2\/pages\/6270\/revisions\/6291"}],"wp:attachment":[{"href":"https:\/\/www.arovite.com\/en\/wp-json\/wp\/v2\/media?parent=6270"}],"curies":[{"name":"wp","href":"https:\/\/api.w.org\/{rel}","templated":true}]}}

<div class="wpb-content-wrapper"><p>[vc_row][vc_column width=&#8221;1/1&#8243;][vc_column_text][vc_empty_space height=&#8221;20&#8243;]<br />
<strong>Referencia bibliográfica</strong><br />
VVAA (2014): <em>Políticas de memoria: qué, cómo y para qué recordar</em>. Vitoria-Gasteiz: Fundación Fernando Buesa.</p>
<p><a class="button blue  medium " href="http://www.arovite.com/documentos/2014_Fundacion_Fernando_Buesa.pdf" target="_blank">Consultar PDF</a>[vc_empty_space height=&#8221;10&#8243;]<br />
<strong>Resumen</strong><br />
En esta nueva etapa de cese del terrorismo, queremos dedicar todos los esfuerzos posibles en construir el relato de lo que ha sucedido y la elaborar una memoria colectiva plural, compartida, consensuada desde la complejidad y no manipulada. La memoria es el reconocimiento social y político de las injusticias y sufrimientos padecidos por las víctimas del terrorismo. La constatación de los asesinatos, de los secuestros, de las amenazas, de las extorsiones, de las heridas de tantas personas inocentes. Las ponencias e intervenciones del XI Seminario Fernando Buesa que se recogen en esta publicación se centran en las aportaciones de expertos y personas relacionadas con las “políticas de memoria” con objeto de abordar qué tipo de memoria deseamos tener y qué instrumentos hay que promover para construir y desarrollar un planteamiento ético sobre la responsabilidad política y social.<br />
[vc_empty_space height=&#8221;10&#8243;]<br />
<strong>Autor</strong><br />
Eduardo González-Calleja. <a title="Dialnet" href="http://dialnet.unirioja.es/servlet/autor?codigo=26813" target="_blank">Página del autor en Dialnet.</a><br />
Martín Alonso Zarza. <a title="Dialnet" href="http://dialnet.unirioja.es/servlet/autor?codigo=2327050" target="_blank">Página del autor en Dialnet.</a><br />
Jesús Loza Aguirre. <a title="Dialnet" href="http://dialnet.unirioja.es/servlet/autor?codigo=579734" target="_blank">Página del autor en Dialnet.</a><br />
José Antonio Pérez Pérez. <a title="Dialnet" href="http://dialnet.unirioja.es/servlet/autor?codigo=104127" target="_blank">Página del autor en Dialnet.</a><br />
Adriana Faranda.<br />
Manlio Milani.<br />
Iñaki García Arrizabalaga.<br />
Iñaki Rekarte Ibarra.<br />
[vc_empty_space height=&#8221;10&#8243;]<br />
<strong>Tipo de documento</strong><br />
Libro<br />
[vc_empty_space height=&#8221;10&#8243;]<br />
<a title="Enlace alternativo" href="http://www.bideo.info/buesa/imagenes/Politicas%20de%20memoria%20-%20XI%20Seminario%20Fernando%20Buesa.pdf" target="_blank"><strong>Enlace alternativo.</strong></a><br />
[vc_empty_space height=&#8221;10&#8243;][/vc_column_text][/vc_column][/vc_row]</p>
</div>

<p>[vc_row][vc_column width=&#8221;1/1&#8243;][vc_column_text][vc_empty_space height=&#8221;20&#8243;] Referencia bibliográfica VVAA (2014): Políticas de memoria: qué, cómo y para qué recordar. Vitoria-Gasteiz: Fundación Fernando Buesa. Consultar PDF[vc_empty_space height=&#8221;10&#8243;] Resumen En esta nueva etapa de cese&hellip;</p>
