{"id":6121,"date":"2016-01-20T17:42:29","date_gmt":"2016-01-20T17:42:29","guid":{"rendered":"http:\/\/www.arovite.com\/?page_id=6121"},"modified":"2016-01-20T17:42:29","modified_gmt":"2016-01-20T17:42:29","slug":"fernandez-soldevilla-gaizka-y-lopez-romo-raul-2010-3","status":"publish","type":"page","link":"https:\/\/www.arovite.com\/en\/fernandez-soldevilla-gaizka-y-lopez-romo-raul-2010-3\/","title":{"rendered":"FERN\u00c1NDEZ SOLDEVILLA, Gaizka y L\u00d3PEZ ROMO, Ra\u00fal (2010)"},"content":{"rendered":"<div class=\"wpb-content-wrapper\"><p>[vc_row][vc_column width=&#8221;1\/1&#8243;][vc_column_text][vc_empty_space height=&#8221;20&#8243;]<br \/>\n<strong>Referencia bibliogr\u00e1fica<\/strong><br \/>\nFERN\u00c1NDEZ SOLDEVILLA, Gaizka y L\u00d3PEZ ROMO, Ra\u00fal (2010): \u00ab\u00bfEnemigos internos o nuevos aliados? Los inmigrantes y el nacionalismo vasco radical (1959-1979)\u00bb, <em>Alcores<\/em>, n\u00ba 10, pp. 193-217. <\/p>\n<p><a class=\"button blue  medium \" href=\"http:\/\/www.arovite.com\/documentos\/2010_Fernandez_Lopez_Romo.pdf\" target=\"_blank\">Consultar PDF<\/a>[vc_empty_space height=&#8221;10&#8243;]<br \/>\n<strong>Resumen<\/strong><br \/>\nDiversos autores han se\u00f1alado la relevancia que adquiri\u00f3 en los planteamientos del fundador del PNV (Partido Nacionalista Vasco), Sabino Arana (1865-1903), una percepci\u00f3n xen\u00f3foba de los inmigrantes que se desplazaron desde el resto de Espa\u00f1a al Pa\u00eds Vasco al comp\u00e1s de la primera industrializaci\u00f3n (finales del siglo XIX y comienzos del XX). Arana, en palabras del historiador Jos\u00e9 Luis de la Granja, \u201chizo del <em>antimaketismo<\/em> el n\u00facleo central de su doctrina y lo identific\u00f3 con el antiespa\u00f1olismo, al tratar despectivamente de <em>maketos<\/em> a todos los espa\u00f1oles no vascos\u201d. Este trabajo aborda, sin embargo, una cuesti\u00f3n hasta la fecha poco tratada en la historiograf\u00eda vasca de la \u00e9poca contempor\u00e1nea y conscientemente ocultada o manipulada por la literatura hist\u00f3rica <em>abertzale<\/em> (patriota). Se trata de responder a la siguiente pregunta: \u00bfen qu\u00e9 medida los discursos en torno a la segunda oleada de inmigraci\u00f3n reforzaron una identidad nacionalista vasca radical entre las d\u00e9cadas de 1950 y 1970?<br \/>\n[vc_empty_space height=&#8221;10&#8243;]<br \/>\n<strong>Autor<\/strong><br \/>\nGaizka Fern\u00e1ndez Soldevilla. <a title=\"Dialnet\" href=\"http:\/\/dialnet.unirioja.es\/servlet\/autor?codigo=2407724\" target=\"_blank\">P\u00e1gina del autor en Dialnet.<\/a><br \/>\nRa\u00fal L\u00f3pez Romo. <a title=\"Dialnet\" href=\"http:\/\/dialnet.unirioja.es\/servlet\/autor?codigo=2165020\" target=\"_blank\">P\u00e1gina del autor en Dialnet.<\/a><br \/>\n[vc_empty_space height=&#8221;10&#8243;]<br \/>\n<strong>Tipo de documento<\/strong><br \/>\nArt\u00edculo<br \/>\n[vc_empty_space height=&#8221;10&#8243;]<br \/>\n<a title=\"Enlace alternativo\" href=\"https:\/\/www.academia.edu\/6198277\/_con_Gaizka_Fern%C3%A1ndez_Enemigos_internos_o_nuevos_aliados_Los_inmigrantes_y_el_nacionalismo_vasco_radical_1959-1979_Alcores_no._10_2010_pp._193-217 \" target=\"_blank\"><strong>Enlace alternativo.<\/strong><\/a><br \/>\n[vc_empty_space height=&#8221;10&#8243;]<br \/>\n[\/vc_column_text][\/vc_column][\/vc_row]<\/p>\n<\/div>","protected":false},"excerpt":{"rendered":"<p>[vc_row][vc_column width=&#8221;1\/1&#8243;][vc_column_text][vc_empty_space height=&#8221;20&#8243;] Referencia bibliogr\u00e1fica FERN\u00c1NDEZ SOLDEVILLA, Gaizka y L\u00d3PEZ ROMO, Ra\u00fal (2010): \u00ab\u00bfEnemigos internos o nuevos aliados? Los inmigrantes y el nacionalismo vasco radical (1959-1979)\u00bb, Alcores, n\u00ba 10, pp.&hellip;<\/p>\n","protected":false},"author":2,"featured_media":0,"parent":0,"menu_order":0,"comment_status":"open","ping_status":"open","template":"","meta":{"om_disable_all_campaigns":false,"_monsterinsights_skip_tracking":false,"_monsterinsights_sitenote_active":false,"_monsterinsights_sitenote_note":"","_monsterinsights_sitenote_category":0,"_uf_show_specific_survey":0,"_uf_disable_surveys":false,"_vp_format_video_url":"","_vp_image_focal_point":[],"_vp_custom_popup_image":0,"_vp_format_audio_url":"","_vp_custom_thumbnail":0,"_vp_custom_thumbnail_focal_point":[],"_vp_hover_thumbnail":0,"_vp_hover_thumbnail_focal_point":[],"footnotes":""},"class_list":["post-6121","page","type-page","status-publish","hentry"],"aioseo_notices":[],"_links":{"self":[{"href":"https:\/\/www.arovite.com\/en\/wp-json\/wp\/v2\/pages\/6121","targetHints":{"allow":["GET"]}}],"collection":[{"href":"https:\/\/www.arovite.com\/en\/wp-json\/wp\/v2\/pages"}],"about":[{"href":"https:\/\/www.arovite.com\/en\/wp-json\/wp\/v2\/types\/page"}],"author":[{"embeddable":true,"href":"https:\/\/www.arovite.com\/en\/wp-json\/wp\/v2\/users\/2"}],"replies":[{"embeddable":true,"href":"https:\/\/www.arovite.com\/en\/wp-json\/wp\/v2\/comments?post=6121"}],"version-history":[{"count":2,"href":"https:\/\/www.arovite.com\/en\/wp-json\/wp\/v2\/pages\/6121\/revisions"}],"predecessor-version":[{"id":6156,"href":"https:\/\/www.arovite.com\/en\/wp-json\/wp\/v2\/pages\/6121\/revisions\/6156"}],"wp:attachment":[{"href":"https:\/\/www.arovite.com\/en\/wp-json\/wp\/v2\/media?parent=6121"}],"curies":[{"name":"wp","href":"https:\/\/api.w.org\/{rel}","templated":true}]}}

FERNÁNDEZ SOLDEVILLA, Gaizka y LÓPEZ ROMO, Raúl (2010)

<div class="wpb-content-wrapper"><p>[vc_row][vc_column width=&#8221;1/1&#8243;][vc_column_text][vc_empty_space height=&#8221;20&#8243;]<br />
<strong>Referencia bibliográfica</strong><br />
FERNÁNDEZ SOLDEVILLA, Gaizka y LÓPEZ ROMO, Raúl (2010): «¿Enemigos internos o nuevos aliados? Los inmigrantes y el nacionalismo vasco radical (1959-1979)», <em>Alcores</em>, nº 10, pp. 193-217. </p>
<p><a class="button blue  medium " href="http://www.arovite.com/documentos/2010_Fernandez_Lopez_Romo.pdf" target="_blank">Consultar PDF</a>[vc_empty_space height=&#8221;10&#8243;]<br />
<strong>Resumen</strong><br />
Diversos autores han señalado la relevancia que adquirió en los planteamientos del fundador del PNV (Partido Nacionalista Vasco), Sabino Arana (1865-1903), una percepción xenófoba de los inmigrantes que se desplazaron desde el resto de España al País Vasco al compás de la primera industrialización (finales del siglo XIX y comienzos del XX). Arana, en palabras del historiador José Luis de la Granja, “hizo del <em>antimaketismo</em> el núcleo central de su doctrina y lo identificó con el antiespañolismo, al tratar despectivamente de <em>maketos</em> a todos los españoles no vascos”. Este trabajo aborda, sin embargo, una cuestión hasta la fecha poco tratada en la historiografía vasca de la época contemporánea y conscientemente ocultada o manipulada por la literatura histórica <em>abertzale</em> (patriota). Se trata de responder a la siguiente pregunta: ¿en qué medida los discursos en torno a la segunda oleada de inmigración reforzaron una identidad nacionalista vasca radical entre las décadas de 1950 y 1970?<br />
[vc_empty_space height=&#8221;10&#8243;]<br />
<strong>Autor</strong><br />
Gaizka Fernández Soldevilla. <a title="Dialnet" href="http://dialnet.unirioja.es/servlet/autor?codigo=2407724" target="_blank">Página del autor en Dialnet.</a><br />
Raúl López Romo. <a title="Dialnet" href="http://dialnet.unirioja.es/servlet/autor?codigo=2165020" target="_blank">Página del autor en Dialnet.</a><br />
[vc_empty_space height=&#8221;10&#8243;]<br />
<strong>Tipo de documento</strong><br />
Artículo<br />
[vc_empty_space height=&#8221;10&#8243;]<br />
<a title="Enlace alternativo" href="https://www.academia.edu/6198277/_con_Gaizka_Fern%C3%A1ndez_Enemigos_internos_o_nuevos_aliados_Los_inmigrantes_y_el_nacionalismo_vasco_radical_1959-1979_Alcores_no._10_2010_pp._193-217 " target="_blank"><strong>Enlace alternativo.</strong></a><br />
[vc_empty_space height=&#8221;10&#8243;]<br />
[/vc_column_text][/vc_column][/vc_row]</p>
</div>

<p>[vc_row][vc_column width=&#8221;1/1&#8243;][vc_column_text][vc_empty_space height=&#8221;20&#8243;] Referencia bibliográfica FERNÁNDEZ SOLDEVILLA, Gaizka y LÓPEZ ROMO, Raúl (2010): «¿Enemigos internos o nuevos aliados? Los inmigrantes y el nacionalismo vasco radical (1959-1979)», Alcores, nº 10, pp.&hellip;</p>
