{"id":5903,"date":"2016-01-20T16:10:57","date_gmt":"2016-01-20T16:10:57","guid":{"rendered":"http:\/\/www.arovite.com\/?page_id=5903"},"modified":"2016-01-20T16:10:57","modified_gmt":"2016-01-20T16:10:57","slug":"cuesta-jose-luis-de-la-y-varona-gema-dirs-2015-2","status":"publish","type":"page","link":"https:\/\/www.arovite.com\/en\/cuesta-jose-luis-de-la-y-varona-gema-dirs-2015-2\/","title":{"rendered":"CUESTA, Jos\u00e9 Luis de la y VARONA, Gema (dirs.) (2015)"},"content":{"rendered":"<div class=\"wpb-content-wrapper\"><p>[vc_row][vc_column width=&#8221;1\/1&#8243;][vc_column_text][vc_empty_space height=&#8221;20&#8243;]<br \/>\n<strong>Referencia bibliogr\u00e1fica<\/strong><br \/>\nCUESTA, Jos\u00e9 Luis de la y VARONA, Gema (dirs.) (2015): <em>El derecho a la memoria de las v\u00edctimas del terrorismo<\/em>. IVAC y Secretar\u00eda General para la Paz y Convivencia, Gobierno Vasco.<\/p>\n<p><a class=\"button blue  medium \" href=\"http:\/\/www.arovite.com\/documentos\/2015_Cuesta_et_al.pdf\" target=\"_blank\">Consultar PDF<\/a>[vc_empty_space height=&#8221;10&#8243;]<br \/>\n<strong>Resumen<\/strong><br \/>\nEl t\u00edtulo de este trabajo refleja la voluntad de seguir reflexionando sobre el significado de los derechos y deberes en torno a la memoria de la victimizaci\u00f3n terrorista en el Pa\u00eds Vasco (Etxeberria 2014). Algunos autores subrayan la necesidad de referirnos al \u201cdeber\u201d de la memoria mientras que comprobamos la progresiva positivizaci\u00f3n del \u201cderecho\u201d a la memoria de las v\u00edctimas del terrorismo y de la sociedad, junto con otros derechos como el de su participaci\u00f3n. La primera constataci\u00f3n al acercarnos a este tema es su grado de complejidad y actualidad, tanto en nuestro contexto como en otros lugares del mundo. Partimos de que la memoria tiene que ver con el dolor, silenciado, expresado y\/o escuchado, reconociendo que su envergadura no siempre puede plasmarse en palabras aunque sean profundamente reflexivas en las distintas disciplinas que la han abordado.<br \/>\n[vc_empty_space height=&#8221;10&#8243;]<br \/>\n<strong>Autor<\/strong><br \/>\nJos\u00e9 Luis de la Cuesta. <a title=\"Dialnet\" href=\"http:\/\/dialnet.unirioja.es\/servlet\/autor?codigo=517253\" target=\"_blank\">P\u00e1gina del autor en Dialnet.<\/a><br \/>\nGema Varona. <a title=\"Dialnet\" href=\"http:\/\/dialnet.unirioja.es\/servlet\/autor?codigo=732899\" target=\"_blank\">P\u00e1gina del autor en Dialnet.<\/a><br \/>\nVirginia Mayordomo.<br \/>\nAlberto Olalde. <a title=\"Dialnet\" href=\"http:\/\/dialnet.unirioja.es\/servlet\/autor?codigo=1911120\" target=\"_blank\">P\u00e1gina del autor en Dialnet.<\/a><br \/>\n[vc_empty_space height=&#8221;10&#8243;]<br \/>\n<strong>Tipo de documento<\/strong><br \/>\nInforme<br \/>\n[vc_empty_space height=&#8221;10&#8243;]<br \/>\n<a title=\"Enlace alternativo\" href=\"https:\/\/www.euskadi.eus\/contenidos\/informacion\/victimas_proyectos\/es_def\/adjuntos\/Derecho_memoria_victimas_terrorismo.pdf\" target=\"_blank\"><strong>Enlace alternativo.<\/strong><\/a><br \/>\n[vc_empty_space height=&#8221;10&#8243;][\/vc_column_text][\/vc_column][\/vc_row]<\/p>\n<\/div>","protected":false},"excerpt":{"rendered":"<p>[vc_row][vc_column width=&#8221;1\/1&#8243;][vc_column_text][vc_empty_space height=&#8221;20&#8243;] Referencia bibliogr\u00e1fica CUESTA, Jos\u00e9 Luis de la y VARONA, Gema (dirs.) (2015): El derecho a la memoria de las v\u00edctimas del terrorismo. IVAC y Secretar\u00eda General para&hellip;<\/p>\n","protected":false},"author":2,"featured_media":0,"parent":0,"menu_order":0,"comment_status":"open","ping_status":"open","template":"","meta":{"om_disable_all_campaigns":false,"_monsterinsights_skip_tracking":false,"_monsterinsights_sitenote_active":false,"_monsterinsights_sitenote_note":"","_monsterinsights_sitenote_category":0,"_uf_show_specific_survey":0,"_uf_disable_surveys":false,"_vp_format_video_url":"","_vp_image_focal_point":[],"_vp_custom_popup_image":0,"_vp_format_audio_url":"","_vp_custom_thumbnail":0,"_vp_custom_thumbnail_focal_point":[],"_vp_hover_thumbnail":0,"_vp_hover_thumbnail_focal_point":[],"footnotes":""},"class_list":["post-5903","page","type-page","status-publish","hentry"],"aioseo_notices":[],"_links":{"self":[{"href":"https:\/\/www.arovite.com\/en\/wp-json\/wp\/v2\/pages\/5903","targetHints":{"allow":["GET"]}}],"collection":[{"href":"https:\/\/www.arovite.com\/en\/wp-json\/wp\/v2\/pages"}],"about":[{"href":"https:\/\/www.arovite.com\/en\/wp-json\/wp\/v2\/types\/page"}],"author":[{"embeddable":true,"href":"https:\/\/www.arovite.com\/en\/wp-json\/wp\/v2\/users\/2"}],"replies":[{"embeddable":true,"href":"https:\/\/www.arovite.com\/en\/wp-json\/wp\/v2\/comments?post=5903"}],"version-history":[{"count":1,"href":"https:\/\/www.arovite.com\/en\/wp-json\/wp\/v2\/pages\/5903\/revisions"}],"predecessor-version":[{"id":5928,"href":"https:\/\/www.arovite.com\/en\/wp-json\/wp\/v2\/pages\/5903\/revisions\/5928"}],"wp:attachment":[{"href":"https:\/\/www.arovite.com\/en\/wp-json\/wp\/v2\/media?parent=5903"}],"curies":[{"name":"wp","href":"https:\/\/api.w.org\/{rel}","templated":true}]}}

CUESTA, José Luis de la y VARONA, Gema (dirs.) (2015)

<div class="wpb-content-wrapper"><p>[vc_row][vc_column width=&#8221;1/1&#8243;][vc_column_text][vc_empty_space height=&#8221;20&#8243;]<br />
<strong>Referencia bibliográfica</strong><br />
CUESTA, José Luis de la y VARONA, Gema (dirs.) (2015): <em>El derecho a la memoria de las víctimas del terrorismo</em>. IVAC y Secretaría General para la Paz y Convivencia, Gobierno Vasco.</p>
<p><a class="button blue  medium " href="http://www.arovite.com/documentos/2015_Cuesta_et_al.pdf" target="_blank">Consultar PDF</a>[vc_empty_space height=&#8221;10&#8243;]<br />
<strong>Resumen</strong><br />
El título de este trabajo refleja la voluntad de seguir reflexionando sobre el significado de los derechos y deberes en torno a la memoria de la victimización terrorista en el País Vasco (Etxeberria 2014). Algunos autores subrayan la necesidad de referirnos al “deber” de la memoria mientras que comprobamos la progresiva positivización del “derecho” a la memoria de las víctimas del terrorismo y de la sociedad, junto con otros derechos como el de su participación. La primera constatación al acercarnos a este tema es su grado de complejidad y actualidad, tanto en nuestro contexto como en otros lugares del mundo. Partimos de que la memoria tiene que ver con el dolor, silenciado, expresado y/o escuchado, reconociendo que su envergadura no siempre puede plasmarse en palabras aunque sean profundamente reflexivas en las distintas disciplinas que la han abordado.<br />
[vc_empty_space height=&#8221;10&#8243;]<br />
<strong>Autor</strong><br />
José Luis de la Cuesta. <a title="Dialnet" href="http://dialnet.unirioja.es/servlet/autor?codigo=517253" target="_blank">Página del autor en Dialnet.</a><br />
Gema Varona. <a title="Dialnet" href="http://dialnet.unirioja.es/servlet/autor?codigo=732899" target="_blank">Página del autor en Dialnet.</a><br />
Virginia Mayordomo.<br />
Alberto Olalde. <a title="Dialnet" href="http://dialnet.unirioja.es/servlet/autor?codigo=1911120" target="_blank">Página del autor en Dialnet.</a><br />
[vc_empty_space height=&#8221;10&#8243;]<br />
<strong>Tipo de documento</strong><br />
Informe<br />
[vc_empty_space height=&#8221;10&#8243;]<br />
<a title="Enlace alternativo" href="https://www.euskadi.eus/contenidos/informacion/victimas_proyectos/es_def/adjuntos/Derecho_memoria_victimas_terrorismo.pdf" target="_blank"><strong>Enlace alternativo.</strong></a><br />
[vc_empty_space height=&#8221;10&#8243;][/vc_column_text][/vc_column][/vc_row]</p>
</div>

<p>[vc_row][vc_column width=&#8221;1/1&#8243;][vc_column_text][vc_empty_space height=&#8221;20&#8243;] Referencia bibliográfica CUESTA, José Luis de la y VARONA, Gema (dirs.) (2015): El derecho a la memoria de las víctimas del terrorismo. IVAC y Secretaría General para&hellip;</p>
