{"id":5899,"date":"2016-01-20T16:04:16","date_gmt":"2016-01-20T16:04:16","guid":{"rendered":"http:\/\/www.arovite.com\/?page_id=5899"},"modified":"2016-01-20T16:04:16","modified_gmt":"2016-01-20T16:04:16","slug":"cuesta-jose-luis-de-la-2014-2","status":"publish","type":"page","link":"https:\/\/www.arovite.com\/en\/cuesta-jose-luis-de-la-2014-2\/","title":{"rendered":"CUESTA, Jos\u00e9 Luis de la (2014)"},"content":{"rendered":"<div class=\"wpb-content-wrapper\"><p>[vc_row][vc_column width=&#8221;1\/1&#8243;][vc_column_text][vc_empty_space height=&#8221;20&#8243;]<br \/>\n<strong>Referencia bibliogr\u00e1fica<\/strong><br \/>\nCUESTA, Jos\u00e9 Luis de la (2014): \u00abRetos victimol\u00f3gicos para la convivencia pac\u00edfica en la sociedad vasca actual\u00bb, <em>Eguzkilore<\/em>, n\u00ba 28, pp. 217-230.<\/p>\n<p><a class=\"button blue  medium \" href=\"http:\/\/www.ehu.eus\/documents\/1736829\/3498354\/13-j+l+de+la+cuesta+p.pdf\" target=\"_blank\">Consultar PDF<\/a>[vc_empty_space height=&#8221;10&#8243;]<br \/>\n<strong>Resumen<\/strong><br \/>\nLa consolidaci\u00f3n del fin de la actividad terrorista de ETA abre sin duda un nuevo escenario en la sociedad vasca. Los efectos de la victimizaci\u00f3n generada perdurar\u00e1n en el tiempo, exigiendo una cuidada atenci\u00f3n por parte de las instituciones p\u00fablicas, las cuales deber\u00edan volcarse en la actualidad en el esclarecimiento de la verdad y la lucha contra el olvido y contra la impunidad. Si la victimizaci\u00f3n generada por ETA ha sido la que, naturalmente y por sus propias caracter\u00edsticas, significaci\u00f3n pol\u00edtica y extensi\u00f3n, ha merecido la m\u00e1s destacada atenci\u00f3n, las exigencias de justicia demandan igualmente hacer frente a las graves vulneraciones de derechos humanos generadas desde los agentes p\u00fablicos o con su aquiescencia o tolerancia, cuyas v\u00edctimas tienen igualmente pleno derecho a la verdad, a la justicia y a la reparaci\u00f3n integral. Las distancias criminol\u00f3gicas y victimol\u00f3gicas entre ambos fen\u00f3menos justifican, con todo, el tratamiento de esta \u00faltima victimizaci\u00f3n a trav\u00e9s de un instrumento espec\u00edfico: la aprobaci\u00f3n por el Parlamento Vasco de una Ley de prevenci\u00f3n de la tortura y malos tratos y de e reparaci\u00f3n integral de las v\u00edctimas del abuso de poder.<br \/>\n[vc_empty_space height=&#8221;10&#8243;]<br \/>\n<strong>Laburpena<\/strong><br \/>\nETA ko ekintza terroristen amaieran konsolidatzeak, Euskal gizartean, zalantzarik gabe, eszenatoki berri bat irekitzen du. Erakunde publikoek, denboran zehar iraunduko duten sortutako biktimizaioaren ondorioei arreta berezia eskaini beharko diete, egia argitzeko eta ahanzturaren eta zigorgabetasunaren kontra borrokatzeko asmoz. Ezaugarrien, luzapenaren eta esanahi politikoaren ikuspegitik, ETA k sortutako biktimizazioek arreta berezia jaso duten heinean, funtzionario publikoek eragindako edo onartutako giza eskubideen aurkako arau-hausteei aurre egitea eskatu egiten da Justiziaren izenean, biktima mota guzti hauek egia argitzeko, Justiziarako eta konponketa osorako eskubide berdina dute eta. Bi fenomemo biktimologiko hauen artean dauden desberdintasun kriminologiko eta biktimologikoek, azkeneko biktimizazio mota honi aurre egiteko, tresna zehatza bat galdatzen dute: Euskal Legebiltzarrean, tortura eta tratu txarrak prebenitzeko eta, era berean, boterezko abusuzko biktima hauen kalte-ordainak konpotzeko Lege bat.<br \/>\n[vc_empty_space height=&#8221;10&#8243;]<br \/>\n<strong>Abstract<\/strong><br \/>\nThe consolidation of the end of ETA \u2019s terrorist activity has opened a new time for the Basque society. Nevertheless the effects of the victimization will remain requiring a particular care from the public institutions, whose efforts should be now focused on truth, and against oblivion and impunity. Obviously the victimization generated by ETA has deserved the most important attention, due to its own features, extension and political meaning. Justice requires however facing other serious breaches of human rights that have also taken place and whose victims have equally a full right to truth, justice and integral reparation. The distances between both phenomena are very important from a criminological and victimological point of view and justify applying a specific instrument for this purpose: the approval by the Basque Parliament of an Act of prevention of torture and ill treatment and of integral reparation of the victims of abuse of power.<br \/>\n[vc_empty_space height=&#8221;10&#8243;]<br \/>\n<strong>Autor<\/strong><br \/>\nJos\u00e9 Luis de la Cuesta. <a title=\"Dialnet\" href=\"http:\/\/dialnet.unirioja.es\/servlet\/autor?codigo=517253\" target=\"_blank\">P\u00e1gina del autor en Dialnet.<\/a><br \/>\n[vc_empty_space height=&#8221;10&#8243;]<br \/>\n<strong>Tipo de documento<\/strong><br \/>\nArt\u00edculo<br \/>\n[vc_empty_space height=&#8221;10&#8243;]<br \/>\n[\/vc_column_text][\/vc_column][\/vc_row]<\/p>\n<\/div>","protected":false},"excerpt":{"rendered":"<p>[vc_row][vc_column width=&#8221;1\/1&#8243;][vc_column_text][vc_empty_space height=&#8221;20&#8243;] Referencia bibliogr\u00e1fica CUESTA, Jos\u00e9 Luis de la (2014): \u00abRetos victimol\u00f3gicos para la convivencia pac\u00edfica en la sociedad vasca actual\u00bb, Eguzkilore, n\u00ba 28, pp. 217-230. Consultar PDF[vc_empty_space height=&#8221;10&#8243;]&hellip;<\/p>\n","protected":false},"author":2,"featured_media":0,"parent":0,"menu_order":0,"comment_status":"open","ping_status":"open","template":"","meta":{"om_disable_all_campaigns":false,"_monsterinsights_skip_tracking":false,"_monsterinsights_sitenote_active":false,"_monsterinsights_sitenote_note":"","_monsterinsights_sitenote_category":0,"_uf_show_specific_survey":0,"_uf_disable_surveys":false,"_vp_format_video_url":"","_vp_image_focal_point":[],"_vp_custom_popup_image":0,"_vp_format_audio_url":"","_vp_custom_thumbnail":0,"_vp_custom_thumbnail_focal_point":[],"_vp_hover_thumbnail":0,"_vp_hover_thumbnail_focal_point":[],"footnotes":""},"class_list":["post-5899","page","type-page","status-publish","hentry"],"aioseo_notices":[],"_links":{"self":[{"href":"https:\/\/www.arovite.com\/en\/wp-json\/wp\/v2\/pages\/5899","targetHints":{"allow":["GET"]}}],"collection":[{"href":"https:\/\/www.arovite.com\/en\/wp-json\/wp\/v2\/pages"}],"about":[{"href":"https:\/\/www.arovite.com\/en\/wp-json\/wp\/v2\/types\/page"}],"author":[{"embeddable":true,"href":"https:\/\/www.arovite.com\/en\/wp-json\/wp\/v2\/users\/2"}],"replies":[{"embeddable":true,"href":"https:\/\/www.arovite.com\/en\/wp-json\/wp\/v2\/comments?post=5899"}],"version-history":[{"count":1,"href":"https:\/\/www.arovite.com\/en\/wp-json\/wp\/v2\/pages\/5899\/revisions"}],"predecessor-version":[{"id":5924,"href":"https:\/\/www.arovite.com\/en\/wp-json\/wp\/v2\/pages\/5899\/revisions\/5924"}],"wp:attachment":[{"href":"https:\/\/www.arovite.com\/en\/wp-json\/wp\/v2\/media?parent=5899"}],"curies":[{"name":"wp","href":"https:\/\/api.w.org\/{rel}","templated":true}]}}

CUESTA, José Luis de la (2014)

<div class="wpb-content-wrapper"><p>[vc_row][vc_column width=&#8221;1/1&#8243;][vc_column_text][vc_empty_space height=&#8221;20&#8243;]<br />
<strong>Referencia bibliográfica</strong><br />
CUESTA, José Luis de la (2014): «Retos victimológicos para la convivencia pacífica en la sociedad vasca actual», <em>Eguzkilore</em>, nº 28, pp. 217-230.</p>
<p><a class="button blue  medium " href="http://www.ehu.eus/documents/1736829/3498354/13-j+l+de+la+cuesta+p.pdf" target="_blank">Consultar PDF</a>[vc_empty_space height=&#8221;10&#8243;]<br />
<strong>Resumen</strong><br />
La consolidación del fin de la actividad terrorista de ETA abre sin duda un nuevo escenario en la sociedad vasca. Los efectos de la victimización generada perdurarán en el tiempo, exigiendo una cuidada atención por parte de las instituciones públicas, las cuales deberían volcarse en la actualidad en el esclarecimiento de la verdad y la lucha contra el olvido y contra la impunidad. Si la victimización generada por ETA ha sido la que, naturalmente y por sus propias características, significación política y extensión, ha merecido la más destacada atención, las exigencias de justicia demandan igualmente hacer frente a las graves vulneraciones de derechos humanos generadas desde los agentes públicos o con su aquiescencia o tolerancia, cuyas víctimas tienen igualmente pleno derecho a la verdad, a la justicia y a la reparación integral. Las distancias criminológicas y victimológicas entre ambos fenómenos justifican, con todo, el tratamiento de esta última victimización a través de un instrumento específico: la aprobación por el Parlamento Vasco de una Ley de prevención de la tortura y malos tratos y de e reparación integral de las víctimas del abuso de poder.<br />
[vc_empty_space height=&#8221;10&#8243;]<br />
<strong>Laburpena</strong><br />
ETA ko ekintza terroristen amaieran konsolidatzeak, Euskal gizartean, zalantzarik gabe, eszenatoki berri bat irekitzen du. Erakunde publikoek, denboran zehar iraunduko duten sortutako biktimizaioaren ondorioei arreta berezia eskaini beharko diete, egia argitzeko eta ahanzturaren eta zigorgabetasunaren kontra borrokatzeko asmoz. Ezaugarrien, luzapenaren eta esanahi politikoaren ikuspegitik, ETA k sortutako biktimizazioek arreta berezia jaso duten heinean, funtzionario publikoek eragindako edo onartutako giza eskubideen aurkako arau-hausteei aurre egitea eskatu egiten da Justiziaren izenean, biktima mota guzti hauek egia argitzeko, Justiziarako eta konponketa osorako eskubide berdina dute eta. Bi fenomemo biktimologiko hauen artean dauden desberdintasun kriminologiko eta biktimologikoek, azkeneko biktimizazio mota honi aurre egiteko, tresna zehatza bat galdatzen dute: Euskal Legebiltzarrean, tortura eta tratu txarrak prebenitzeko eta, era berean, boterezko abusuzko biktima hauen kalte-ordainak konpotzeko Lege bat.<br />
[vc_empty_space height=&#8221;10&#8243;]<br />
<strong>Abstract</strong><br />
The consolidation of the end of ETA ’s terrorist activity has opened a new time for the Basque society. Nevertheless the effects of the victimization will remain requiring a particular care from the public institutions, whose efforts should be now focused on truth, and against oblivion and impunity. Obviously the victimization generated by ETA has deserved the most important attention, due to its own features, extension and political meaning. Justice requires however facing other serious breaches of human rights that have also taken place and whose victims have equally a full right to truth, justice and integral reparation. The distances between both phenomena are very important from a criminological and victimological point of view and justify applying a specific instrument for this purpose: the approval by the Basque Parliament of an Act of prevention of torture and ill treatment and of integral reparation of the victims of abuse of power.<br />
[vc_empty_space height=&#8221;10&#8243;]<br />
<strong>Autor</strong><br />
José Luis de la Cuesta. <a title="Dialnet" href="http://dialnet.unirioja.es/servlet/autor?codigo=517253" target="_blank">Página del autor en Dialnet.</a><br />
[vc_empty_space height=&#8221;10&#8243;]<br />
<strong>Tipo de documento</strong><br />
Artículo<br />
[vc_empty_space height=&#8221;10&#8243;]<br />
[/vc_column_text][/vc_column][/vc_row]</p>
</div>

<p>[vc_row][vc_column width=&#8221;1/1&#8243;][vc_column_text][vc_empty_space height=&#8221;20&#8243;] Referencia bibliográfica CUESTA, José Luis de la (2014): «Retos victimológicos para la convivencia pacífica en la sociedad vasca actual», Eguzkilore, nº 28, pp. 217-230. Consultar PDF[vc_empty_space height=&#8221;10&#8243;]&hellip;</p>
