{"id":5861,"date":"2016-01-20T11:56:08","date_gmt":"2016-01-20T11:56:08","guid":{"rendered":"http:\/\/www.arovite.com\/?page_id=5861"},"modified":"2016-01-24T21:37:27","modified_gmt":"2016-01-24T21:37:27","slug":"calleja-jose-maria-2012-3","status":"publish","type":"page","link":"https:\/\/www.arovite.com\/en\/calleja-jose-maria-2012-3\/","title":{"rendered":"CALLEJA, Jos\u00e9 Mar\u00eda (2012)"},"content":{"rendered":"<div class=\"wpb-content-wrapper\"><p>[vc_row][vc_column width=&#8221;1\/1&#8243;][vc_column_text][vc_empty_space height=&#8221;20&#8243;]<br \/>\n<strong>Referencia bibliogr\u00e1fica<\/strong><br \/>\nCALLEJA, Jos\u00e9 Mar\u00eda (2012): \u00abEl derecho a la informaci\u00f3n de los ciudadanos y el terrorismo como ataque a la libertad de informaci\u00f3n\u00bb, <em>Derecom<\/em>, n\u00ba 10.<\/p>\n<p><a class=\"button blue  medium \" href=\"http:\/\/dialnet.unirioja.es\/servlet\/articulo?codigo=4331518\" target=\"_blank\">Consultar PDF<\/a>[vc_empty_space height=&#8221;10&#8243;]<br \/>\n<strong>Resumen<\/strong><br \/>\nEl terrorismo busca la conmoci\u00f3n y el miedo. Si el periodista incorpora el miedo a su actividad profesional, el ciudadano ve limitado su derecho a la informaci\u00f3n. El periodismo exige libertad para ser tal. Sin libertad no hay periodismo. El periodista debe informar con libertad y evitar convertirse en caja de resonancia de los terroristas. En varios pa\u00edses del mundo, los periodistas son asesinados o amenazados por grupos terroristas. Ahora que el terrorismo de la banda Eta desaparece de nuestra vidas, ahora que los periodistas no tenemos que dar noticia de asesinatos, de secuestros ni de violencia callejera, ahora que los periodistas en Espa\u00f1a empezamos a poder informar con libertad, conviene recordar que esto no siempre fue as\u00ed y reconstruir los tiempos cercanos en los que el miedo provocado por el terrorismo ejerc\u00eda como redactor-jefe adjunto, tan tremendo como invisible, en las redacciones de los medios de comunicaci\u00f3n espa\u00f1oles. Analizar\u00e9 tambi\u00e9n, de forma sumaria, los ataques al derecho a la informaci\u00f3n en Rusia y M\u00e9xico, pa\u00edses en los que el asesinato de periodistas pone en cuesti\u00f3n el derecho de los ciudadanos a estar informados.<br \/>\n[vc_empty_space height=&#8221;10&#8243;]<br \/>\n<strong>Autor<\/strong><br \/>\nJos\u00e9 Mar\u00eda Calleja. <a title=\"Dialnet\" href=\"http:\/\/dialnet.unirioja.es\/servlet\/autor?codigo=3139780\" target=\"_blank\">P\u00e1gina del autor en Dialnet.<\/a><br \/>\n[vc_empty_space height=&#8221;10&#8243;]<br \/>\n<strong>Tipo de documento<\/strong><br \/>\nArt\u00edculo<br \/>\n[vc_empty_space height=&#8221;10&#8243;]<br \/>\n[\/vc_column_text][\/vc_column][\/vc_row]<\/p>\n<\/div>","protected":false},"excerpt":{"rendered":"<p>[vc_row][vc_column width=&#8221;1\/1&#8243;][vc_column_text][vc_empty_space height=&#8221;20&#8243;] Referencia bibliogr\u00e1fica CALLEJA, Jos\u00e9 Mar\u00eda (2012): \u00abEl derecho a la informaci\u00f3n de los ciudadanos y el terrorismo como ataque a la libertad de informaci\u00f3n\u00bb, Derecom, n\u00ba 10.&hellip;<\/p>\n","protected":false},"author":2,"featured_media":0,"parent":0,"menu_order":0,"comment_status":"open","ping_status":"open","template":"","meta":{"om_disable_all_campaigns":false,"_monsterinsights_skip_tracking":false,"_monsterinsights_sitenote_active":false,"_monsterinsights_sitenote_note":"","_monsterinsights_sitenote_category":0,"_uf_show_specific_survey":0,"_uf_disable_surveys":false,"_vp_format_video_url":"","_vp_image_focal_point":[],"_vp_custom_popup_image":0,"_vp_format_audio_url":"","_vp_custom_thumbnail":0,"_vp_custom_thumbnail_focal_point":[],"_vp_hover_thumbnail":0,"_vp_hover_thumbnail_focal_point":[],"footnotes":""},"class_list":["post-5861","page","type-page","status-publish","hentry"],"aioseo_notices":[],"_links":{"self":[{"href":"https:\/\/www.arovite.com\/en\/wp-json\/wp\/v2\/pages\/5861","targetHints":{"allow":["GET"]}}],"collection":[{"href":"https:\/\/www.arovite.com\/en\/wp-json\/wp\/v2\/pages"}],"about":[{"href":"https:\/\/www.arovite.com\/en\/wp-json\/wp\/v2\/types\/page"}],"author":[{"embeddable":true,"href":"https:\/\/www.arovite.com\/en\/wp-json\/wp\/v2\/users\/2"}],"replies":[{"embeddable":true,"href":"https:\/\/www.arovite.com\/en\/wp-json\/wp\/v2\/comments?post=5861"}],"version-history":[{"count":1,"href":"https:\/\/www.arovite.com\/en\/wp-json\/wp\/v2\/pages\/5861\/revisions"}],"predecessor-version":[{"id":5862,"href":"https:\/\/www.arovite.com\/en\/wp-json\/wp\/v2\/pages\/5861\/revisions\/5862"}],"wp:attachment":[{"href":"https:\/\/www.arovite.com\/en\/wp-json\/wp\/v2\/media?parent=5861"}],"curies":[{"name":"wp","href":"https:\/\/api.w.org\/{rel}","templated":true}]}}

CALLEJA, José María (2012)

<div class="wpb-content-wrapper"><p>[vc_row][vc_column width=&#8221;1/1&#8243;][vc_column_text][vc_empty_space height=&#8221;20&#8243;]<br />
<strong>Referencia bibliográfica</strong><br />
CALLEJA, José María (2012): «El derecho a la información de los ciudadanos y el terrorismo como ataque a la libertad de información», <em>Derecom</em>, nº 10.</p>
<p><a class="button blue  medium " href="http://dialnet.unirioja.es/servlet/articulo?codigo=4331518" target="_blank">Consultar PDF</a>[vc_empty_space height=&#8221;10&#8243;]<br />
<strong>Resumen</strong><br />
El terrorismo busca la conmoción y el miedo. Si el periodista incorpora el miedo a su actividad profesional, el ciudadano ve limitado su derecho a la información. El periodismo exige libertad para ser tal. Sin libertad no hay periodismo. El periodista debe informar con libertad y evitar convertirse en caja de resonancia de los terroristas. En varios países del mundo, los periodistas son asesinados o amenazados por grupos terroristas. Ahora que el terrorismo de la banda Eta desaparece de nuestra vidas, ahora que los periodistas no tenemos que dar noticia de asesinatos, de secuestros ni de violencia callejera, ahora que los periodistas en España empezamos a poder informar con libertad, conviene recordar que esto no siempre fue así y reconstruir los tiempos cercanos en los que el miedo provocado por el terrorismo ejercía como redactor-jefe adjunto, tan tremendo como invisible, en las redacciones de los medios de comunicación españoles. Analizaré también, de forma sumaria, los ataques al derecho a la información en Rusia y México, países en los que el asesinato de periodistas pone en cuestión el derecho de los ciudadanos a estar informados.<br />
[vc_empty_space height=&#8221;10&#8243;]<br />
<strong>Autor</strong><br />
José María Calleja. <a title="Dialnet" href="http://dialnet.unirioja.es/servlet/autor?codigo=3139780" target="_blank">Página del autor en Dialnet.</a><br />
[vc_empty_space height=&#8221;10&#8243;]<br />
<strong>Tipo de documento</strong><br />
Artículo<br />
[vc_empty_space height=&#8221;10&#8243;]<br />
[/vc_column_text][/vc_column][/vc_row]</p>
</div>

<p>[vc_row][vc_column width=&#8221;1/1&#8243;][vc_column_text][vc_empty_space height=&#8221;20&#8243;] Referencia bibliográfica CALLEJA, José María (2012): «El derecho a la información de los ciudadanos y el terrorismo como ataque a la libertad de información», Derecom, nº 10.&hellip;</p>
