{"id":5102,"date":"2015-12-02T22:23:45","date_gmt":"2015-12-02T22:23:45","guid":{"rendered":"http:\/\/www.arovite.com\/landa-jon-mirena-2013-2\/"},"modified":"2015-12-02T22:23:45","modified_gmt":"2015-12-02T22:23:45","slug":"landa-jon-mirena-2013","status":"publish","type":"page","link":"https:\/\/www.arovite.com\/en\/landa-jon-mirena-2013\/","title":{"rendered":"LANDA, Jon Mirena (2013)"},"content":{"rendered":"<div class=\"wpb-content-wrapper\"><p>[vc_row][vc_column width=&#8221;1\/1&#8243;][vc_column_text][vc_empty_space height=&#8221;20&#8243;]<br \/>\n<strong>Referencia bibliogr\u00e1fica<\/strong><br \/>\nLANDA, Jon Mirena (2013): \u00abLey vasca de paz, derechos humanos y reconciliaci\u00f3n: una propuesta\u00bb, <em>Hermes<\/em>, n\u00ba 45, pp. 28-39.<\/p>\n<p><a class=\"button blue  medium \" href=\"http:\/\/dialnet.unirioja.es\/servlet\/articulo?codigo=4458491\" target=\"_blank\">Consultar PDF<\/a>[vc_empty_space height=&#8221;10&#8243;]<br \/>\n<strong>Resumen<\/strong><br \/>\nLa palabra reconciliaci\u00f3n es una palabra hermosa y grande, demasiado grande. La reconciliaci\u00f3n tiene que ver con un futuro en paz del Pa\u00eds Vasco y con el modelo de convivencia de nuestra sociedad. Pero ese modelo, en cuanto tal, puede ser m\u00e1s o menos exigente: como sociedad nos podemos exigir m\u00e1s o menos. Una posibilidad de m\u00e1ximos ser\u00eda aquella por la que se aspira a una armon\u00eda absoluta en el cuerpo social: el para\u00edso. Pero un tal modelo no existe: nunca se ha materializado en la historia de la humanidad. A la hora de proponer, por tanto, modelos de convivencia, yendo m\u00e1s all\u00e1 de un puro ejercicio intelectual, voy a tratar de esbozar una v\u00eda m\u00e1s realista y apegada al \u00e1mbito de lo deseable y posible al mismo tiempo.<br \/>\n[vc_empty_space height=&#8221;10&#8243;]<br \/>\n<strong>Autor<\/strong><br \/>\nJon Mirena Landa. <a title=\"Dialnet\" href=\"http:\/\/dialnet.unirioja.es\/servlet\/autor?codigo=267428\" target=\"_blank\">P\u00e1gina del autor en Dialnet.<\/a><br \/>\n[vc_empty_space height=&#8221;10&#8243;]<br \/>\n<strong>Tipo de documento<\/strong><br \/>\nArt\u00edculo<br \/>\n[vc_empty_space height=&#8221;10&#8243;]<br \/>\n[\/vc_column_text][\/vc_column][\/vc_row]<\/p>\n<\/div>","protected":false},"excerpt":{"rendered":"<p>[vc_row][vc_column width=&#8221;1\/1&#8243;][vc_column_text][vc_empty_space height=&#8221;20&#8243;] Referencia bibliogr\u00e1fica LANDA, Jon Mirena (2013): \u00abLey vasca de paz, derechos humanos y reconciliaci\u00f3n: una propuesta\u00bb, Hermes, n\u00ba 45, pp. 28-39. Consultar PDF[vc_empty_space height=&#8221;10&#8243;] Resumen La palabra&hellip;<\/p>\n","protected":false},"author":1,"featured_media":0,"parent":0,"menu_order":0,"comment_status":"open","ping_status":"open","template":"","meta":{"om_disable_all_campaigns":false,"_monsterinsights_skip_tracking":false,"_monsterinsights_sitenote_active":false,"_monsterinsights_sitenote_note":"","_monsterinsights_sitenote_category":0,"_uf_show_specific_survey":0,"_uf_disable_surveys":false,"_vp_format_video_url":"","_vp_image_focal_point":[],"_vp_custom_popup_image":0,"_vp_format_audio_url":"","_vp_custom_thumbnail":0,"_vp_custom_thumbnail_focal_point":[],"_vp_hover_thumbnail":0,"_vp_hover_thumbnail_focal_point":[],"footnotes":""},"class_list":["post-5102","page","type-page","status-publish","hentry"],"aioseo_notices":[],"_links":{"self":[{"href":"https:\/\/www.arovite.com\/en\/wp-json\/wp\/v2\/pages\/5102","targetHints":{"allow":["GET"]}}],"collection":[{"href":"https:\/\/www.arovite.com\/en\/wp-json\/wp\/v2\/pages"}],"about":[{"href":"https:\/\/www.arovite.com\/en\/wp-json\/wp\/v2\/types\/page"}],"author":[{"embeddable":true,"href":"https:\/\/www.arovite.com\/en\/wp-json\/wp\/v2\/users\/1"}],"replies":[{"embeddable":true,"href":"https:\/\/www.arovite.com\/en\/wp-json\/wp\/v2\/comments?post=5102"}],"version-history":[{"count":0,"href":"https:\/\/www.arovite.com\/en\/wp-json\/wp\/v2\/pages\/5102\/revisions"}],"wp:attachment":[{"href":"https:\/\/www.arovite.com\/en\/wp-json\/wp\/v2\/media?parent=5102"}],"curies":[{"name":"wp","href":"https:\/\/api.w.org\/{rel}","templated":true}]}}

<div class="wpb-content-wrapper"><p>[vc_row][vc_column width=&#8221;1/1&#8243;][vc_column_text][vc_empty_space height=&#8221;20&#8243;]<br />
<strong>Referencia bibliográfica</strong><br />
LANDA, Jon Mirena (2013): «Ley vasca de paz, derechos humanos y reconciliación: una propuesta», <em>Hermes</em>, nº 45, pp. 28-39.</p>
<p><a class="button blue  medium " href="http://dialnet.unirioja.es/servlet/articulo?codigo=4458491" target="_blank">Consultar PDF</a>[vc_empty_space height=&#8221;10&#8243;]<br />
<strong>Resumen</strong><br />
La palabra reconciliación es una palabra hermosa y grande, demasiado grande. La reconciliación tiene que ver con un futuro en paz del País Vasco y con el modelo de convivencia de nuestra sociedad. Pero ese modelo, en cuanto tal, puede ser más o menos exigente: como sociedad nos podemos exigir más o menos. Una posibilidad de máximos sería aquella por la que se aspira a una armonía absoluta en el cuerpo social: el paraíso. Pero un tal modelo no existe: nunca se ha materializado en la historia de la humanidad. A la hora de proponer, por tanto, modelos de convivencia, yendo más allá de un puro ejercicio intelectual, voy a tratar de esbozar una vía más realista y apegada al ámbito de lo deseable y posible al mismo tiempo.<br />
[vc_empty_space height=&#8221;10&#8243;]<br />
<strong>Autor</strong><br />
Jon Mirena Landa. <a title="Dialnet" href="http://dialnet.unirioja.es/servlet/autor?codigo=267428" target="_blank">Página del autor en Dialnet.</a><br />
[vc_empty_space height=&#8221;10&#8243;]<br />
<strong>Tipo de documento</strong><br />
Artículo<br />
[vc_empty_space height=&#8221;10&#8243;]<br />
[/vc_column_text][/vc_column][/vc_row]</p>
</div>

<p>[vc_row][vc_column width=&#8221;1/1&#8243;][vc_column_text][vc_empty_space height=&#8221;20&#8243;] Referencia bibliográfica LANDA, Jon Mirena (2013): «Ley vasca de paz, derechos humanos y reconciliación: una propuesta», Hermes, nº 45, pp. 28-39. Consultar PDF[vc_empty_space height=&#8221;10&#8243;] Resumen La palabra&hellip;</p>
