{"id":5071,"date":"2015-12-02T22:02:27","date_gmt":"2015-12-02T22:02:27","guid":{"rendered":"http:\/\/www.arovite.com\/larizgoitia-itziar-izarzugaza-isabel-markez-inaki-fernandez-itziar-iraurgi-ioseba-larizgoitia-arantza-ballesteros-javier-fernandez-liria-alberto-moreno-florentino-retolaza-ander-p-2\/"},"modified":"2015-12-02T22:02:27","modified_gmt":"2015-12-02T22:02:27","slug":"larizgoitia-itziar-izarzugaza-isabel-markez-inaki-fernandez-itziar-iraurgi-ioseba-larizgoitia-arantza-ballesteros-javier-fernandez-liria-alberto-moreno-florentino-retolaza-ander-p","status":"publish","type":"page","link":"https:\/\/www.arovite.com\/en\/larizgoitia-itziar-izarzugaza-isabel-markez-inaki-fernandez-itziar-iraurgi-ioseba-larizgoitia-arantza-ballesteros-javier-fernandez-liria-alberto-moreno-florentino-retolaza-ander-p\/","title":{"rendered":"LARIZGOITIA, Itziar, IZARZUGAZA, Isabel, MARKEZ, I\u00f1aki, FERN\u00c1NDEZ, Itziar,  IRAURGI, Ioseba, LARIZGOITIA, Arantza, BALLESTEROS, Javier, FERN\u00c1NDEZ-LIRIA, Alberto, MORENO, Florentino, RETOLAZA, Ander, P\u00c1EZ, Dar\u00edo, MART\u00cdN BERISTAIN, Carlos y ALONSO, Jordi (2011)"},"content":{"rendered":"<div class=\"wpb-content-wrapper\"><p>[vc_row][vc_column width=&#8221;1\/1&#8243;][vc_column_text][vc_empty_space height=&#8221;20&#8243;]<br \/>\n<strong>Referencia bibliogr\u00e1fica<\/strong><br \/>\nLARIZGOITIA, Itziar, IZARZUGAZA, Isabel, MARKEZ, I\u00f1aki, FERN\u00c1NDEZ, Itziar,  IRAURGI, Ioseba, LARIZGOITIA, Arantza, BALLESTEROS, Javier, FERN\u00c1NDEZ-LIRIA, Alberto, MORENO, Florentino, RETOLAZA, Ander, P\u00c1EZ, Dar\u00edo, MART\u00cdN BERISTAIN, Carlos y ALONSO, Jordi (2011): \u00ab\u00bfC\u00f3mo influye la violencia colectiva en la salud? Modelo conceptual y dise\u00f1o del estudio ISAVIC\u00bb, <em>Gaceta Sanitaria<\/em>, vol. 25, n\u00ba 3, pp. 246-253.<\/p>\n<p><a class=\"button blue  medium \" href=\"http:\/\/scielo.isciii.es\/pdf\/gs\/v25n3\/especial.pdf\" target=\"_blank\">Consultar PDF<\/a>[vc_empty_space height=&#8221;10&#8243;]<br \/>\n<strong>Resumen<\/strong><br \/>\nObjetivos: La investigaci\u00f3n epidemiol\u00f3gica de la violencia colectiva (con fines pol\u00edticos, sociales o econ\u00f3micos) es muy incipiente a pesar de su creciente reconocimiento como un problema de salud p\u00fablica. Este art\u00edculo describe el modelo conceptual y el dise\u00f1o de una de las primeras investigaciones realizadas en Espa\u00f1a para medir el Impacto en la SAlud de la VIolencia Colectiva (estudio ISAVIC). M\u00e9todos: A partir de una amplia revisi\u00f3n no sistem\u00e1tica de la literatura se describe el alcance global de dicho impacto y se propone un marco te\u00f3rico que describe la relaci\u00f3n. La revisi\u00f3n identifica las posibles consecuencias de la violencia colectiva en las dimensiones f\u00edsica, emocional y social de la salud. El modelo sirve de base para establecer el dise\u00f1o del estudio y sus instrumentos de medida. Resultados: Se describe el conjunto de posibles secuelas producidas por la violencia colectiva y se propone un marco relacional y temporal. El modelo considera el efecto en v\u00edctimas primarias y secundarias, y su relaci\u00f3n con el medio social. Se dise\u00f1a un estudio emp\u00edrico con una metodolog\u00eda mixta para estimar la magnitud y la naturaleza de la posible afectaci\u00f3n de la salud por la violencia colectiva. Conclusiones: El estudio ISAVIC se\u00f1ala la coherencia del modelo dise\u00f1ado, apoyando que la violencia colectiva puede afectar a las principales dimensiones de la salud en relaci\u00f3n con el marco social donde opera. Es necesario validar estos resultados con nuevos estudios.<br \/>\n[vc_empty_space height=&#8221;10&#8243;]<br \/>\n<strong>Abstract<\/strong><br \/>\nObjectives: Epidemiologic research on collective violence (violence exerted by and within groups in pursuit of political, social or economic goals) is very scarce despite its growing recognition as a major public health issue. This paper describes the conceptual model and design of one of the first research studies conducted in Spain aiming to assess the impact of collective violence in the health status of its victims (study known as ISAVIC, based on its Spanish title Impacto en la SAlud de la VIolencia Colectiva). Methods: Starting with a comprehensive but non-systematic review of the literature, the authors describe the sequelae likely produced by collective violence and propose a conceptual model to explain the nature of the relationships between collective violence and health status. The conceptual model informed the ISAVIC study design and its measurement instruments. Results: The possible sequelae of collective violence, in the physical, emotional and social dimensions of health, are described. Also, the review distinguishes the likely impact in primary and secondary victims, as well as the interplay with the social environment. The mixed methodological design of the ISAVIC study supports the coherence of the conceptual model described. Conclusions: The ISAVIC study suggests that collective violence may affect the main dimensions of the health status of its victims, in intimate relation to the societal factors where it operates. It is necessary to validate these results with new studies.<br \/>\n[vc_empty_space height=&#8221;10&#8243;]<br \/>\n<strong>Autor<\/strong><br \/>\nItziar Larizgoitia. <a title=\"Dialnet\" href=\"http:\/\/dialnet.unirioja.es\/servlet\/autor?codigo=608201\" target=\"_blank\">P\u00e1gina del autor en Dialnet.<\/a><br \/>\nIsabel Izarzugaza. <a title=\"Dialnet\" href=\"http:\/\/dialnet.unirioja.es\/servlet\/autor?codigo=2899797\" target=\"_blank\">P\u00e1gina del autor en Dialnet.<\/a><br \/>\nI\u00f1aki Markez. <a title=\"Dialnet\" href=\"http:\/\/dialnet.unirioja.es\/servlet\/autor?codigo=1164643\" target=\"_blank\">P\u00e1gina del autor en Dialnet.<\/a><br \/>\nItziar Fern\u00e1ndez. <a title=\"Dialnet\" href=\"http:\/\/dialnet.unirioja.es\/servlet\/autor?codigo=2899862\" target=\"_blank\">P\u00e1gina del autor en Dialnet.<\/a><br \/>\nIoseba Iraurgi. <a title=\"Dialnet\" href=\"http:\/\/dialnet.unirioja.es\/servlet\/autor?codigo=144634\" target=\"_blank\">P\u00e1gina del autor en Dialnet.<\/a><br \/>\nArantza Larizgoitia. <a title=\"Dialnet\" href=\"http:\/\/dialnet.unirioja.es\/servlet\/autor?codigo=2294273\" target=\"_blank\">P\u00e1gina del autor en Dialnet.<\/a><br \/>\nJavier Ballesteros. <a title=\"Dialnet\" href=\"http:\/\/dialnet.unirioja.es\/servlet\/autor?codigo=2598717\" target=\"_blank\">P\u00e1gina del autor en Dialnet.<\/a><br \/>\nAlberto Fern\u00e1ndez-Liria. <a title=\"Dialnet\" href=\"http:\/\/dialnet.unirioja.es\/servlet\/autor?codigo=956859\" target=\"_blank\">P\u00e1gina del autor en Dialnet.<\/a><br \/>\nFlorentino Moreno. <a title=\"Dialnet\" href=\"http:\/\/dialnet.unirioja.es\/servlet\/autor?codigo=872336\" target=\"_blank\">P\u00e1gina del autor en Dialnet.<\/a><br \/>\nAnder Retolaza. <a title=\"Dialnet\" href=\"http:\/\/dialnet.unirioja.es\/servlet\/autor?codigo=637477\" target=\"_blank\">P\u00e1gina del autor en Dialnet.<\/a><br \/>\nDar\u00edo P\u00e1ez. <a title=\"Dialnet\" href=\"http:\/\/dialnet.unirioja.es\/servlet\/autor?codigo=77203\" target=\"_blank\">P\u00e1gina del autor en Dialnet.<\/a><br \/>\nCarlos Mart\u00edn Beristain. <a title=\"Dialnet\" href=\"http:\/\/dialnet.unirioja.es\/servlet\/autor?codigo=584074\" target=\"_blank\">P\u00e1gina del autor en Dialnet.<\/a><br \/>\nJordi Alonso. <a title=\"Dialnet\" href=\"http:\/\/dialnet.unirioja.es\/servlet\/autor?codigo=497608\" target=\"_blank\">P\u00e1gina del autor en Dialnet.<\/a><br \/>\n[vc_empty_space height=&#8221;10&#8243;]<br \/>\n<strong>Tipo de documento<\/strong><br \/>\nArt\u00edculo<br \/>\n[vc_empty_space height=&#8221;10&#8243;]<br \/>\n<a title=\"Enlace alternativo\" href=\"http:\/\/dialnet.unirioja.es\/servlet\/articulo?codigo=3663308\" target=\"_blank\"><strong>Enlace alternativo.<\/strong><\/a><br \/>\n[\/vc_column_text][\/vc_column][\/vc_row]<\/p>\n<\/div>","protected":false},"excerpt":{"rendered":"<p>[vc_row][vc_column width=&#8221;1\/1&#8243;][vc_column_text][vc_empty_space height=&#8221;20&#8243;] Referencia bibliogr\u00e1fica LARIZGOITIA, Itziar, IZARZUGAZA, Isabel, MARKEZ, I\u00f1aki, FERN\u00c1NDEZ, Itziar, IRAURGI, Ioseba, LARIZGOITIA, Arantza, BALLESTEROS, Javier, FERN\u00c1NDEZ-LIRIA, Alberto, MORENO, Florentino, RETOLAZA, Ander, P\u00c1EZ, Dar\u00edo, MART\u00cdN BERISTAIN, Carlos&hellip;<\/p>\n","protected":false},"author":1,"featured_media":0,"parent":0,"menu_order":0,"comment_status":"open","ping_status":"open","template":"","meta":{"om_disable_all_campaigns":false,"_monsterinsights_skip_tracking":false,"_monsterinsights_sitenote_active":false,"_monsterinsights_sitenote_note":"","_monsterinsights_sitenote_category":0,"_uf_show_specific_survey":0,"_uf_disable_surveys":false,"_vp_format_video_url":"","_vp_image_focal_point":[],"_vp_custom_popup_image":0,"_vp_format_audio_url":"","_vp_custom_thumbnail":0,"_vp_custom_thumbnail_focal_point":[],"_vp_hover_thumbnail":0,"_vp_hover_thumbnail_focal_point":[],"footnotes":""},"class_list":["post-5071","page","type-page","status-publish","hentry"],"aioseo_notices":[],"_links":{"self":[{"href":"https:\/\/www.arovite.com\/en\/wp-json\/wp\/v2\/pages\/5071","targetHints":{"allow":["GET"]}}],"collection":[{"href":"https:\/\/www.arovite.com\/en\/wp-json\/wp\/v2\/pages"}],"about":[{"href":"https:\/\/www.arovite.com\/en\/wp-json\/wp\/v2\/types\/page"}],"author":[{"embeddable":true,"href":"https:\/\/www.arovite.com\/en\/wp-json\/wp\/v2\/users\/1"}],"replies":[{"embeddable":true,"href":"https:\/\/www.arovite.com\/en\/wp-json\/wp\/v2\/comments?post=5071"}],"version-history":[{"count":0,"href":"https:\/\/www.arovite.com\/en\/wp-json\/wp\/v2\/pages\/5071\/revisions"}],"wp:attachment":[{"href":"https:\/\/www.arovite.com\/en\/wp-json\/wp\/v2\/media?parent=5071"}],"curies":[{"name":"wp","href":"https:\/\/api.w.org\/{rel}","templated":true}]}}

LARIZGOITIA, Itziar, IZARZUGAZA, Isabel, MARKEZ, Iñaki, FERNÁNDEZ, Itziar,  IRAURGI, Ioseba, LARIZGOITIA, Arantza, BALLESTEROS, Javier, FERNÁNDEZ-LIRIA, Alberto, MORENO, Florentino, RETOLAZA, Ander, PÁEZ, Darío, MARTÍN BERISTAIN, Carlos y ALONSO, Jordi (2011)

<div class="wpb-content-wrapper"><p>[vc_row][vc_column width=&#8221;1/1&#8243;][vc_column_text][vc_empty_space height=&#8221;20&#8243;]<br />
<strong>Referencia bibliográfica</strong><br />
LARIZGOITIA, Itziar, IZARZUGAZA, Isabel, MARKEZ, Iñaki, FERNÁNDEZ, Itziar,  IRAURGI, Ioseba, LARIZGOITIA, Arantza, BALLESTEROS, Javier, FERNÁNDEZ-LIRIA, Alberto, MORENO, Florentino, RETOLAZA, Ander, PÁEZ, Darío, MARTÍN BERISTAIN, Carlos y ALONSO, Jordi (2011): «¿Cómo influye la violencia colectiva en la salud? Modelo conceptual y diseño del estudio ISAVIC», <em>Gaceta Sanitaria</em>, vol. 25, nº 3, pp. 246-253.</p>
<p><a class="button blue  medium " href="http://scielo.isciii.es/pdf/gs/v25n3/especial.pdf" target="_blank">Consultar PDF</a>[vc_empty_space height=&#8221;10&#8243;]<br />
<strong>Resumen</strong><br />
Objetivos: La investigación epidemiológica de la violencia colectiva (con fines políticos, sociales o económicos) es muy incipiente a pesar de su creciente reconocimiento como un problema de salud pública. Este artículo describe el modelo conceptual y el diseño de una de las primeras investigaciones realizadas en España para medir el Impacto en la SAlud de la VIolencia Colectiva (estudio ISAVIC). Métodos: A partir de una amplia revisión no sistemática de la literatura se describe el alcance global de dicho impacto y se propone un marco teórico que describe la relación. La revisión identifica las posibles consecuencias de la violencia colectiva en las dimensiones física, emocional y social de la salud. El modelo sirve de base para establecer el diseño del estudio y sus instrumentos de medida. Resultados: Se describe el conjunto de posibles secuelas producidas por la violencia colectiva y se propone un marco relacional y temporal. El modelo considera el efecto en víctimas primarias y secundarias, y su relación con el medio social. Se diseña un estudio empírico con una metodología mixta para estimar la magnitud y la naturaleza de la posible afectación de la salud por la violencia colectiva. Conclusiones: El estudio ISAVIC señala la coherencia del modelo diseñado, apoyando que la violencia colectiva puede afectar a las principales dimensiones de la salud en relación con el marco social donde opera. Es necesario validar estos resultados con nuevos estudios.<br />
[vc_empty_space height=&#8221;10&#8243;]<br />
<strong>Abstract</strong><br />
Objectives: Epidemiologic research on collective violence (violence exerted by and within groups in pursuit of political, social or economic goals) is very scarce despite its growing recognition as a major public health issue. This paper describes the conceptual model and design of one of the first research studies conducted in Spain aiming to assess the impact of collective violence in the health status of its victims (study known as ISAVIC, based on its Spanish title Impacto en la SAlud de la VIolencia Colectiva). Methods: Starting with a comprehensive but non-systematic review of the literature, the authors describe the sequelae likely produced by collective violence and propose a conceptual model to explain the nature of the relationships between collective violence and health status. The conceptual model informed the ISAVIC study design and its measurement instruments. Results: The possible sequelae of collective violence, in the physical, emotional and social dimensions of health, are described. Also, the review distinguishes the likely impact in primary and secondary victims, as well as the interplay with the social environment. The mixed methodological design of the ISAVIC study supports the coherence of the conceptual model described. Conclusions: The ISAVIC study suggests that collective violence may affect the main dimensions of the health status of its victims, in intimate relation to the societal factors where it operates. It is necessary to validate these results with new studies.<br />
[vc_empty_space height=&#8221;10&#8243;]<br />
<strong>Autor</strong><br />
Itziar Larizgoitia. <a title="Dialnet" href="http://dialnet.unirioja.es/servlet/autor?codigo=608201" target="_blank">Página del autor en Dialnet.</a><br />
Isabel Izarzugaza. <a title="Dialnet" href="http://dialnet.unirioja.es/servlet/autor?codigo=2899797" target="_blank">Página del autor en Dialnet.</a><br />
Iñaki Markez. <a title="Dialnet" href="http://dialnet.unirioja.es/servlet/autor?codigo=1164643" target="_blank">Página del autor en Dialnet.</a><br />
Itziar Fernández. <a title="Dialnet" href="http://dialnet.unirioja.es/servlet/autor?codigo=2899862" target="_blank">Página del autor en Dialnet.</a><br />
Ioseba Iraurgi. <a title="Dialnet" href="http://dialnet.unirioja.es/servlet/autor?codigo=144634" target="_blank">Página del autor en Dialnet.</a><br />
Arantza Larizgoitia. <a title="Dialnet" href="http://dialnet.unirioja.es/servlet/autor?codigo=2294273" target="_blank">Página del autor en Dialnet.</a><br />
Javier Ballesteros. <a title="Dialnet" href="http://dialnet.unirioja.es/servlet/autor?codigo=2598717" target="_blank">Página del autor en Dialnet.</a><br />
Alberto Fernández-Liria. <a title="Dialnet" href="http://dialnet.unirioja.es/servlet/autor?codigo=956859" target="_blank">Página del autor en Dialnet.</a><br />
Florentino Moreno. <a title="Dialnet" href="http://dialnet.unirioja.es/servlet/autor?codigo=872336" target="_blank">Página del autor en Dialnet.</a><br />
Ander Retolaza. <a title="Dialnet" href="http://dialnet.unirioja.es/servlet/autor?codigo=637477" target="_blank">Página del autor en Dialnet.</a><br />
Darío Páez. <a title="Dialnet" href="http://dialnet.unirioja.es/servlet/autor?codigo=77203" target="_blank">Página del autor en Dialnet.</a><br />
Carlos Martín Beristain. <a title="Dialnet" href="http://dialnet.unirioja.es/servlet/autor?codigo=584074" target="_blank">Página del autor en Dialnet.</a><br />
Jordi Alonso. <a title="Dialnet" href="http://dialnet.unirioja.es/servlet/autor?codigo=497608" target="_blank">Página del autor en Dialnet.</a><br />
[vc_empty_space height=&#8221;10&#8243;]<br />
<strong>Tipo de documento</strong><br />
Artículo<br />
[vc_empty_space height=&#8221;10&#8243;]<br />
<a title="Enlace alternativo" href="http://dialnet.unirioja.es/servlet/articulo?codigo=3663308" target="_blank"><strong>Enlace alternativo.</strong></a><br />
[/vc_column_text][/vc_column][/vc_row]</p>
</div>

<p>[vc_row][vc_column width=&#8221;1/1&#8243;][vc_column_text][vc_empty_space height=&#8221;20&#8243;] Referencia bibliográfica LARIZGOITIA, Itziar, IZARZUGAZA, Isabel, MARKEZ, Iñaki, FERNÁNDEZ, Itziar, IRAURGI, Ioseba, LARIZGOITIA, Arantza, BALLESTEROS, Javier, FERNÁNDEZ-LIRIA, Alberto, MORENO, Florentino, RETOLAZA, Ander, PÁEZ, Darío, MARTÍN BERISTAIN, Carlos&hellip;</p>
