{"id":5051,"date":"2015-12-02T21:38:59","date_gmt":"2015-12-02T21:38:59","guid":{"rendered":"http:\/\/www.arovite.com\/asamblea-regional-de-murcia-2009-2\/"},"modified":"2016-01-26T17:30:33","modified_gmt":"2016-01-26T17:30:33","slug":"asamblea-regional-de-murcia-2009","status":"publish","type":"page","link":"https:\/\/www.arovite.com\/en\/asamblea-regional-de-murcia-2009\/","title":{"rendered":"Asamblea Regional de Murcia (2009)"},"content":{"rendered":"<div class=\"wpb-content-wrapper\"><p>[vc_row][vc_column width=&#8221;1\/1&#8243;][vc_column_text][vc_empty_space height=&#8221;20&#8243;]<br \/>\n<strong>Referencia bibliogr\u00e1fica<\/strong><br \/>\nAsamblea Regional de Murcia (2009): Ley 7\/2009, de 2 de noviembre, de ayuda a las v\u00edctimas del terrorismo de la Comunidad Aut\u00f3noma de la Regi\u00f3n de Murcia.<\/p>\n<p><a class=\"button blue  medium \" href=\"http:\/\/www.arovite.com\/documentos\/2011_Ley_Murcia.pdf\" target=\"_blank\">Consultar PDF<\/a>[vc_empty_space height=&#8221;10&#8243;]<br \/>\n<strong>Resumen<\/strong><br \/>\nEl art\u00edculo 15 de la Constituci\u00f3n reconoce el derecho a la vida y a la integridad f\u00edsica y moral. Del mismo modo reconoce nuestra Constituci\u00f3n en su art\u00edculo 17 el derecho de toda persona a la libertad y a la seguridad. Estos derechos, vinculan a todos los poderes p\u00fablicos, los cuales tienen la obligaci\u00f3n de adoptar cuantas medidas de acci\u00f3n positiva sean necesarias para hacerlos reales y efectivos, removiendo, en su caso, los obst\u00e1culos que impidan o dificulten su plenitud. De las distintas formas posibles de vulneraci\u00f3n de tales derechos, presentan especial gravedad para la vida y convivencia democr\u00e1tica aquellas que se derivan de actos terroristas, al suponer los mismos en todo caso un ataque frontal a los principios que vertebran nuestra sociedad y modo de vida. Las v\u00edctimas del terrorismo son, por ello, el exponente de una sociedad que lucha contra la intolerancia y que defiende sus valores constitucionales, lo que ha justificado que el Estado, durante las dos \u00faltimas d\u00e9cadas venga desarrollando una labor normativa de protecci\u00f3n hacia ellas, cuyos m\u00e1ximos exponentes se concretan en la Ley 13\/1996, de 30 de diciembre, de Medidas Fiscales, Administrativas, y del Orden Social, y en la Ley 32\/1999, de 8 de octubre, de Solidaridad con las V\u00edctimas del Terrorismo, sin perjuicio del desarrollo que muchas Comunidades Aut\u00f3nomas han abordado en su territorio mejorando la cobertura de la acci\u00f3n estatal. La sociedad y las instituciones murcianas tienen el deber moral y jur\u00eddico, y as\u00ed lo manifiesta y asume la Comunidad Aut\u00f3noma de la Regi\u00f3n de Murcia, de reconocer p\u00fablicamente a las v\u00edctimas de tales actos, de velar por su protecci\u00f3n y bienestar, y de asistirlas en aquellas necesidades que hayan podido verse agravadas por los mismos. Este \u00faltimo deber queda patente en el art\u00edculo 9.2.b) del Estatuto de Autonom\u00eda que establece que la Comunidad Aut\u00f3noma, en el \u00e1mbito de su competencia y a trav\u00e9s de sus \u00f3rganos, velar\u00e1 por promover las condiciones para que la libertad y la igualdad del individuo y de los grupos en que se integra sean efectivas y reales, removiendo los obst\u00e1culos que impidan o dificulten su plenitud.<br \/>\n[vc_empty_space height=&#8221;10&#8243;]<br \/>\n<strong>Tipo de documento<\/strong><br \/>\nLey<br \/>\n[vc_empty_space height=&#8221;10&#8243;]<br \/>\n<a title=\"Enlace alternativo\" href=\"https:\/\/www.boe.es\/boe\/dias\/2011\/02\/10\/pdfs\/BOE-A-2011-2550.pdf\" target=\"_blank\"><strong>Enlace alternativo.<\/strong><\/a><br \/>\n[\/vc_column_text][\/vc_column][\/vc_row]<\/p>\n<\/div>","protected":false},"excerpt":{"rendered":"<p>[vc_row][vc_column width=&#8221;1\/1&#8243;][vc_column_text][vc_empty_space height=&#8221;20&#8243;] Referencia bibliogr\u00e1fica Asamblea Regional de Murcia (2009): Ley 7\/2009, de 2 de noviembre, de ayuda a las v\u00edctimas del terrorismo de la Comunidad Aut\u00f3noma de la Regi\u00f3n&hellip;<\/p>\n","protected":false},"author":1,"featured_media":0,"parent":0,"menu_order":0,"comment_status":"open","ping_status":"open","template":"","meta":{"om_disable_all_campaigns":false,"_monsterinsights_skip_tracking":false,"_monsterinsights_sitenote_active":false,"_monsterinsights_sitenote_note":"","_monsterinsights_sitenote_category":0,"_uf_show_specific_survey":0,"_uf_disable_surveys":false,"_vp_format_video_url":"","_vp_image_focal_point":[],"_vp_custom_popup_image":0,"_vp_format_audio_url":"","_vp_custom_thumbnail":0,"_vp_custom_thumbnail_focal_point":[],"_vp_hover_thumbnail":0,"_vp_hover_thumbnail_focal_point":[],"footnotes":""},"class_list":["post-5051","page","type-page","status-publish","hentry"],"aioseo_notices":[],"_links":{"self":[{"href":"https:\/\/www.arovite.com\/en\/wp-json\/wp\/v2\/pages\/5051","targetHints":{"allow":["GET"]}}],"collection":[{"href":"https:\/\/www.arovite.com\/en\/wp-json\/wp\/v2\/pages"}],"about":[{"href":"https:\/\/www.arovite.com\/en\/wp-json\/wp\/v2\/types\/page"}],"author":[{"embeddable":true,"href":"https:\/\/www.arovite.com\/en\/wp-json\/wp\/v2\/users\/1"}],"replies":[{"embeddable":true,"href":"https:\/\/www.arovite.com\/en\/wp-json\/wp\/v2\/comments?post=5051"}],"version-history":[{"count":2,"href":"https:\/\/www.arovite.com\/en\/wp-json\/wp\/v2\/pages\/5051\/revisions"}],"predecessor-version":[{"id":6597,"href":"https:\/\/www.arovite.com\/en\/wp-json\/wp\/v2\/pages\/5051\/revisions\/6597"}],"wp:attachment":[{"href":"https:\/\/www.arovite.com\/en\/wp-json\/wp\/v2\/media?parent=5051"}],"curies":[{"name":"wp","href":"https:\/\/api.w.org\/{rel}","templated":true}]}}

<div class="wpb-content-wrapper"><p>[vc_row][vc_column width=&#8221;1/1&#8243;][vc_column_text][vc_empty_space height=&#8221;20&#8243;]<br />
<strong>Referencia bibliográfica</strong><br />
Asamblea Regional de Murcia (2009): Ley 7/2009, de 2 de noviembre, de ayuda a las víctimas del terrorismo de la Comunidad Autónoma de la Región de Murcia.</p>
<p><a class="button blue  medium " href="http://www.arovite.com/documentos/2011_Ley_Murcia.pdf" target="_blank">Consultar PDF</a>[vc_empty_space height=&#8221;10&#8243;]<br />
<strong>Resumen</strong><br />
El artículo 15 de la Constitución reconoce el derecho a la vida y a la integridad física y moral. Del mismo modo reconoce nuestra Constitución en su artículo 17 el derecho de toda persona a la libertad y a la seguridad. Estos derechos, vinculan a todos los poderes públicos, los cuales tienen la obligación de adoptar cuantas medidas de acción positiva sean necesarias para hacerlos reales y efectivos, removiendo, en su caso, los obstáculos que impidan o dificulten su plenitud. De las distintas formas posibles de vulneración de tales derechos, presentan especial gravedad para la vida y convivencia democrática aquellas que se derivan de actos terroristas, al suponer los mismos en todo caso un ataque frontal a los principios que vertebran nuestra sociedad y modo de vida. Las víctimas del terrorismo son, por ello, el exponente de una sociedad que lucha contra la intolerancia y que defiende sus valores constitucionales, lo que ha justificado que el Estado, durante las dos últimas décadas venga desarrollando una labor normativa de protección hacia ellas, cuyos máximos exponentes se concretan en la Ley 13/1996, de 30 de diciembre, de Medidas Fiscales, Administrativas, y del Orden Social, y en la Ley 32/1999, de 8 de octubre, de Solidaridad con las Víctimas del Terrorismo, sin perjuicio del desarrollo que muchas Comunidades Autónomas han abordado en su territorio mejorando la cobertura de la acción estatal. La sociedad y las instituciones murcianas tienen el deber moral y jurídico, y así lo manifiesta y asume la Comunidad Autónoma de la Región de Murcia, de reconocer públicamente a las víctimas de tales actos, de velar por su protección y bienestar, y de asistirlas en aquellas necesidades que hayan podido verse agravadas por los mismos. Este último deber queda patente en el artículo 9.2.b) del Estatuto de Autonomía que establece que la Comunidad Autónoma, en el ámbito de su competencia y a través de sus órganos, velará por promover las condiciones para que la libertad y la igualdad del individuo y de los grupos en que se integra sean efectivas y reales, removiendo los obstáculos que impidan o dificulten su plenitud.<br />
[vc_empty_space height=&#8221;10&#8243;]<br />
<strong>Tipo de documento</strong><br />
Ley<br />
[vc_empty_space height=&#8221;10&#8243;]<br />
<a title="Enlace alternativo" href="https://www.boe.es/boe/dias/2011/02/10/pdfs/BOE-A-2011-2550.pdf" target="_blank"><strong>Enlace alternativo.</strong></a><br />
[/vc_column_text][/vc_column][/vc_row]</p>
</div>

<p>[vc_row][vc_column width=&#8221;1/1&#8243;][vc_column_text][vc_empty_space height=&#8221;20&#8243;] Referencia bibliográfica Asamblea Regional de Murcia (2009): Ley 7/2009, de 2 de noviembre, de ayuda a las víctimas del terrorismo de la Comunidad Autónoma de la Región&hellip;</p>
