{"id":5019,"date":"2015-12-02T21:18:43","date_gmt":"2015-12-02T21:18:43","guid":{"rendered":"http:\/\/www.arovite.com\/cortes-de-aragon-2008-2\/"},"modified":"2016-01-26T17:26:52","modified_gmt":"2016-01-26T17:26:52","slug":"cortes-de-aragon-2008","status":"publish","type":"page","link":"https:\/\/www.arovite.com\/en\/cortes-de-aragon-2008\/","title":{"rendered":"Cortes de Arag\u00f3n (2008)"},"content":{"rendered":"<div class=\"wpb-content-wrapper\"><p>[vc_row][vc_column width=&#8221;1\/1&#8243;][vc_column_text][vc_empty_space height=&#8221;20&#8243;]<br \/>\n<strong>Referencia bibliogr\u00e1fica<\/strong><br \/>\nCortes de Arag\u00f3n (2008): Ley 32\/1999, de 8 de octubre, de Solidaridad con las v\u00edctimas del terrorismo.<\/p>\n<p><a class=\"button blue  medium \" href=\"http:\/\/www.arovite.com\/documentos\/2008_Ley_Aragon.pdf\" target=\"_blank\">Consultar PDF<\/a>[vc_empty_space height=&#8221;10&#8243;]<br \/>\n<strong>Resumen<\/strong><br \/>\nUna de las m\u00e1s graves amenazas que ha venido sufriendo Espa\u00f1a es el terrorismo, que a lo largo de nuestra historia democr\u00e1tica ha sembrado el dolor y la muerte en nuestro pa\u00eds. Arag\u00f3n ha pagado un alto tributo en vidas. Los aragoneses conocen este dolor y se han mantenido serenos, a pesar de que la imagen dram\u00e1tica de aragoneses que han sido v\u00edctimas del terrorismo ha sido una constante durante estos a\u00f1os. Frente a esta realidad, la democracia debe mantener la unidad de toda la sociedad, representada por todas las fuerzas democr\u00e1ticas. La sociedad espa\u00f1ola ha sabido conservar la serenidad, requisito indispensable para la convivencia en paz, y ha dotado a sus instituciones de los instrumentos legales necesarios para combatir el terrorismo.<br \/>\n[vc_empty_space height=&#8221;10&#8243;]<br \/>\n<strong>Tipo de documento<\/strong><br \/>\nLey<br \/>\n[vc_empty_space height=&#8221;10&#8243;]<br \/>\n<a title=\"Enlace alternativo\" href=\"https:\/\/www.boe.es\/boe\/dias\/2008\/08\/06\/pdfs\/A33579-33584.pdf\" target=\"_blank\"><strong>Enlace alternativo.<\/strong><\/a><br \/>\n[\/vc_column_text][\/vc_column][\/vc_row]<\/p>\n<\/div>","protected":false},"excerpt":{"rendered":"<p>[vc_row][vc_column width=&#8221;1\/1&#8243;][vc_column_text][vc_empty_space height=&#8221;20&#8243;] Referencia bibliogr\u00e1fica Cortes de Arag\u00f3n (2008): Ley 32\/1999, de 8 de octubre, de Solidaridad con las v\u00edctimas del terrorismo. Consultar PDF[vc_empty_space height=&#8221;10&#8243;] Resumen Una de las m\u00e1s&hellip;<\/p>\n","protected":false},"author":1,"featured_media":0,"parent":0,"menu_order":0,"comment_status":"open","ping_status":"open","template":"","meta":{"om_disable_all_campaigns":false,"_monsterinsights_skip_tracking":false,"_monsterinsights_sitenote_active":false,"_monsterinsights_sitenote_note":"","_monsterinsights_sitenote_category":0,"_uf_show_specific_survey":0,"_uf_disable_surveys":false,"_vp_format_video_url":"","_vp_image_focal_point":[],"_vp_custom_popup_image":0,"_vp_format_audio_url":"","_vp_custom_thumbnail":0,"_vp_custom_thumbnail_focal_point":[],"_vp_hover_thumbnail":0,"_vp_hover_thumbnail_focal_point":[],"footnotes":""},"class_list":["post-5019","page","type-page","status-publish","hentry"],"aioseo_notices":[],"_links":{"self":[{"href":"https:\/\/www.arovite.com\/en\/wp-json\/wp\/v2\/pages\/5019","targetHints":{"allow":["GET"]}}],"collection":[{"href":"https:\/\/www.arovite.com\/en\/wp-json\/wp\/v2\/pages"}],"about":[{"href":"https:\/\/www.arovite.com\/en\/wp-json\/wp\/v2\/types\/page"}],"author":[{"embeddable":true,"href":"https:\/\/www.arovite.com\/en\/wp-json\/wp\/v2\/users\/1"}],"replies":[{"embeddable":true,"href":"https:\/\/www.arovite.com\/en\/wp-json\/wp\/v2\/comments?post=5019"}],"version-history":[{"count":1,"href":"https:\/\/www.arovite.com\/en\/wp-json\/wp\/v2\/pages\/5019\/revisions"}],"predecessor-version":[{"id":6561,"href":"https:\/\/www.arovite.com\/en\/wp-json\/wp\/v2\/pages\/5019\/revisions\/6561"}],"wp:attachment":[{"href":"https:\/\/www.arovite.com\/en\/wp-json\/wp\/v2\/media?parent=5019"}],"curies":[{"name":"wp","href":"https:\/\/api.w.org\/{rel}","templated":true}]}}

Cortes de Aragón (2008)

<div class="wpb-content-wrapper"><p>[vc_row][vc_column width=&#8221;1/1&#8243;][vc_column_text][vc_empty_space height=&#8221;20&#8243;]<br />
<strong>Referencia bibliográfica</strong><br />
Cortes de Aragón (2008): Ley 32/1999, de 8 de octubre, de Solidaridad con las víctimas del terrorismo.</p>
<p><a class="button blue  medium " href="http://www.arovite.com/documentos/2008_Ley_Aragon.pdf" target="_blank">Consultar PDF</a>[vc_empty_space height=&#8221;10&#8243;]<br />
<strong>Resumen</strong><br />
Una de las más graves amenazas que ha venido sufriendo España es el terrorismo, que a lo largo de nuestra historia democrática ha sembrado el dolor y la muerte en nuestro país. Aragón ha pagado un alto tributo en vidas. Los aragoneses conocen este dolor y se han mantenido serenos, a pesar de que la imagen dramática de aragoneses que han sido víctimas del terrorismo ha sido una constante durante estos años. Frente a esta realidad, la democracia debe mantener la unidad de toda la sociedad, representada por todas las fuerzas democráticas. La sociedad española ha sabido conservar la serenidad, requisito indispensable para la convivencia en paz, y ha dotado a sus instituciones de los instrumentos legales necesarios para combatir el terrorismo.<br />
[vc_empty_space height=&#8221;10&#8243;]<br />
<strong>Tipo de documento</strong><br />
Ley<br />
[vc_empty_space height=&#8221;10&#8243;]<br />
<a title="Enlace alternativo" href="https://www.boe.es/boe/dias/2008/08/06/pdfs/A33579-33584.pdf" target="_blank"><strong>Enlace alternativo.</strong></a><br />
[/vc_column_text][/vc_column][/vc_row]</p>
</div>

<p>[vc_row][vc_column width=&#8221;1/1&#8243;][vc_column_text][vc_empty_space height=&#8221;20&#8243;] Referencia bibliográfica Cortes de Aragón (2008): Ley 32/1999, de 8 de octubre, de Solidaridad con las víctimas del terrorismo. Consultar PDF[vc_empty_space height=&#8221;10&#8243;] Resumen Una de las más&hellip;</p>
