{"id":4727,"date":"2015-11-30T13:51:37","date_gmt":"2015-11-30T13:51:37","guid":{"rendered":"http:\/\/www.arovite.com\/perez-kepa-2013-2\/"},"modified":"2015-12-30T12:50:33","modified_gmt":"2015-12-30T12:50:33","slug":"perez-kepa-2013","status":"publish","type":"page","link":"https:\/\/www.arovite.com\/en\/perez-kepa-2013\/","title":{"rendered":"P\u00c9REZ, Kepa (2013)"},"content":{"rendered":"<div class=\"wpb-content-wrapper\"><p>[vc_row][vc_column width=&#8221;1\/1&#8243;][vc_column_text][vc_empty_space height=&#8221;20&#8243;]<br \/>\n<strong>Referencia bibliogr\u00e1fica<\/strong><br \/>\nP\u00c9REZ, Kepa (2013): <em>El final de la violencia en Euskadi: el \u00faltimo proceso de paz. Tomo I: a\u00f1os 2007-2011<\/em>. Bilbao: Asociaci\u00f3n para la Defensa de la Dignidad Humana.<\/p>\n<p><a class=\"button blue  medium \" href=\"http:\/\/www.arovite.com\/documentos\/2013_Perez.pdf\" target=\"_blank\">Consultar PDF<\/a>[vc_empty_space height=&#8221;10&#8243;]<br \/>\n<strong>Resumen<\/strong><br \/>\nA pesar de que el s\u00e1bado 30 de diciembre de 2006, ETA hizo estallar una bomba de gran potencia en el aparcamiento D de la terminal 4 del aeropuerto de Barajas, dando por finalizado de facto el alto el fuego permanente que hab\u00eda decretado ocho meses antes, el 22 de marzo, no fue hasta la madrugada del martes 5 de junio de 2007 cuando anunci\u00f3 a trav\u00e9s de un comunicado, la reactivaci\u00f3n de todos sus frentes a partir de la media noche de ese mismo d\u00eda, al asegurar que no exist\u00edan las condiciones democr\u00e1ticas m\u00ednimas para un proceso negociado.<br \/>\n[vc_empty_space height=&#8221;10&#8243;]<br \/>\n<strong>Autor<\/strong><br \/>\nKepa P\u00e9rez.<br \/>\n[vc_empty_space height=&#8221;10&#8243;]<br \/>\n<strong>Tipo de documento<\/strong><br \/>\nLibro<br \/>\n[vc_empty_space height=&#8221;10&#8243;]<br \/>\n<a title=\"Enlace alternativo\" href=\"http:\/\/www.addh.org.es\/1_Proceso_paz_2007-2011.pdf\" target=\"_blank\"><strong>Enlace alternativo.<\/strong><\/a><br \/>\n[\/vc_column_text][\/vc_column][\/vc_row]<\/p>\n<\/div>","protected":false},"excerpt":{"rendered":"<p>[vc_row][vc_column width=&#8221;1\/1&#8243;][vc_column_text][vc_empty_space height=&#8221;20&#8243;] Referencia bibliogr\u00e1fica P\u00c9REZ, Kepa (2013): El final de la violencia en Euskadi: el \u00faltimo proceso de paz. Tomo I: a\u00f1os 2007-2011. Bilbao: Asociaci\u00f3n para la Defensa de&hellip;<\/p>\n","protected":false},"author":1,"featured_media":0,"parent":0,"menu_order":0,"comment_status":"open","ping_status":"open","template":"","meta":{"om_disable_all_campaigns":false,"_monsterinsights_skip_tracking":false,"_monsterinsights_sitenote_active":false,"_monsterinsights_sitenote_note":"","_monsterinsights_sitenote_category":0,"_uf_show_specific_survey":0,"_uf_disable_surveys":false,"_vp_format_video_url":"","_vp_image_focal_point":[],"_vp_custom_popup_image":0,"_vp_format_audio_url":"","_vp_custom_thumbnail":0,"_vp_custom_thumbnail_focal_point":[],"_vp_hover_thumbnail":0,"_vp_hover_thumbnail_focal_point":[],"footnotes":""},"class_list":["post-4727","page","type-page","status-publish","hentry"],"aioseo_notices":[],"_links":{"self":[{"href":"https:\/\/www.arovite.com\/en\/wp-json\/wp\/v2\/pages\/4727","targetHints":{"allow":["GET"]}}],"collection":[{"href":"https:\/\/www.arovite.com\/en\/wp-json\/wp\/v2\/pages"}],"about":[{"href":"https:\/\/www.arovite.com\/en\/wp-json\/wp\/v2\/types\/page"}],"author":[{"embeddable":true,"href":"https:\/\/www.arovite.com\/en\/wp-json\/wp\/v2\/users\/1"}],"replies":[{"embeddable":true,"href":"https:\/\/www.arovite.com\/en\/wp-json\/wp\/v2\/comments?post=4727"}],"version-history":[{"count":1,"href":"https:\/\/www.arovite.com\/en\/wp-json\/wp\/v2\/pages\/4727\/revisions"}],"predecessor-version":[{"id":5456,"href":"https:\/\/www.arovite.com\/en\/wp-json\/wp\/v2\/pages\/4727\/revisions\/5456"}],"wp:attachment":[{"href":"https:\/\/www.arovite.com\/en\/wp-json\/wp\/v2\/media?parent=4727"}],"curies":[{"name":"wp","href":"https:\/\/api.w.org\/{rel}","templated":true}]}}

PÉREZ, Kepa (2013)

<div class="wpb-content-wrapper"><p>[vc_row][vc_column width=&#8221;1/1&#8243;][vc_column_text][vc_empty_space height=&#8221;20&#8243;]<br />
<strong>Referencia bibliográfica</strong><br />
PÉREZ, Kepa (2013): <em>El final de la violencia en Euskadi: el último proceso de paz. Tomo I: años 2007-2011</em>. Bilbao: Asociación para la Defensa de la Dignidad Humana.</p>
<p><a class="button blue  medium " href="http://www.arovite.com/documentos/2013_Perez.pdf" target="_blank">Consultar PDF</a>[vc_empty_space height=&#8221;10&#8243;]<br />
<strong>Resumen</strong><br />
A pesar de que el sábado 30 de diciembre de 2006, ETA hizo estallar una bomba de gran potencia en el aparcamiento D de la terminal 4 del aeropuerto de Barajas, dando por finalizado de facto el alto el fuego permanente que había decretado ocho meses antes, el 22 de marzo, no fue hasta la madrugada del martes 5 de junio de 2007 cuando anunció a través de un comunicado, la reactivación de todos sus frentes a partir de la media noche de ese mismo día, al asegurar que no existían las condiciones democráticas mínimas para un proceso negociado.<br />
[vc_empty_space height=&#8221;10&#8243;]<br />
<strong>Autor</strong><br />
Kepa Pérez.<br />
[vc_empty_space height=&#8221;10&#8243;]<br />
<strong>Tipo de documento</strong><br />
Libro<br />
[vc_empty_space height=&#8221;10&#8243;]<br />
<a title="Enlace alternativo" href="http://www.addh.org.es/1_Proceso_paz_2007-2011.pdf" target="_blank"><strong>Enlace alternativo.</strong></a><br />
[/vc_column_text][/vc_column][/vc_row]</p>
</div>

<p>[vc_row][vc_column width=&#8221;1/1&#8243;][vc_column_text][vc_empty_space height=&#8221;20&#8243;] Referencia bibliográfica PÉREZ, Kepa (2013): El final de la violencia en Euskadi: el último proceso de paz. Tomo I: años 2007-2011. Bilbao: Asociación para la Defensa de&hellip;</p>
