{"id":4701,"date":"2015-11-30T13:36:42","date_gmt":"2015-11-30T13:36:42","guid":{"rendered":"http:\/\/www.arovite.com\/perez-kepa-2009-2-2\/"},"modified":"2015-12-30T13:03:08","modified_gmt":"2015-12-30T13:03:08","slug":"perez-kepa-2010","status":"publish","type":"page","link":"https:\/\/www.arovite.com\/en\/perez-kepa-2010\/","title":{"rendered":"P\u00c9REZ, Kepa (2010)"},"content":{"rendered":"<div class=\"wpb-content-wrapper\"><p>[vc_row][vc_column width=&#8221;1\/1&#8243;][vc_column_text][vc_empty_space height=&#8221;20&#8243;]<br \/>\n<strong>Referencia bibliogr\u00e1fica<\/strong><br \/>\nP\u00c9REZ, Kepa (2010): <em>In memoriam 2010: reconocimientos sociales e institucionales a las v\u00edctimas del terrorismo<\/em>. Bilbao: Asociaci\u00f3n para la Defensa de la Dignidad Humana.<\/p>\n<p><a class=\"button blue  medium \" href=\"http:\/\/www.arovite.com\/documentos\/2010_Perez.pdf\" target=\"_blank\">Consultar PDF<\/a>[vc_empty_space height=&#8221;10&#8243;]<br \/>\n<strong>Resumen<\/strong><br \/>\nEl 10 de noviembre de 2010 se celebr\u00f3 en Euskadi el D\u00eda de la Memoria de las V\u00edctimas del Terrorismo. Un aniversario que ha quedado instaurado para siempre como un d\u00eda de homenaje que recordar\u00e1, tanto a nosotros como a las generaciones venideras, lo que ha ocurrido y lo que jam\u00e1s debe volver a ocurrir, como es el uso de la violencia por parte de un colectivo de personas para obtener objetivos pol\u00edticos, pisoteando la vida y la dignidad de los seres humanos.<br \/>\n[vc_empty_space height=&#8221;10&#8243;]<br \/>\n<strong>Autor<\/strong><br \/>\nKepa P\u00e9rez.<br \/>\n[vc_empty_space height=&#8221;10&#8243;]<br \/>\n<strong>Tipo de documento<\/strong><br \/>\nLibro<br \/>\n[vc_empty_space height=&#8221;10&#8243;]<br \/>\n<a title=\"Enlace alternativo\" href=\"http:\/\/www.addh.org.es\/8.-In%20Memoriam%202010%20.pdf\" target=\"_blank\"><strong>Enlace alternativo.<\/strong><\/a><br \/>\n[\/vc_column_text][\/vc_column][\/vc_row]<\/p>\n<\/div>","protected":false},"excerpt":{"rendered":"<p>[vc_row][vc_column width=&#8221;1\/1&#8243;][vc_column_text][vc_empty_space height=&#8221;20&#8243;] Referencia bibliogr\u00e1fica P\u00c9REZ, Kepa (2010): In memoriam 2010: reconocimientos sociales e institucionales a las v\u00edctimas del terrorismo. Bilbao: Asociaci\u00f3n para la Defensa de la Dignidad Humana. Consultar&hellip;<\/p>\n","protected":false},"author":1,"featured_media":0,"parent":0,"menu_order":0,"comment_status":"open","ping_status":"open","template":"","meta":{"om_disable_all_campaigns":false,"_monsterinsights_skip_tracking":false,"_monsterinsights_sitenote_active":false,"_monsterinsights_sitenote_note":"","_monsterinsights_sitenote_category":0,"_uf_show_specific_survey":0,"_uf_disable_surveys":false,"_vp_format_video_url":"","_vp_image_focal_point":[],"_vp_custom_popup_image":0,"_vp_format_audio_url":"","_vp_custom_thumbnail":0,"_vp_custom_thumbnail_focal_point":[],"_vp_hover_thumbnail":0,"_vp_hover_thumbnail_focal_point":[],"footnotes":""},"class_list":["post-4701","page","type-page","status-publish","hentry"],"aioseo_notices":[],"_links":{"self":[{"href":"https:\/\/www.arovite.com\/en\/wp-json\/wp\/v2\/pages\/4701","targetHints":{"allow":["GET"]}}],"collection":[{"href":"https:\/\/www.arovite.com\/en\/wp-json\/wp\/v2\/pages"}],"about":[{"href":"https:\/\/www.arovite.com\/en\/wp-json\/wp\/v2\/types\/page"}],"author":[{"embeddable":true,"href":"https:\/\/www.arovite.com\/en\/wp-json\/wp\/v2\/users\/1"}],"replies":[{"embeddable":true,"href":"https:\/\/www.arovite.com\/en\/wp-json\/wp\/v2\/comments?post=4701"}],"version-history":[{"count":2,"href":"https:\/\/www.arovite.com\/en\/wp-json\/wp\/v2\/pages\/4701\/revisions"}],"predecessor-version":[{"id":5516,"href":"https:\/\/www.arovite.com\/en\/wp-json\/wp\/v2\/pages\/4701\/revisions\/5516"}],"wp:attachment":[{"href":"https:\/\/www.arovite.com\/en\/wp-json\/wp\/v2\/media?parent=4701"}],"curies":[{"name":"wp","href":"https:\/\/api.w.org\/{rel}","templated":true}]}}

PÉREZ, Kepa (2010)

<div class="wpb-content-wrapper"><p>[vc_row][vc_column width=&#8221;1/1&#8243;][vc_column_text][vc_empty_space height=&#8221;20&#8243;]<br />
<strong>Referencia bibliográfica</strong><br />
PÉREZ, Kepa (2010): <em>In memoriam 2010: reconocimientos sociales e institucionales a las víctimas del terrorismo</em>. Bilbao: Asociación para la Defensa de la Dignidad Humana.</p>
<p><a class="button blue  medium " href="http://www.arovite.com/documentos/2010_Perez.pdf" target="_blank">Consultar PDF</a>[vc_empty_space height=&#8221;10&#8243;]<br />
<strong>Resumen</strong><br />
El 10 de noviembre de 2010 se celebró en Euskadi el Día de la Memoria de las Víctimas del Terrorismo. Un aniversario que ha quedado instaurado para siempre como un día de homenaje que recordará, tanto a nosotros como a las generaciones venideras, lo que ha ocurrido y lo que jamás debe volver a ocurrir, como es el uso de la violencia por parte de un colectivo de personas para obtener objetivos políticos, pisoteando la vida y la dignidad de los seres humanos.<br />
[vc_empty_space height=&#8221;10&#8243;]<br />
<strong>Autor</strong><br />
Kepa Pérez.<br />
[vc_empty_space height=&#8221;10&#8243;]<br />
<strong>Tipo de documento</strong><br />
Libro<br />
[vc_empty_space height=&#8221;10&#8243;]<br />
<a title="Enlace alternativo" href="http://www.addh.org.es/8.-In%20Memoriam%202010%20.pdf" target="_blank"><strong>Enlace alternativo.</strong></a><br />
[/vc_column_text][/vc_column][/vc_row]</p>
</div>

<p>[vc_row][vc_column width=&#8221;1/1&#8243;][vc_column_text][vc_empty_space height=&#8221;20&#8243;] Referencia bibliográfica PÉREZ, Kepa (2010): In memoriam 2010: reconocimientos sociales e institucionales a las víctimas del terrorismo. Bilbao: Asociación para la Defensa de la Dignidad Humana. Consultar&hellip;</p>
