{"id":4573,"date":"2015-11-30T12:31:22","date_gmt":"2015-11-30T12:31:22","guid":{"rendered":"http:\/\/www.arovite.com\/perez-kepa-2006-2\/"},"modified":"2015-12-30T12:55:52","modified_gmt":"2015-12-30T12:55:52","slug":"perez-kepa-2006","status":"publish","type":"page","link":"https:\/\/www.arovite.com\/en\/perez-kepa-2006\/","title":{"rendered":"P\u00c9REZ, Kepa (2006)"},"content":{"rendered":"<div class=\"wpb-content-wrapper\"><p>[vc_row][vc_column width=&#8221;1\/1&#8243;][vc_column_text][vc_empty_space height=&#8221;20&#8243;]<br \/>\n<strong>Referencia bibliogr\u00e1fica<\/strong><br \/>\nP\u00c9REZ, Kepa (2006): <em>Las v\u00edctimas ante el proceso de paz: el proceso de paz en Euskadi d\u00eda a d\u00eda, cronolog\u00eda del proceso de paz<\/em>. Bilbao: Asociaci\u00f3n para la Defensa de la Dignidad Humana.<\/p>\n<p><a class=\"button blue  medium \" href=\"http:\/\/www.arovite.com\/documentos\/2006_Perez.pdf\" target=\"_blank\">Consultar PDF<\/a>[vc_empty_space height=&#8221;10&#8243;]<br \/>\n<strong>Resumen<\/strong><br \/>\nEste libro nac\u00eda con el fin de reivindicar el papel de las v\u00edctimas en el proceso de paz, que debe estar basado en la memoria, la justicia y el reconocimiento del da\u00f1o causado. Porque no se puede construir la paz, no se puede alcanzar una sociedad justa, si no se tiene en  cuenta a las v\u00edctimas; si no se recuerda lo que ha sucedido y si no se las brinda la justicia que se merecen o se las reconoce el da\u00f1o que el terror las ha causado. \u201cLas v\u00edctimas ante el proceso de paz\u201d tambi\u00e9n pretend\u00eda informar con todo detalle a ellas y a la sociedad, sobre la evoluci\u00f3n que estaba teniendo y los pasos que se estaban dando desde los estamentos pol\u00edticos y sociales para llegar al final del terrorismo. Todo ello con el fin de que sirviese, de testimonio y consulta sobre todos los detalles que se estaban produciendo en el d\u00eda a d\u00eda de un proceso de paz, que se presum\u00eda hist\u00f3rico.N<br \/>\n[vc_empty_space height=&#8221;10&#8243;]<br \/>\n<strong>Autor<\/strong><br \/>\nKepa P\u00e9rez.<br \/>\n[vc_empty_space height=&#8221;10&#8243;]<br \/>\n<strong>Tipo de documento<\/strong><br \/>\nLibro<br \/>\n[vc_empty_space height=&#8221;10&#8243;]<br \/>\n<a title=\"Enlace alternativo\" href=\"http:\/\/www.addh.org.es\/Las%20victimas%20ante%20el%20%20proceso%20de%20paz.pdf\" target=\"_blank\"><strong>Enlace alternativo.<\/strong><\/a><br \/>\n[\/vc_column_text][\/vc_column][\/vc_row]<\/p>\n<\/div>","protected":false},"excerpt":{"rendered":"<p>[vc_row][vc_column width=&#8221;1\/1&#8243;][vc_column_text][vc_empty_space height=&#8221;20&#8243;] Referencia bibliogr\u00e1fica P\u00c9REZ, Kepa (2006): Las v\u00edctimas ante el proceso de paz: el proceso de paz en Euskadi d\u00eda a d\u00eda, cronolog\u00eda del proceso de paz. Bilbao:&hellip;<\/p>\n","protected":false},"author":1,"featured_media":0,"parent":0,"menu_order":0,"comment_status":"open","ping_status":"open","template":"","meta":{"om_disable_all_campaigns":false,"_monsterinsights_skip_tracking":false,"_monsterinsights_sitenote_active":false,"_monsterinsights_sitenote_note":"","_monsterinsights_sitenote_category":0,"_uf_show_specific_survey":0,"_uf_disable_surveys":false,"_vp_format_video_url":"","_vp_image_focal_point":[],"_vp_custom_popup_image":0,"_vp_format_audio_url":"","_vp_custom_thumbnail":0,"_vp_custom_thumbnail_focal_point":[],"_vp_hover_thumbnail":0,"_vp_hover_thumbnail_focal_point":[],"footnotes":""},"class_list":["post-4573","page","type-page","status-publish","hentry"],"aioseo_notices":[],"_links":{"self":[{"href":"https:\/\/www.arovite.com\/en\/wp-json\/wp\/v2\/pages\/4573","targetHints":{"allow":["GET"]}}],"collection":[{"href":"https:\/\/www.arovite.com\/en\/wp-json\/wp\/v2\/pages"}],"about":[{"href":"https:\/\/www.arovite.com\/en\/wp-json\/wp\/v2\/types\/page"}],"author":[{"embeddable":true,"href":"https:\/\/www.arovite.com\/en\/wp-json\/wp\/v2\/users\/1"}],"replies":[{"embeddable":true,"href":"https:\/\/www.arovite.com\/en\/wp-json\/wp\/v2\/comments?post=4573"}],"version-history":[{"count":1,"href":"https:\/\/www.arovite.com\/en\/wp-json\/wp\/v2\/pages\/4573\/revisions"}],"predecessor-version":[{"id":5476,"href":"https:\/\/www.arovite.com\/en\/wp-json\/wp\/v2\/pages\/4573\/revisions\/5476"}],"wp:attachment":[{"href":"https:\/\/www.arovite.com\/en\/wp-json\/wp\/v2\/media?parent=4573"}],"curies":[{"name":"wp","href":"https:\/\/api.w.org\/{rel}","templated":true}]}}

PÉREZ, Kepa (2006)

<div class="wpb-content-wrapper"><p>[vc_row][vc_column width=&#8221;1/1&#8243;][vc_column_text][vc_empty_space height=&#8221;20&#8243;]<br />
<strong>Referencia bibliográfica</strong><br />
PÉREZ, Kepa (2006): <em>Las víctimas ante el proceso de paz: el proceso de paz en Euskadi día a día, cronología del proceso de paz</em>. Bilbao: Asociación para la Defensa de la Dignidad Humana.</p>
<p><a class="button blue  medium " href="http://www.arovite.com/documentos/2006_Perez.pdf" target="_blank">Consultar PDF</a>[vc_empty_space height=&#8221;10&#8243;]<br />
<strong>Resumen</strong><br />
Este libro nacía con el fin de reivindicar el papel de las víctimas en el proceso de paz, que debe estar basado en la memoria, la justicia y el reconocimiento del daño causado. Porque no se puede construir la paz, no se puede alcanzar una sociedad justa, si no se tiene en  cuenta a las víctimas; si no se recuerda lo que ha sucedido y si no se las brinda la justicia que se merecen o se las reconoce el daño que el terror las ha causado. “Las víctimas ante el proceso de paz” también pretendía informar con todo detalle a ellas y a la sociedad, sobre la evolución que estaba teniendo y los pasos que se estaban dando desde los estamentos políticos y sociales para llegar al final del terrorismo. Todo ello con el fin de que sirviese, de testimonio y consulta sobre todos los detalles que se estaban produciendo en el día a día de un proceso de paz, que se presumía histórico.N<br />
[vc_empty_space height=&#8221;10&#8243;]<br />
<strong>Autor</strong><br />
Kepa Pérez.<br />
[vc_empty_space height=&#8221;10&#8243;]<br />
<strong>Tipo de documento</strong><br />
Libro<br />
[vc_empty_space height=&#8221;10&#8243;]<br />
<a title="Enlace alternativo" href="http://www.addh.org.es/Las%20victimas%20ante%20el%20%20proceso%20de%20paz.pdf" target="_blank"><strong>Enlace alternativo.</strong></a><br />
[/vc_column_text][/vc_column][/vc_row]</p>
</div>

<p>[vc_row][vc_column width=&#8221;1/1&#8243;][vc_column_text][vc_empty_space height=&#8221;20&#8243;] Referencia bibliográfica PÉREZ, Kepa (2006): Las víctimas ante el proceso de paz: el proceso de paz en Euskadi día a día, cronología del proceso de paz. Bilbao:&hellip;</p>
