{"id":4459,"date":"2015-11-30T12:03:57","date_gmt":"2015-11-30T12:03:57","guid":{"rendered":"http:\/\/www.arovite.com\/perez-perez-jose-antonio-2010-2\/"},"modified":"2016-01-26T17:36:10","modified_gmt":"2016-01-26T17:36:10","slug":"perez-perez-jose-antonio-2010","status":"publish","type":"page","link":"https:\/\/www.arovite.com\/en\/perez-perez-jose-antonio-2010\/","title":{"rendered":"P\u00c9REZ P\u00c9REZ, Jos\u00e9 Antonio (2010)"},"content":{"rendered":"<div class=\"wpb-content-wrapper\"><p>[vc_row][vc_column width=&#8221;1\/1&#8243;][vc_column_text][vc_empty_space height=&#8221;20&#8243;]<br \/>\n<strong>Referencia bibliogr\u00e1fica<\/strong><br \/>\nP\u00c9REZ P\u00c9REZ, Jos\u00e9 Antonio (2010): \u00abLa memoria de las v\u00edctimas del terrorismo en el Pa\u00eds Vasco: un proyecto en marcha\u00bb, en RIVERA, Antonio y CARNICERO HERREROS, Carlos (eds.): <em>Violencia pol\u00edtica. Historia, memoria y v\u00edctimas<\/em>. Madrid: Maia, pp. 316-351.<\/p>\n<p><a class=\"button blue  medium \" href=\"http:\/\/www.arovite.com\/documentos\/2010_PerezJA.pdf\" target=\"_blank\">Consultar PDF<\/a>[vc_empty_space height=&#8221;10&#8243;]<br \/>\n<strong>Resumen<\/strong><br \/>\nLos procesos de estigmatizaci\u00f3n de las v\u00edctimas del totalitarismo presentan unos rasgos muy similares que obligan a la reflexi\u00f3n sobre el ambiente social y pol\u00edtico que propici\u00f3 la interiorizaci\u00f3n de unas determinadas ideas; las mismas que fueron configurando la atm\u00f3sfera irrespirable en que vivieron los perseguidos. La incomprensi\u00f3n ante el terror y la incapacidad para transmitir a quien no lo ha vivido en carne propia el clima de persecuci\u00f3n, abandono y humillaci\u00f3n que han sufrido durante d\u00e9cadas las v\u00edctimas del terrorismo en el Pa\u00eds Vasco, es una constante que se repite en sus testimonios. \u00abNadie puede imaginar lo que pas\u00f3 aqu\u00ed\u00bb.<br \/>\n[vc_empty_space height=&#8221;10&#8243;]<br \/>\n<strong>Autor<\/strong><br \/>\nJos\u00e9 Antonio P\u00e9rez. <a title=\"Dialnet\" href=\"http:\/\/dialnet.unirioja.es\/servlet\/autor?codigo=104127\" target=\"_blank\">P\u00e1gina del autor en Dialnet.<\/a><br \/>\n[vc_empty_space height=&#8221;10&#8243;]<br \/>\n<strong>Tipo de documento<\/strong><br \/>\nCap\u00edtulo de libro<br \/>\n[\/vc_column_text][\/vc_column][\/vc_row]<\/p>\n<\/div>","protected":false},"excerpt":{"rendered":"<p>[vc_row][vc_column width=&#8221;1\/1&#8243;][vc_column_text][vc_empty_space height=&#8221;20&#8243;] Referencia bibliogr\u00e1fica P\u00c9REZ P\u00c9REZ, Jos\u00e9 Antonio (2010): \u00abLa memoria de las v\u00edctimas del terrorismo en el Pa\u00eds Vasco: un proyecto en marcha\u00bb, en RIVERA, Antonio y CARNICERO&hellip;<\/p>\n","protected":false},"author":1,"featured_media":0,"parent":0,"menu_order":0,"comment_status":"open","ping_status":"open","template":"","meta":{"om_disable_all_campaigns":false,"_monsterinsights_skip_tracking":false,"_monsterinsights_sitenote_active":false,"_monsterinsights_sitenote_note":"","_monsterinsights_sitenote_category":0,"_uf_show_specific_survey":0,"_uf_disable_surveys":false,"_vp_format_video_url":"","_vp_image_focal_point":[],"_vp_custom_popup_image":0,"_vp_format_audio_url":"","_vp_custom_thumbnail":0,"_vp_custom_thumbnail_focal_point":[],"_vp_hover_thumbnail":0,"_vp_hover_thumbnail_focal_point":[],"footnotes":""},"class_list":["post-4459","page","type-page","status-publish","hentry"],"aioseo_notices":[],"_links":{"self":[{"href":"https:\/\/www.arovite.com\/en\/wp-json\/wp\/v2\/pages\/4459","targetHints":{"allow":["GET"]}}],"collection":[{"href":"https:\/\/www.arovite.com\/en\/wp-json\/wp\/v2\/pages"}],"about":[{"href":"https:\/\/www.arovite.com\/en\/wp-json\/wp\/v2\/types\/page"}],"author":[{"embeddable":true,"href":"https:\/\/www.arovite.com\/en\/wp-json\/wp\/v2\/users\/1"}],"replies":[{"embeddable":true,"href":"https:\/\/www.arovite.com\/en\/wp-json\/wp\/v2\/comments?post=4459"}],"version-history":[{"count":4,"href":"https:\/\/www.arovite.com\/en\/wp-json\/wp\/v2\/pages\/4459\/revisions"}],"predecessor-version":[{"id":6598,"href":"https:\/\/www.arovite.com\/en\/wp-json\/wp\/v2\/pages\/4459\/revisions\/6598"}],"wp:attachment":[{"href":"https:\/\/www.arovite.com\/en\/wp-json\/wp\/v2\/media?parent=4459"}],"curies":[{"name":"wp","href":"https:\/\/api.w.org\/{rel}","templated":true}]}}

PÉREZ PÉREZ, José Antonio (2010)

<div class="wpb-content-wrapper"><p>[vc_row][vc_column width=&#8221;1/1&#8243;][vc_column_text][vc_empty_space height=&#8221;20&#8243;]<br />
<strong>Referencia bibliográfica</strong><br />
PÉREZ PÉREZ, José Antonio (2010): «La memoria de las víctimas del terrorismo en el País Vasco: un proyecto en marcha», en RIVERA, Antonio y CARNICERO HERREROS, Carlos (eds.): <em>Violencia política. Historia, memoria y víctimas</em>. Madrid: Maia, pp. 316-351.</p>
<p><a class="button blue  medium " href="http://www.arovite.com/documentos/2010_PerezJA.pdf" target="_blank">Consultar PDF</a>[vc_empty_space height=&#8221;10&#8243;]<br />
<strong>Resumen</strong><br />
Los procesos de estigmatización de las víctimas del totalitarismo presentan unos rasgos muy similares que obligan a la reflexión sobre el ambiente social y político que propició la interiorización de unas determinadas ideas; las mismas que fueron configurando la atmósfera irrespirable en que vivieron los perseguidos. La incomprensión ante el terror y la incapacidad para transmitir a quien no lo ha vivido en carne propia el clima de persecución, abandono y humillación que han sufrido durante décadas las víctimas del terrorismo en el País Vasco, es una constante que se repite en sus testimonios. «Nadie puede imaginar lo que pasó aquí».<br />
[vc_empty_space height=&#8221;10&#8243;]<br />
<strong>Autor</strong><br />
José Antonio Pérez. <a title="Dialnet" href="http://dialnet.unirioja.es/servlet/autor?codigo=104127" target="_blank">Página del autor en Dialnet.</a><br />
[vc_empty_space height=&#8221;10&#8243;]<br />
<strong>Tipo de documento</strong><br />
Capítulo de libro<br />
[/vc_column_text][/vc_column][/vc_row]</p>
</div>

<p>[vc_row][vc_column width=&#8221;1/1&#8243;][vc_column_text][vc_empty_space height=&#8221;20&#8243;] Referencia bibliográfica PÉREZ PÉREZ, José Antonio (2010): «La memoria de las víctimas del terrorismo en el País Vasco: un proyecto en marcha», en RIVERA, Antonio y CARNICERO&hellip;</p>
