{"id":4400,"date":"2015-11-30T11:27:15","date_gmt":"2015-11-30T11:27:15","guid":{"rendered":"http:\/\/www.arovite.com\/barrenetxea-igor-2006-2\/"},"modified":"2015-11-30T11:27:15","modified_gmt":"2015-11-30T11:27:15","slug":"barrenetxea-igor-2006","status":"publish","type":"page","link":"https:\/\/www.arovite.com\/en\/barrenetxea-igor-2006\/","title":{"rendered":"BARRENETXEA, Igor (2006)"},"content":{"rendered":"<div class=\"wpb-content-wrapper\"><p>[vc_row][vc_column width=&#8221;1\/1&#8243;][vc_column_text][vc_empty_space height=&#8221;20&#8243;]<br \/>\n<strong>Referencia bibliogr\u00e1fica<\/strong><br \/>\nBARRENETXEA, Igor (2006): \u00abLa pelota vasca: la piel contra la piedra. Historia de una pol\u00e9mica\u00bb, <em>Sancho el Sabio<\/em>, n\u00ba 25, pp. 138-162.<\/p>\n<p><a class=\"button blue  medium \" href=\"http:\/\/www.memoriadigitalvasca.es\/applet\/libros\/JPG\/213169\/2006_06_01\/213169_2006_06_01.pdf\" target=\"_blank\">Consultar PDF<\/a>[vc_empty_space height=&#8221;10&#8243;]<br \/>\n<strong>Resumen<\/strong><br \/>\nAntes de su estreno, el filme La pelota vasca de Julio Medem se vio envuelto de antemano en una agria pol\u00e9mica. As\u00ed, el intento de Medem de acercarse a explicar el conflicto vasco a trav\u00e9s de un documental donde recoge una amplia gama de entrevistas gener\u00f3 una fuerte ola de cr\u00edticas a favor y en contra de su planteamiento. De tal modo, su idea de tender puentes deriv\u00f3 en una historia muy particular que reflej\u00f3 una vez m\u00e1s las distintas sensibilidades encontradas sobre el tema en el Pa\u00eds Vasco y Espa\u00f1a.<br \/>\n[vc_empty_space height=&#8221;10&#8243;]<br \/>\n<strong>Laburpena<\/strong><br \/>\nEstreinatu aurretik ere, Julio Medemen La pelota vasca filmak polemika latza jasan behar izan zuen. Medemek euskal gatazka azaldu nahi zuen, hainbat elkarrizketa eta iritzi biltzen dituen dokumentalaren bitartez. Ahalegin horrek, ordea, kritika ugari sorrarazi zituen, erabilitako planteamenduaren aldekoak eta aurkakoak. Hortaz, zinemagilearen asmoa zubiak ezartzea bazen ere, oso bestelako emaitza ekarri zuen, Euskal Herrian eta Espainian gai horri buruz indarrean dauden elkarren aurkako sentsibilitateak berriz ere agerian geratu baitziren.<br \/>\n[vc_empty_space height=&#8221;10&#8243;]<br \/>\n<strong>Abstract<\/strong><br \/>\nEven prior to its release, Julio Medem&#8217;s film La pelota vasca was surrounded by bitter controversy. His endeavour to explain the Basque conflict by means of a documentary based on interviews with a wide range of people generated a strong wave of criticism for and against the way he tackled the matter. The idea of building bridges emerged in the shape of a very particular story, once again reflecting the different sensitivities existing on the subject in the Basque Country and Spain.<br \/>\n[vc_empty_space height=&#8221;10&#8243;]<br \/>\n<strong>Autor<\/strong><br \/>\nIgor Barrenetxea Mara\u00f1\u00f3n. <a title=\"Dialnet\" href=\"http:\/\/dialnet.unirioja.es\/servlet\/autor?codigo=153222\" target=\"_blank\">P\u00e1gina del autor en Dialnet.<\/a><br \/>\n[vc_empty_space height=&#8221;10&#8243;]<br \/>\n<strong>Tipo de documento<\/strong><br \/>\nArt\u00edculo<br \/>\n[vc_empty_space height=&#8221;10&#8243;]<br \/>\n<a title=\"Enlace alternativo\" href=\"http:\/\/dialnet.unirioja.es\/servlet\/articulo?codigo=2188420\" target=\"_blank\">Enlace alternativo.<\/a><br \/>\n[vc_empty_space height=&#8221;10&#8243;]<br \/>\n[\/vc_column_text][\/vc_column][\/vc_row]<\/p>\n<\/div>","protected":false},"excerpt":{"rendered":"<p>[vc_row][vc_column width=&#8221;1\/1&#8243;][vc_column_text][vc_empty_space height=&#8221;20&#8243;] Referencia bibliogr\u00e1fica BARRENETXEA, Igor (2006): \u00abLa pelota vasca: la piel contra la piedra. Historia de una pol\u00e9mica\u00bb, Sancho el Sabio, n\u00ba 25, pp. 138-162. Consultar PDF[vc_empty_space height=&#8221;10&#8243;]&hellip;<\/p>\n","protected":false},"author":2,"featured_media":0,"parent":0,"menu_order":0,"comment_status":"open","ping_status":"open","template":"","meta":{"om_disable_all_campaigns":false,"_monsterinsights_skip_tracking":false,"_monsterinsights_sitenote_active":false,"_monsterinsights_sitenote_note":"","_monsterinsights_sitenote_category":0,"_uf_show_specific_survey":0,"_uf_disable_surveys":false,"_vp_format_video_url":"","_vp_image_focal_point":[],"_vp_custom_popup_image":0,"_vp_format_audio_url":"","_vp_custom_thumbnail":0,"_vp_custom_thumbnail_focal_point":[],"_vp_hover_thumbnail":0,"_vp_hover_thumbnail_focal_point":[],"footnotes":""},"class_list":["post-4400","page","type-page","status-publish","hentry"],"aioseo_notices":[],"_links":{"self":[{"href":"https:\/\/www.arovite.com\/en\/wp-json\/wp\/v2\/pages\/4400","targetHints":{"allow":["GET"]}}],"collection":[{"href":"https:\/\/www.arovite.com\/en\/wp-json\/wp\/v2\/pages"}],"about":[{"href":"https:\/\/www.arovite.com\/en\/wp-json\/wp\/v2\/types\/page"}],"author":[{"embeddable":true,"href":"https:\/\/www.arovite.com\/en\/wp-json\/wp\/v2\/users\/2"}],"replies":[{"embeddable":true,"href":"https:\/\/www.arovite.com\/en\/wp-json\/wp\/v2\/comments?post=4400"}],"version-history":[{"count":0,"href":"https:\/\/www.arovite.com\/en\/wp-json\/wp\/v2\/pages\/4400\/revisions"}],"wp:attachment":[{"href":"https:\/\/www.arovite.com\/en\/wp-json\/wp\/v2\/media?parent=4400"}],"curies":[{"name":"wp","href":"https:\/\/api.w.org\/{rel}","templated":true}]}}

<div class="wpb-content-wrapper"><p>[vc_row][vc_column width=&#8221;1/1&#8243;][vc_column_text][vc_empty_space height=&#8221;20&#8243;]<br />
<strong>Referencia bibliográfica</strong><br />
BARRENETXEA, Igor (2006): «La pelota vasca: la piel contra la piedra. Historia de una polémica», <em>Sancho el Sabio</em>, nº 25, pp. 138-162.</p>
<p><a class="button blue  medium " href="http://www.memoriadigitalvasca.es/applet/libros/JPG/213169/2006_06_01/213169_2006_06_01.pdf" target="_blank">Consultar PDF</a>[vc_empty_space height=&#8221;10&#8243;]<br />
<strong>Resumen</strong><br />
Antes de su estreno, el filme La pelota vasca de Julio Medem se vio envuelto de antemano en una agria polémica. Así, el intento de Medem de acercarse a explicar el conflicto vasco a través de un documental donde recoge una amplia gama de entrevistas generó una fuerte ola de críticas a favor y en contra de su planteamiento. De tal modo, su idea de tender puentes derivó en una historia muy particular que reflejó una vez más las distintas sensibilidades encontradas sobre el tema en el País Vasco y España.<br />
[vc_empty_space height=&#8221;10&#8243;]<br />
<strong>Laburpena</strong><br />
Estreinatu aurretik ere, Julio Medemen La pelota vasca filmak polemika latza jasan behar izan zuen. Medemek euskal gatazka azaldu nahi zuen, hainbat elkarrizketa eta iritzi biltzen dituen dokumentalaren bitartez. Ahalegin horrek, ordea, kritika ugari sorrarazi zituen, erabilitako planteamenduaren aldekoak eta aurkakoak. Hortaz, zinemagilearen asmoa zubiak ezartzea bazen ere, oso bestelako emaitza ekarri zuen, Euskal Herrian eta Espainian gai horri buruz indarrean dauden elkarren aurkako sentsibilitateak berriz ere agerian geratu baitziren.<br />
[vc_empty_space height=&#8221;10&#8243;]<br />
<strong>Abstract</strong><br />
Even prior to its release, Julio Medem&#8217;s film La pelota vasca was surrounded by bitter controversy. His endeavour to explain the Basque conflict by means of a documentary based on interviews with a wide range of people generated a strong wave of criticism for and against the way he tackled the matter. The idea of building bridges emerged in the shape of a very particular story, once again reflecting the different sensitivities existing on the subject in the Basque Country and Spain.<br />
[vc_empty_space height=&#8221;10&#8243;]<br />
<strong>Autor</strong><br />
Igor Barrenetxea Marañón. <a title="Dialnet" href="http://dialnet.unirioja.es/servlet/autor?codigo=153222" target="_blank">Página del autor en Dialnet.</a><br />
[vc_empty_space height=&#8221;10&#8243;]<br />
<strong>Tipo de documento</strong><br />
Artículo<br />
[vc_empty_space height=&#8221;10&#8243;]<br />
<a title="Enlace alternativo" href="http://dialnet.unirioja.es/servlet/articulo?codigo=2188420" target="_blank">Enlace alternativo.</a><br />
[vc_empty_space height=&#8221;10&#8243;]<br />
[/vc_column_text][/vc_column][/vc_row]</p>
</div>

<p>[vc_row][vc_column width=&#8221;1/1&#8243;][vc_column_text][vc_empty_space height=&#8221;20&#8243;] Referencia bibliográfica BARRENETXEA, Igor (2006): «La pelota vasca: la piel contra la piedra. Historia de una polémica», Sancho el Sabio, nº 25, pp. 138-162. Consultar PDF[vc_empty_space height=&#8221;10&#8243;]&hellip;</p>
