{"id":4229,"date":"2015-11-30T10:21:40","date_gmt":"2015-11-30T10:21:40","guid":{"rendered":"http:\/\/www.arovite.com\/aranzadi-juan-1994-2\/"},"modified":"2016-01-24T13:53:36","modified_gmt":"2016-01-24T13:53:36","slug":"aranzadi-juan-1994","status":"publish","type":"page","link":"https:\/\/www.arovite.com\/en\/aranzadi-juan-1994\/","title":{"rendered":"ARANZADI, Juan (1994)"},"content":{"rendered":"<div class=\"wpb-content-wrapper\"><p>[vc_row][vc_column width=&#8221;1\/1&#8243;][vc_column_text][vc_empty_space height=&#8221;20&#8243;]<br \/>\n<strong>Referencia bibliogr\u00e1fica<\/strong><br \/>\nARANZADI, Juan (1994): \u00abViolencia etarra y etnicidad\u00bb, <em>Ayer<\/em>, n\u00ba 13, pp. 189-209.<\/p>\n<p><a class=\"button blue  medium \" href=\"http:\/\/www.arovite.com\/documentos\/1994_Aranzadi.pdf\" target=\"_blank\">Consultar PDF<\/a>[vc_empty_space height=&#8221;10&#8243;]<br \/>\n<strong>Resumen<\/strong><br \/>\nLa imagen que de s\u00ed mismos se han venido haciendo los etarras y que, hasta ayer mismo, ha venido funcionando en el Pa\u00eds Vasco y fuera de \u00e9l como una aut\u00e9ntica representaci\u00f3n colectiva en el sentido durkheimiano les presenta como herederos de los gudaris (soldados nacionalistas del Gobierno Vasco en la guerra civil) y continuadores de los guerrilleros carlistas en supuesta lucha contra la abolici\u00f3n de la \u00abindependencia\u00bb foral.<br \/>\n[vc_empty_space height=&#8221;10&#8243;]<br \/>\n<strong>Autor<\/strong><br \/>\nJuan Aranzadi. <a title=\"Dialnet\" href=\"http:\/\/dialnet.unirioja.es\/servlet\/autor?codigo=9616\" target=\"_blank\">P\u00e1gina del autor en Dialnet.<\/a><br \/>\n[vc_empty_space height=&#8221;10&#8243;]<br \/>\n<strong>Tipo de documento<\/strong><br \/>\nArt\u00edculo<br \/>\n[vc_empty_space height=&#8221;10&#8243;]<br \/>\n[\/vc_column_text][\/vc_column][\/vc_row]<\/p>\n<\/div>","protected":false},"excerpt":{"rendered":"<p>[vc_row][vc_column width=&#8221;1\/1&#8243;][vc_column_text][vc_empty_space height=&#8221;20&#8243;] Referencia bibliogr\u00e1fica ARANZADI, Juan (1994): \u00abViolencia etarra y etnicidad\u00bb, Ayer, n\u00ba 13, pp. 189-209. Consultar PDF[vc_empty_space height=&#8221;10&#8243;] Resumen La imagen que de s\u00ed mismos se han venido&hellip;<\/p>\n","protected":false},"author":2,"featured_media":0,"parent":0,"menu_order":0,"comment_status":"open","ping_status":"open","template":"","meta":{"om_disable_all_campaigns":false,"_monsterinsights_skip_tracking":false,"_monsterinsights_sitenote_active":false,"_monsterinsights_sitenote_note":"","_monsterinsights_sitenote_category":0,"_uf_show_specific_survey":0,"_uf_disable_surveys":false,"_vp_format_video_url":"","_vp_image_focal_point":[],"_vp_custom_popup_image":0,"_vp_format_audio_url":"","_vp_custom_thumbnail":0,"_vp_custom_thumbnail_focal_point":[],"_vp_hover_thumbnail":0,"_vp_hover_thumbnail_focal_point":[],"footnotes":""},"class_list":["post-4229","page","type-page","status-publish","hentry"],"aioseo_notices":[],"_links":{"self":[{"href":"https:\/\/www.arovite.com\/en\/wp-json\/wp\/v2\/pages\/4229","targetHints":{"allow":["GET"]}}],"collection":[{"href":"https:\/\/www.arovite.com\/en\/wp-json\/wp\/v2\/pages"}],"about":[{"href":"https:\/\/www.arovite.com\/en\/wp-json\/wp\/v2\/types\/page"}],"author":[{"embeddable":true,"href":"https:\/\/www.arovite.com\/en\/wp-json\/wp\/v2\/users\/2"}],"replies":[{"embeddable":true,"href":"https:\/\/www.arovite.com\/en\/wp-json\/wp\/v2\/comments?post=4229"}],"version-history":[{"count":1,"href":"https:\/\/www.arovite.com\/en\/wp-json\/wp\/v2\/pages\/4229\/revisions"}],"predecessor-version":[{"id":6440,"href":"https:\/\/www.arovite.com\/en\/wp-json\/wp\/v2\/pages\/4229\/revisions\/6440"}],"wp:attachment":[{"href":"https:\/\/www.arovite.com\/en\/wp-json\/wp\/v2\/media?parent=4229"}],"curies":[{"name":"wp","href":"https:\/\/api.w.org\/{rel}","templated":true}]}}

<div class="wpb-content-wrapper"><p>[vc_row][vc_column width=&#8221;1/1&#8243;][vc_column_text][vc_empty_space height=&#8221;20&#8243;]<br />
<strong>Referencia bibliográfica</strong><br />
ARANZADI, Juan (1994): «Violencia etarra y etnicidad», <em>Ayer</em>, nº 13, pp. 189-209.</p>
<p><a class="button blue  medium " href="http://www.arovite.com/documentos/1994_Aranzadi.pdf" target="_blank">Consultar PDF</a>[vc_empty_space height=&#8221;10&#8243;]<br />
<strong>Resumen</strong><br />
La imagen que de sí mismos se han venido haciendo los etarras y que, hasta ayer mismo, ha venido funcionando en el País Vasco y fuera de él como una auténtica representación colectiva en el sentido durkheimiano les presenta como herederos de los gudaris (soldados nacionalistas del Gobierno Vasco en la guerra civil) y continuadores de los guerrilleros carlistas en supuesta lucha contra la abolición de la «independencia» foral.<br />
[vc_empty_space height=&#8221;10&#8243;]<br />
<strong>Autor</strong><br />
Juan Aranzadi. <a title="Dialnet" href="http://dialnet.unirioja.es/servlet/autor?codigo=9616" target="_blank">Página del autor en Dialnet.</a><br />
[vc_empty_space height=&#8221;10&#8243;]<br />
<strong>Tipo de documento</strong><br />
Artículo<br />
[vc_empty_space height=&#8221;10&#8243;]<br />
[/vc_column_text][/vc_column][/vc_row]</p>
</div>

<p>[vc_row][vc_column width=&#8221;1/1&#8243;][vc_column_text][vc_empty_space height=&#8221;20&#8243;] Referencia bibliográfica ARANZADI, Juan (1994): «Violencia etarra y etnicidad», Ayer, nº 13, pp. 189-209. Consultar PDF[vc_empty_space height=&#8221;10&#8243;] Resumen La imagen que de sí mismos se han venido&hellip;</p>
