{"id":4089,"date":"2015-11-30T08:44:37","date_gmt":"2015-11-30T08:44:37","guid":{"rendered":"http:\/\/www.arovite.com\/alonso-martin-2013-2\/"},"modified":"2016-01-26T18:11:11","modified_gmt":"2016-01-26T18:11:11","slug":"alonso-martin-2013","status":"publish","type":"page","link":"https:\/\/www.arovite.com\/en\/alonso-martin-2013\/","title":{"rendered":"ALONSO, Mart\u00edn (2013)"},"content":{"rendered":"<div class=\"wpb-content-wrapper\"><p>[vc_row][vc_column width=&#8221;1\/1&#8243;][vc_column_text][vc_empty_space height=&#8221;20&#8243;]<br \/>\n<strong>Referencia bibliogr\u00e1fica<\/strong><br \/>\nALONSO, Mart\u00edn (2013): \u00abLa Conferencia de Ayete: una coreograf\u00eda para la impunidad\u00bb, Bakeaz: working paper (prepublicaci\u00f3n).<\/p>\n<p><a class=\"button blue  medium \" href=\"http:\/\/www.arovite.com\/documentos\/2013_Alonso.pdf\" target=\"_blank\">Consultar PDF<\/a>[vc_empty_space height=&#8221;10&#8243;]<br \/>\n<strong>Resumen<\/strong><br \/>\nLa denominada Conferencia Internacional de Paz, celebrada en San Sebasti\u00e1n en octubre de 2011, ha servido simult\u00e1neamente para ofrecer una salida airosa a ETA y para reactualizar los contenidos del programa del nacionalismo radical, acompa\u00f1ando el desistimiento de ETA con reivindicaciones pol\u00edticas de distinto orden. La que aqu\u00ed nos ocupa tiene que ver con las implicaciones de la formulaci\u00f3n del \u201cnuevo tiempo\u201d como aquel que tiene como objetivo principal afrontar \u201clas consecuencias del conflicto\u201d. El an\u00e1lisis complementario de los rituales, los discursos y las pr\u00e1cticas de los promotores y asistentes a la Conferencia tiene la finalidad de evaluar los supuestos subyacentes en relaci\u00f3n con la tarea de enfrentar un pasado caracterizado por la impronta profunda del terrorismo. La sentencia del Tribunal Europeo de Derechos Humanos avalando la ilegalizaci\u00f3n de Batasuna asest\u00f3 un duro golpe al nacionalismo radical; la constelaci\u00f3n de actos que tiene en la Conferencia de 2011 su punto culminante constituye una respuesta tendente a revertir aquel impacto propiciando a la vez el escenario para una muerte dulce de ETA y un impulso a la agenda pol\u00edtica del movimiento radical.<br \/>\n[vc_empty_space height=&#8221;10&#8243;]<br \/>\n<strong>Autor<\/strong><br \/>\nMart\u00edn Alonso Zarza. <a title=\"Dialnet\" href=\"http:\/\/dialnet.unirioja.es\/servlet\/autor?codigo=2327050\" target=\"_blank\">P\u00e1gina del autor en Dialnet.<\/a><br \/>\n[vc_empty_space height=&#8221;10&#8243;]<br \/>\n<strong>Tipo de documento<\/strong><br \/>\nArt\u00edculo<br \/>\n[vc_empty_space height=&#8221;10&#8243;]<br \/>\n[\/vc_column_text][\/vc_column][\/vc_row]<\/p>\n<\/div>","protected":false},"excerpt":{"rendered":"<p>[vc_row][vc_column width=&#8221;1\/1&#8243;][vc_column_text][vc_empty_space height=&#8221;20&#8243;] Referencia bibliogr\u00e1fica ALONSO, Mart\u00edn (2013): \u00abLa Conferencia de Ayete: una coreograf\u00eda para la impunidad\u00bb, Bakeaz: working paper (prepublicaci\u00f3n). Consultar PDF[vc_empty_space height=&#8221;10&#8243;] Resumen La denominada Conferencia Internacional de&hellip;<\/p>\n","protected":false},"author":1,"featured_media":0,"parent":0,"menu_order":0,"comment_status":"open","ping_status":"open","template":"","meta":{"om_disable_all_campaigns":false,"_monsterinsights_skip_tracking":false,"_monsterinsights_sitenote_active":false,"_monsterinsights_sitenote_note":"","_monsterinsights_sitenote_category":0,"_uf_show_specific_survey":0,"_uf_disable_surveys":false,"_vp_format_video_url":"","_vp_image_focal_point":[],"_vp_custom_popup_image":0,"_vp_format_audio_url":"","_vp_custom_thumbnail":0,"_vp_custom_thumbnail_focal_point":[],"_vp_hover_thumbnail":0,"_vp_hover_thumbnail_focal_point":[],"footnotes":""},"class_list":["post-4089","page","type-page","status-publish","hentry"],"aioseo_notices":[],"_links":{"self":[{"href":"https:\/\/www.arovite.com\/en\/wp-json\/wp\/v2\/pages\/4089","targetHints":{"allow":["GET"]}}],"collection":[{"href":"https:\/\/www.arovite.com\/en\/wp-json\/wp\/v2\/pages"}],"about":[{"href":"https:\/\/www.arovite.com\/en\/wp-json\/wp\/v2\/types\/page"}],"author":[{"embeddable":true,"href":"https:\/\/www.arovite.com\/en\/wp-json\/wp\/v2\/users\/1"}],"replies":[{"embeddable":true,"href":"https:\/\/www.arovite.com\/en\/wp-json\/wp\/v2\/comments?post=4089"}],"version-history":[{"count":2,"href":"https:\/\/www.arovite.com\/en\/wp-json\/wp\/v2\/pages\/4089\/revisions"}],"predecessor-version":[{"id":6584,"href":"https:\/\/www.arovite.com\/en\/wp-json\/wp\/v2\/pages\/4089\/revisions\/6584"}],"wp:attachment":[{"href":"https:\/\/www.arovite.com\/en\/wp-json\/wp\/v2\/media?parent=4089"}],"curies":[{"name":"wp","href":"https:\/\/api.w.org\/{rel}","templated":true}]}}

ALONSO, Martín (2013)

<div class="wpb-content-wrapper"><p>[vc_row][vc_column width=&#8221;1/1&#8243;][vc_column_text][vc_empty_space height=&#8221;20&#8243;]<br />
<strong>Referencia bibliográfica</strong><br />
ALONSO, Martín (2013): «La Conferencia de Ayete: una coreografía para la impunidad», Bakeaz: working paper (prepublicación).</p>
<p><a class="button blue  medium " href="http://www.arovite.com/documentos/2013_Alonso.pdf" target="_blank">Consultar PDF</a>[vc_empty_space height=&#8221;10&#8243;]<br />
<strong>Resumen</strong><br />
La denominada Conferencia Internacional de Paz, celebrada en San Sebastián en octubre de 2011, ha servido simultáneamente para ofrecer una salida airosa a ETA y para reactualizar los contenidos del programa del nacionalismo radical, acompañando el desistimiento de ETA con reivindicaciones políticas de distinto orden. La que aquí nos ocupa tiene que ver con las implicaciones de la formulación del “nuevo tiempo” como aquel que tiene como objetivo principal afrontar “las consecuencias del conflicto”. El análisis complementario de los rituales, los discursos y las prácticas de los promotores y asistentes a la Conferencia tiene la finalidad de evaluar los supuestos subyacentes en relación con la tarea de enfrentar un pasado caracterizado por la impronta profunda del terrorismo. La sentencia del Tribunal Europeo de Derechos Humanos avalando la ilegalización de Batasuna asestó un duro golpe al nacionalismo radical; la constelación de actos que tiene en la Conferencia de 2011 su punto culminante constituye una respuesta tendente a revertir aquel impacto propiciando a la vez el escenario para una muerte dulce de ETA y un impulso a la agenda política del movimiento radical.<br />
[vc_empty_space height=&#8221;10&#8243;]<br />
<strong>Autor</strong><br />
Martín Alonso Zarza. <a title="Dialnet" href="http://dialnet.unirioja.es/servlet/autor?codigo=2327050" target="_blank">Página del autor en Dialnet.</a><br />
[vc_empty_space height=&#8221;10&#8243;]<br />
<strong>Tipo de documento</strong><br />
Artículo<br />
[vc_empty_space height=&#8221;10&#8243;]<br />
[/vc_column_text][/vc_column][/vc_row]</p>
</div>

<p>[vc_row][vc_column width=&#8221;1/1&#8243;][vc_column_text][vc_empty_space height=&#8221;20&#8243;] Referencia bibliográfica ALONSO, Martín (2013): «La Conferencia de Ayete: una coreografía para la impunidad», Bakeaz: working paper (prepublicación). Consultar PDF[vc_empty_space height=&#8221;10&#8243;] Resumen La denominada Conferencia Internacional de&hellip;</p>
