{"id":25218,"date":"2026-03-08T09:24:51","date_gmt":"2026-03-08T09:24:51","guid":{"rendered":"https:\/\/www.arovite.com\/hernandez-ruiz-victoria-2023\/"},"modified":"2026-03-08T09:24:51","modified_gmt":"2026-03-08T09:24:51","slug":"hernandez-ruiz-victoria-2023","status":"publish","type":"page","link":"https:\/\/www.arovite.com\/en\/hernandez-ruiz-victoria-2023\/","title":{"rendered":"HERN\u00c1NDEZ RUIZ, Victoria (2023)"},"content":{"rendered":"<div class=\"wpb-content-wrapper\"><p>[vc_row][vc_column width=&#8221;1\/1&#8243;][vc_column_text][vc_empty_space height=&#8221;20&#8243;]<br \/>\n<strong>Referencia bibliogr\u00e1fica<\/strong><\/p>\n<p>HERN\u00c1NDEZ RUIZ, Victoria (2023): \u00ab&#8217;Patria&#8217; y la construcci\u00f3n de la realidad social\u00bb, en ABELL\u00c1N-GARC\u00cdA BARRIO, \u00c1lvaro (coord.): <em>Mundos posibles po\u00e9ticos. El caso de <\/em>Patria<em>: el pueblo, la novela, la serie<\/em>. Madrid: Catarata, pp. 31-48.<\/p>\n<p><a class=\"button blue  medium \" href=\"https:\/\/ddfv.ufv.es\/rest\/api\/core\/bitstreams\/a3840042-446f-4043-883b-f7738e7866d9\/content\" target=\"_blank\">Consultar PDF<\/a>[vc_empty_space height=&#8221;10&#8243;]<br \/>\n<strong>Resumen<\/strong><br \/>\nTras la aparici\u00f3n de la novela <em>Patria<\/em>, algo comenz\u00f3 a cambiar: desde los medios de comunicaci\u00f3n se multiplicaban las rese\u00f1as, las noticias sobre los logros editoriales que cosechaba la obra en las listas de ventas y las entrevistas al autor, sorprendido por el acontecimiento que su obra estaba suponiendo. Los premios no tardaron el llegar, como tampoco lo hizo la noticia de la adaptaci\u00f3n televisiva de la obra por parte de HBO, la adaptaci\u00f3n como novela gr\u00e1fica \u2013en la obra hom\u00f3nima de Fejzula (2020)\u2013, as\u00ed como un buen pu\u00f1ado de estudios acad\u00e9micos en torno a la obra citada. Y as\u00ed, poco a poco, <em>Patria<\/em> y el mundo posible que en ella se despliega pasaron a formar parte de nuestras vidas. [vc_empty_space height=&#8221;10&#8243;]<br \/>\n<strong>Autor<\/strong><br \/>\nVictoria Hern\u00e1ndez Ruiz. <a title=\"Dialnet\" href=\"https:\/\/dialnet.unirioja.es\/servlet\/autor?codigo=4907146\" target=\"_blank\">P\u00e1gina del autor en Dialnet.<\/a><br \/>\n[vc_empty_space height=&#8221;10&#8243;]<br \/>\n<strong>Tipo de documento<\/strong><br \/>\nCap\u00edtulo de libro<br \/>\n[vc_empty_space height=&#8221;10&#8243;]<br \/>\n[\/vc_column_text][\/vc_column][\/vc_row]<\/p>\n<\/div>","protected":false},"excerpt":{"rendered":"<p>[vc_row][vc_column width=&#8221;1\/1&#8243;][vc_column_text][vc_empty_space height=&#8221;20&#8243;] Referencia bibliogr\u00e1fica HERN\u00c1NDEZ RUIZ, Victoria (2023): \u00ab&#8217;Patria&#8217; y la construcci\u00f3n de la realidad social\u00bb, en ABELL\u00c1N-GARC\u00cdA BARRIO, \u00c1lvaro (coord.): Mundos posibles po\u00e9ticos. El caso de Patria: el&hellip;<\/p>\n","protected":false},"author":1,"featured_media":0,"parent":0,"menu_order":0,"comment_status":"closed","ping_status":"closed","template":"","meta":{"om_disable_all_campaigns":false,"_monsterinsights_skip_tracking":false,"_monsterinsights_sitenote_active":false,"_monsterinsights_sitenote_note":"","_monsterinsights_sitenote_category":0,"_uf_show_specific_survey":0,"_uf_disable_surveys":false,"_vp_format_video_url":"","_vp_image_focal_point":[],"_vp_custom_popup_image":0,"_vp_format_audio_url":"","_vp_custom_thumbnail":0,"_vp_custom_thumbnail_focal_point":[],"_vp_hover_thumbnail":0,"_vp_hover_thumbnail_focal_point":[],"footnotes":""},"class_list":["post-25218","page","type-page","status-publish","hentry"],"aioseo_notices":[],"_links":{"self":[{"href":"https:\/\/www.arovite.com\/en\/wp-json\/wp\/v2\/pages\/25218","targetHints":{"allow":["GET"]}}],"collection":[{"href":"https:\/\/www.arovite.com\/en\/wp-json\/wp\/v2\/pages"}],"about":[{"href":"https:\/\/www.arovite.com\/en\/wp-json\/wp\/v2\/types\/page"}],"author":[{"embeddable":true,"href":"https:\/\/www.arovite.com\/en\/wp-json\/wp\/v2\/users\/1"}],"replies":[{"embeddable":true,"href":"https:\/\/www.arovite.com\/en\/wp-json\/wp\/v2\/comments?post=25218"}],"version-history":[{"count":0,"href":"https:\/\/www.arovite.com\/en\/wp-json\/wp\/v2\/pages\/25218\/revisions"}],"wp:attachment":[{"href":"https:\/\/www.arovite.com\/en\/wp-json\/wp\/v2\/media?parent=25218"}],"curies":[{"name":"wp","href":"https:\/\/api.w.org\/{rel}","templated":true}]}}

HERNÁNDEZ RUIZ, Victoria (2023)

<div class="wpb-content-wrapper"><p>[vc_row][vc_column width=&#8221;1/1&#8243;][vc_column_text][vc_empty_space height=&#8221;20&#8243;]<br />
<strong>Referencia bibliográfica</strong></p>
<p>HERNÁNDEZ RUIZ, Victoria (2023): «&#8217;Patria&#8217; y la construcción de la realidad social», en ABELLÁN-GARCÍA BARRIO, Álvaro (coord.): <em>Mundos posibles poéticos. El caso de </em>Patria<em>: el pueblo, la novela, la serie</em>. Madrid: Catarata, pp. 31-48.</p>
<p><a class="button blue  medium " href="https://ddfv.ufv.es/rest/api/core/bitstreams/a3840042-446f-4043-883b-f7738e7866d9/content" target="_blank">Consultar PDF</a>[vc_empty_space height=&#8221;10&#8243;]<br />
<strong>Resumen</strong><br />
Tras la aparición de la novela <em>Patria</em>, algo comenzó a cambiar: desde los medios de comunicación se multiplicaban las reseñas, las noticias sobre los logros editoriales que cosechaba la obra en las listas de ventas y las entrevistas al autor, sorprendido por el acontecimiento que su obra estaba suponiendo. Los premios no tardaron el llegar, como tampoco lo hizo la noticia de la adaptación televisiva de la obra por parte de HBO, la adaptación como novela gráfica –en la obra homónima de Fejzula (2020)–, así como un buen puñado de estudios académicos en torno a la obra citada. Y así, poco a poco, <em>Patria</em> y el mundo posible que en ella se despliega pasaron a formar parte de nuestras vidas. [vc_empty_space height=&#8221;10&#8243;]<br />
<strong>Autor</strong><br />
Victoria Hernández Ruiz. <a title="Dialnet" href="https://dialnet.unirioja.es/servlet/autor?codigo=4907146" target="_blank">Página del autor en Dialnet.</a><br />
[vc_empty_space height=&#8221;10&#8243;]<br />
<strong>Tipo de documento</strong><br />
Capítulo de libro<br />
[vc_empty_space height=&#8221;10&#8243;]<br />
[/vc_column_text][/vc_column][/vc_row]</p>
</div>

<p>[vc_row][vc_column width=&#8221;1/1&#8243;][vc_column_text][vc_empty_space height=&#8221;20&#8243;] Referencia bibliográfica HERNÁNDEZ RUIZ, Victoria (2023): «&#8217;Patria&#8217; y la construcción de la realidad social», en ABELLÁN-GARCÍA BARRIO, Álvaro (coord.): Mundos posibles poéticos. El caso de Patria: el&hellip;</p>
