{"id":25210,"date":"2026-03-07T10:21:57","date_gmt":"2026-03-07T10:21:57","guid":{"rendered":"https:\/\/www.arovite.com\/garcia-lerma-miguel-2022\/"},"modified":"2026-03-07T10:21:57","modified_gmt":"2026-03-07T10:21:57","slug":"garcia-lerma-miguel-2022","status":"publish","type":"page","link":"https:\/\/www.arovite.com\/en\/garcia-lerma-miguel-2022\/","title":{"rendered":"GARC\u00cdA LERMA, Miguel (2022)"},"content":{"rendered":"<div class=\"wpb-content-wrapper\"><p>[vc_row][vc_column width=&#8221;1\/1&#8243;][vc_column_text][vc_empty_space height=&#8221;20&#8243;]<br \/>\n<strong>Referencia bibliogr\u00e1fica<\/strong><\/p>\n<p>GARC\u00cdA LERMA, Miguel (2022): \u00abLa violencia pol\u00edtica en Pa\u00eds Vasco: los grupos armados m\u00e1s all\u00e1 de ETA (1977-1991)\u00bb, en JIM\u00c9NEZ AGUILAR, Francisco, MAROTO BLANCO, Jos\u00e9 Manuel, MART\u00cdNEZ MART\u00cdNEZ, Alba, ROM\u00c1N RUIZ, Gloria y SEGOVIA GANIVET, Antonio (coords.): <em>Conversaciones contempor\u00e1neas. Transnacionalidad, g\u00e9nero y conflictos en los siglos XIX y XX<\/em>. Granada: Comares, pp. 787-802.<\/p>\n<p><a class=\"button blue  medium \" href=\"https:\/\/www.academia.edu\/129407615\/La_violencia_pol%C3%ADtica_en_Pa%C3%ADs_vasco_los_grupos_armados_m%C3%A1s_all%C3%A1_de_ETA\" target=\"_blank\">Consultar PDF<\/a>[vc_empty_space height=&#8221;10&#8243;]<br \/>\n<strong>Resumen<\/strong><br \/>\nLa aparici\u00f3n de experiencias de violencia pol\u00edtica por diversos grupos pol\u00edticos durante la dictadura franquista y la Transici\u00f3n no constituye un fen\u00f3meno aislado, ni en el contexto europeo, ni en el internacional. Las influencias del convulso contexto de la segunda mitad de siglo XX, abri\u00f3 debates sobre el uso de la violencia pol\u00edtica, basado en diversas experiencias, producto de los conflictos que se van a producir en la competencia de las potencias vencedoras de la Segunda Guerra Mundial. La Descolonizaci\u00f3n y las guerras coloniales el fen\u00f3meno guerrillero en America Latina, as\u00ed como las experiencias de la nueva izquierda radical que se va a desarrollar desde diferentes culturas pol\u00edticas son algunos de los elementos centrales van a influir en los grupos de oposici\u00f3n al franquismo. Diversas culturas pol\u00edticas radicales van a poner en marcha grupos armados en Europa. Desde los &#8220;peque\u00f1os nacionalismos Europeos&#8221;, hasta las guerrillas urbanas izquierdistas, sumado al activismo violento de las nuevas generaciones de extrema derecha que van a suponer la otra cara de la moneda del sesentayochismo, el fen\u00f3meno de la violencia pol\u00edtica va a suponer uno de los fundamentales desaf\u00edos durante el \u00faltimo tercio del s. XX. [vc_empty_space height=&#8221;10&#8243;]<br \/>\n<strong>Autor<\/strong><br \/>\nMiguel Garc\u00eda Lerma. <a title=\"Dialnet\" href=\"https:\/\/dialnet.unirioja.es\/servlet\/autor?codigo=4501769\" target=\"_blank\">P\u00e1gina del autor en Dialnet.<\/a><br \/>\n[vc_empty_space height=&#8221;10&#8243;]<br \/>\n<strong>Tipo de documento<\/strong><br \/>\nCap\u00edtulo de libro<br \/>\n[vc_empty_space height=&#8221;10&#8243;]<br \/>\n[\/vc_column_text][\/vc_column][\/vc_row]<\/p>\n<\/div>","protected":false},"excerpt":{"rendered":"<p>[vc_row][vc_column width=&#8221;1\/1&#8243;][vc_column_text][vc_empty_space height=&#8221;20&#8243;] Referencia bibliogr\u00e1fica GARC\u00cdA LERMA, Miguel (2022): \u00abLa violencia pol\u00edtica en Pa\u00eds Vasco: los grupos armados m\u00e1s all\u00e1 de ETA (1977-1991)\u00bb, en JIM\u00c9NEZ AGUILAR, Francisco, MAROTO BLANCO, Jos\u00e9&hellip;<\/p>\n","protected":false},"author":1,"featured_media":0,"parent":0,"menu_order":0,"comment_status":"closed","ping_status":"closed","template":"","meta":{"om_disable_all_campaigns":false,"_monsterinsights_skip_tracking":false,"_monsterinsights_sitenote_active":false,"_monsterinsights_sitenote_note":"","_monsterinsights_sitenote_category":0,"_uf_show_specific_survey":0,"_uf_disable_surveys":false,"_vp_format_video_url":"","_vp_image_focal_point":[],"_vp_custom_popup_image":0,"_vp_format_audio_url":"","_vp_custom_thumbnail":0,"_vp_custom_thumbnail_focal_point":[],"_vp_hover_thumbnail":0,"_vp_hover_thumbnail_focal_point":[],"footnotes":""},"class_list":["post-25210","page","type-page","status-publish","hentry"],"aioseo_notices":[],"_links":{"self":[{"href":"https:\/\/www.arovite.com\/en\/wp-json\/wp\/v2\/pages\/25210","targetHints":{"allow":["GET"]}}],"collection":[{"href":"https:\/\/www.arovite.com\/en\/wp-json\/wp\/v2\/pages"}],"about":[{"href":"https:\/\/www.arovite.com\/en\/wp-json\/wp\/v2\/types\/page"}],"author":[{"embeddable":true,"href":"https:\/\/www.arovite.com\/en\/wp-json\/wp\/v2\/users\/1"}],"replies":[{"embeddable":true,"href":"https:\/\/www.arovite.com\/en\/wp-json\/wp\/v2\/comments?post=25210"}],"version-history":[{"count":0,"href":"https:\/\/www.arovite.com\/en\/wp-json\/wp\/v2\/pages\/25210\/revisions"}],"wp:attachment":[{"href":"https:\/\/www.arovite.com\/en\/wp-json\/wp\/v2\/media?parent=25210"}],"curies":[{"name":"wp","href":"https:\/\/api.w.org\/{rel}","templated":true}]}}

GARCÍA LERMA, Miguel (2022)

<div class="wpb-content-wrapper"><p>[vc_row][vc_column width=&#8221;1/1&#8243;][vc_column_text][vc_empty_space height=&#8221;20&#8243;]<br />
<strong>Referencia bibliográfica</strong></p>
<p>GARCÍA LERMA, Miguel (2022): «La violencia política en País Vasco: los grupos armados más allá de ETA (1977-1991)», en JIMÉNEZ AGUILAR, Francisco, MAROTO BLANCO, José Manuel, MARTÍNEZ MARTÍNEZ, Alba, ROMÁN RUIZ, Gloria y SEGOVIA GANIVET, Antonio (coords.): <em>Conversaciones contemporáneas. Transnacionalidad, género y conflictos en los siglos XIX y XX</em>. Granada: Comares, pp. 787-802.</p>
<p><a class="button blue  medium " href="https://www.academia.edu/129407615/La_violencia_pol%C3%ADtica_en_Pa%C3%ADs_vasco_los_grupos_armados_m%C3%A1s_all%C3%A1_de_ETA" target="_blank">Consultar PDF</a>[vc_empty_space height=&#8221;10&#8243;]<br />
<strong>Resumen</strong><br />
La aparición de experiencias de violencia política por diversos grupos políticos durante la dictadura franquista y la Transición no constituye un fenómeno aislado, ni en el contexto europeo, ni en el internacional. Las influencias del convulso contexto de la segunda mitad de siglo XX, abrió debates sobre el uso de la violencia política, basado en diversas experiencias, producto de los conflictos que se van a producir en la competencia de las potencias vencedoras de la Segunda Guerra Mundial. La Descolonización y las guerras coloniales el fenómeno guerrillero en America Latina, así como las experiencias de la nueva izquierda radical que se va a desarrollar desde diferentes culturas políticas son algunos de los elementos centrales van a influir en los grupos de oposición al franquismo. Diversas culturas políticas radicales van a poner en marcha grupos armados en Europa. Desde los &#8220;pequeños nacionalismos Europeos&#8221;, hasta las guerrillas urbanas izquierdistas, sumado al activismo violento de las nuevas generaciones de extrema derecha que van a suponer la otra cara de la moneda del sesentayochismo, el fenómeno de la violencia política va a suponer uno de los fundamentales desafíos durante el último tercio del s. XX. [vc_empty_space height=&#8221;10&#8243;]<br />
<strong>Autor</strong><br />
Miguel García Lerma. <a title="Dialnet" href="https://dialnet.unirioja.es/servlet/autor?codigo=4501769" target="_blank">Página del autor en Dialnet.</a><br />
[vc_empty_space height=&#8221;10&#8243;]<br />
<strong>Tipo de documento</strong><br />
Capítulo de libro<br />
[vc_empty_space height=&#8221;10&#8243;]<br />
[/vc_column_text][/vc_column][/vc_row]</p>
</div>

<p>[vc_row][vc_column width=&#8221;1/1&#8243;][vc_column_text][vc_empty_space height=&#8221;20&#8243;] Referencia bibliográfica GARCÍA LERMA, Miguel (2022): «La violencia política en País Vasco: los grupos armados más allá de ETA (1977-1991)», en JIMÉNEZ AGUILAR, Francisco, MAROTO BLANCO, José&hellip;</p>
