{"id":24441,"date":"2025-06-23T16:50:02","date_gmt":"2025-06-23T16:50:02","guid":{"rendered":"https:\/\/www.arovite.com\/comunidad-autonoma-de-cantabria-2023\/"},"modified":"2025-06-23T16:50:02","modified_gmt":"2025-06-23T16:50:02","slug":"comunidad-autonoma-de-cantabria-2023","status":"publish","type":"page","link":"https:\/\/www.arovite.com\/en\/comunidad-autonoma-de-cantabria-2023\/","title":{"rendered":"Comunidad Aut\u00f3noma de Cantabria (2023):"},"content":{"rendered":"<div class=\"wpb-content-wrapper\"><p>[vc_row][vc_column width=&#8221;1\/1&#8243;][vc_column_text][vc_empty_space height=&#8221;20&#8243;]<br \/>\n <strong>Referencia bibliogr\u00e1fica<\/strong><br \/>\nComunidad Aut\u00f3noma de Cantabria (2023): <em>Ley 1\/2023, de 5 de abril, de Reconocimiento, Homenaje, Memoria y Dignidad a las V\u00edctimas del Terrorismo<\/em>. <\/p>\n<p><a class=\"button blue  medium \" href=\"https:\/\/www.boe.es\/buscar\/act.php?id=BOE-A-2023-9958\" target=\"_blank\" rel=\"noopener\">Consultar PDF<\/a>[vc_empty_space height=&#8221;10&#8243;]<br \/>\n<strong>Resumen<\/strong><br \/>\nLa presente ley tiene por objeto expresar el reconocimiento, rendir homenaje y garantizar la dignidad a las v\u00edctimas del terrorismo en la Comunidad Aut\u00f3noma de Cantabria prestando a las mismas una atenci\u00f3n integral a trav\u00e9s del establecimiento de un conjunto de medidas destinadas a las personas f\u00edsicas, jur\u00eddicas o entidades que representen o defiendan los intereses y reivindicaciones de quienes hayan sufrido o sufran la acci\u00f3n terrorista y se encuentren en el \u00e1mbito de aplicaci\u00f3n de la misma. [vc_empty_space height=&#8221;10&#8243;]<br \/>\n<strong>Tipo de documento<\/strong><br \/>\nLey<br \/>\n[vc_empty_space height=&#8221;10&#8243;]<br \/>\n[\/vc_column_text][\/vc_column][\/vc_row]<\/p>\n<\/div>","protected":false},"excerpt":{"rendered":"<p>[vc_row][vc_column width=&#8221;1\/1&#8243;][vc_column_text][vc_empty_space height=&#8221;20&#8243;] Referencia bibliogr\u00e1fica Comunidad Aut\u00f3noma de Cantabria (2023): Ley 1\/2023, de 5 de abril, de Reconocimiento, Homenaje, Memoria y Dignidad a las V\u00edctimas del Terrorismo. Consultar PDF[vc_empty_space height=&#8221;10&#8243;]&hellip;<\/p>\n","protected":false},"author":1,"featured_media":0,"parent":0,"menu_order":0,"comment_status":"closed","ping_status":"closed","template":"","meta":{"om_disable_all_campaigns":false,"_monsterinsights_skip_tracking":false,"_monsterinsights_sitenote_active":false,"_monsterinsights_sitenote_note":"","_monsterinsights_sitenote_category":0,"_uf_show_specific_survey":0,"_uf_disable_surveys":false,"_vp_format_video_url":"","_vp_image_focal_point":[],"_vp_custom_popup_image":0,"_vp_format_audio_url":"","_vp_custom_thumbnail":0,"_vp_custom_thumbnail_focal_point":[],"_vp_hover_thumbnail":0,"_vp_hover_thumbnail_focal_point":[],"footnotes":""},"class_list":["post-24441","page","type-page","status-publish","hentry"],"aioseo_notices":[],"_links":{"self":[{"href":"https:\/\/www.arovite.com\/en\/wp-json\/wp\/v2\/pages\/24441","targetHints":{"allow":["GET"]}}],"collection":[{"href":"https:\/\/www.arovite.com\/en\/wp-json\/wp\/v2\/pages"}],"about":[{"href":"https:\/\/www.arovite.com\/en\/wp-json\/wp\/v2\/types\/page"}],"author":[{"embeddable":true,"href":"https:\/\/www.arovite.com\/en\/wp-json\/wp\/v2\/users\/1"}],"replies":[{"embeddable":true,"href":"https:\/\/www.arovite.com\/en\/wp-json\/wp\/v2\/comments?post=24441"}],"version-history":[{"count":0,"href":"https:\/\/www.arovite.com\/en\/wp-json\/wp\/v2\/pages\/24441\/revisions"}],"wp:attachment":[{"href":"https:\/\/www.arovite.com\/en\/wp-json\/wp\/v2\/media?parent=24441"}],"curies":[{"name":"wp","href":"https:\/\/api.w.org\/{rel}","templated":true}]}}

Comunidad Autónoma de Cantabria (2023):

<div class="wpb-content-wrapper"><p>[vc_row][vc_column width=&#8221;1/1&#8243;][vc_column_text][vc_empty_space height=&#8221;20&#8243;]<br />
 <strong>Referencia bibliográfica</strong><br />
Comunidad Autónoma de Cantabria (2023): <em>Ley 1/2023, de 5 de abril, de Reconocimiento, Homenaje, Memoria y Dignidad a las Víctimas del Terrorismo</em>. </p>
<p><a class="button blue  medium " href="https://www.boe.es/buscar/act.php?id=BOE-A-2023-9958" target="_blank" rel="noopener">Consultar PDF</a>[vc_empty_space height=&#8221;10&#8243;]<br />
<strong>Resumen</strong><br />
La presente ley tiene por objeto expresar el reconocimiento, rendir homenaje y garantizar la dignidad a las víctimas del terrorismo en la Comunidad Autónoma de Cantabria prestando a las mismas una atención integral a través del establecimiento de un conjunto de medidas destinadas a las personas físicas, jurídicas o entidades que representen o defiendan los intereses y reivindicaciones de quienes hayan sufrido o sufran la acción terrorista y se encuentren en el ámbito de aplicación de la misma. [vc_empty_space height=&#8221;10&#8243;]<br />
<strong>Tipo de documento</strong><br />
Ley<br />
[vc_empty_space height=&#8221;10&#8243;]<br />
[/vc_column_text][/vc_column][/vc_row]</p>
</div>

<p>[vc_row][vc_column width=&#8221;1/1&#8243;][vc_column_text][vc_empty_space height=&#8221;20&#8243;] Referencia bibliográfica Comunidad Autónoma de Cantabria (2023): Ley 1/2023, de 5 de abril, de Reconocimiento, Homenaje, Memoria y Dignidad a las Víctimas del Terrorismo. Consultar PDF[vc_empty_space height=&#8221;10&#8243;]&hellip;</p>
