{"id":24410,"date":"2025-06-23T16:32:39","date_gmt":"2025-06-23T16:32:39","guid":{"rendered":"https:\/\/www.arovite.com\/castells-arteche-luis-y-rivera-antonio-2021\/"},"modified":"2025-06-23T16:32:39","modified_gmt":"2025-06-23T16:32:39","slug":"castells-arteche-luis-y-rivera-antonio-2021","status":"publish","type":"page","link":"https:\/\/www.arovite.com\/en\/castells-arteche-luis-y-rivera-antonio-2021\/","title":{"rendered":"CASTELLS ARTECHE, LUIS y RIVERA, Antonio (2021)"},"content":{"rendered":"<div class=\"wpb-content-wrapper\"><p>[vc_row][vc_column width=&#8221;1\/1&#8243;][vc_column_text][vc_empty_space height=&#8221;20&#8243;]<br \/>\n <strong>Referencia bibliogr\u00e1fica<\/strong><br \/>\nCASTELLS ARTECHE, LUIS y RIVERA, Antonio (2021): \u00abLas v\u00edctimas. Del victimismo construido a las v\u00edctimas reales\u00bb, en MOLINA, Fernando y P\u00c9REZ, Jos\u00e9 Antonio (eds.): <em>El peso de la identidad. Mitos y ritos de la historia vasca<\/em>, Madrid: Marcial Pons, pp. 265-305.<\/p>\n<p><a class=\"button blue  medium \" href=\"https:\/\/www.arovite.com\/documentos\/2021a_Castells_y_Rivera.pdf\" target=\"_blank\" rel=\"noopener\">Consultar PDF<\/a>[vc_empty_space height=&#8221;10&#8243;]<br \/>\n<strong>Resumen<\/strong><br \/>\nEn este cap\u00edtulo Luis Castells y Antonio Rivera reflexionan sobre la figura de las v\u00edctimas del terrorismo. Se\u00f1alan c\u00f3mo el peculiar uso del pasado propio del nacionalismo (con matices seg\u00fan sus variantes peneuvistas o abertzale) en la actualidad ampara la igualaci\u00f3n de v\u00edctimas y victimarios y el predominio final del concepto del \u00abpueblo\u00bb como \u00abv\u00edctima colectiva\u00bb y del sempiterno \u00abconflicto\u00bb como causa \u00faltima del sufrimiento. [vc_empty_space height=&#8221;10&#8243;]<br \/>\n<strong>Autor<\/strong><br \/>\nLuis Castells Arteche. <a title=\"Dialnet\" href=\"https:\/\/dialnet.unirioja.es\/servlet\/autor?codigo=145543\" target=\"_blank\" rel=\"noopener\">P\u00e1gina del autor en Dialnet.<\/a><br \/>\nAntonio Rivera. <a title=\"Dialnet\" href=\"https:\/\/dialnet.unirioja.es\/servlet\/autor?codigo=181403\" target=\"_blank\" rel=\"noopener\">P\u00e1gina del autor en Dialnet.<\/a><br \/>\n[vc_empty_space height=&#8221;10&#8243;]<br \/>\n<strong>Tipo de documento<\/strong><br \/>\nCap\u00edtulo de libro<br \/>\n[vc_empty_space height=&#8221;10&#8243;]<br \/>\n[\/vc_column_text][\/vc_column][\/vc_row]<\/p>\n<\/div>","protected":false},"excerpt":{"rendered":"<p>[vc_row][vc_column width=&#8221;1\/1&#8243;][vc_column_text][vc_empty_space height=&#8221;20&#8243;] Referencia bibliogr\u00e1fica CASTELLS ARTECHE, LUIS y RIVERA, Antonio (2021): \u00abLas v\u00edctimas. Del victimismo construido a las v\u00edctimas reales\u00bb, en MOLINA, Fernando y P\u00c9REZ, Jos\u00e9 Antonio (eds.): El&hellip;<\/p>\n","protected":false},"author":1,"featured_media":0,"parent":0,"menu_order":0,"comment_status":"closed","ping_status":"closed","template":"","meta":{"om_disable_all_campaigns":false,"_monsterinsights_skip_tracking":false,"_monsterinsights_sitenote_active":false,"_monsterinsights_sitenote_note":"","_monsterinsights_sitenote_category":0,"_uf_show_specific_survey":0,"_uf_disable_surveys":false,"_vp_format_video_url":"","_vp_image_focal_point":[],"_vp_custom_popup_image":0,"_vp_format_audio_url":"","_vp_custom_thumbnail":0,"_vp_custom_thumbnail_focal_point":[],"_vp_hover_thumbnail":0,"_vp_hover_thumbnail_focal_point":[],"footnotes":""},"class_list":["post-24410","page","type-page","status-publish","hentry"],"aioseo_notices":[],"_links":{"self":[{"href":"https:\/\/www.arovite.com\/en\/wp-json\/wp\/v2\/pages\/24410","targetHints":{"allow":["GET"]}}],"collection":[{"href":"https:\/\/www.arovite.com\/en\/wp-json\/wp\/v2\/pages"}],"about":[{"href":"https:\/\/www.arovite.com\/en\/wp-json\/wp\/v2\/types\/page"}],"author":[{"embeddable":true,"href":"https:\/\/www.arovite.com\/en\/wp-json\/wp\/v2\/users\/1"}],"replies":[{"embeddable":true,"href":"https:\/\/www.arovite.com\/en\/wp-json\/wp\/v2\/comments?post=24410"}],"version-history":[{"count":0,"href":"https:\/\/www.arovite.com\/en\/wp-json\/wp\/v2\/pages\/24410\/revisions"}],"wp:attachment":[{"href":"https:\/\/www.arovite.com\/en\/wp-json\/wp\/v2\/media?parent=24410"}],"curies":[{"name":"wp","href":"https:\/\/api.w.org\/{rel}","templated":true}]}}

<div class="wpb-content-wrapper"><p>[vc_row][vc_column width=&#8221;1/1&#8243;][vc_column_text][vc_empty_space height=&#8221;20&#8243;]<br />
 <strong>Referencia bibliográfica</strong><br />
CASTELLS ARTECHE, LUIS y RIVERA, Antonio (2021): «Las víctimas. Del victimismo construido a las víctimas reales», en MOLINA, Fernando y PÉREZ, José Antonio (eds.): <em>El peso de la identidad. Mitos y ritos de la historia vasca</em>, Madrid: Marcial Pons, pp. 265-305.</p>
<p><a class="button blue  medium " href="https://www.arovite.com/documentos/2021a_Castells_y_Rivera.pdf" target="_blank" rel="noopener">Consultar PDF</a>[vc_empty_space height=&#8221;10&#8243;]<br />
<strong>Resumen</strong><br />
En este capítulo Luis Castells y Antonio Rivera reflexionan sobre la figura de las víctimas del terrorismo. Señalan cómo el peculiar uso del pasado propio del nacionalismo (con matices según sus variantes peneuvistas o abertzale) en la actualidad ampara la igualación de víctimas y victimarios y el predominio final del concepto del «pueblo» como «víctima colectiva» y del sempiterno «conflicto» como causa última del sufrimiento. [vc_empty_space height=&#8221;10&#8243;]<br />
<strong>Autor</strong><br />
Luis Castells Arteche. <a title="Dialnet" href="https://dialnet.unirioja.es/servlet/autor?codigo=145543" target="_blank" rel="noopener">Página del autor en Dialnet.</a><br />
Antonio Rivera. <a title="Dialnet" href="https://dialnet.unirioja.es/servlet/autor?codigo=181403" target="_blank" rel="noopener">Página del autor en Dialnet.</a><br />
[vc_empty_space height=&#8221;10&#8243;]<br />
<strong>Tipo de documento</strong><br />
Capítulo de libro<br />
[vc_empty_space height=&#8221;10&#8243;]<br />
[/vc_column_text][/vc_column][/vc_row]</p>
</div>

<p>[vc_row][vc_column width=&#8221;1/1&#8243;][vc_column_text][vc_empty_space height=&#8221;20&#8243;] Referencia bibliográfica CASTELLS ARTECHE, LUIS y RIVERA, Antonio (2021): «Las víctimas. Del victimismo construido a las víctimas reales», en MOLINA, Fernando y PÉREZ, José Antonio (eds.): El&hellip;</p>
