{"id":17512,"date":"2023-02-20T11:57:51","date_gmt":"2023-02-20T11:57:51","guid":{"rendered":"https:\/\/www.arovite.com\/?page_id=17512"},"modified":"2023-02-20T11:57:51","modified_gmt":"2023-02-20T11:57:51","slug":"tejerina-benjamin-2015","status":"publish","type":"page","link":"https:\/\/www.arovite.com\/en\/tejerina-benjamin-2015\/","title":{"rendered":"TEJERINA, Benjam\u00edn (2015)"},"content":{"rendered":"<div class=\"wpb-content-wrapper\"><p>[vc_row][vc_column width=&#8221;1\/1&#8243;][vc_column_text][vc_empty_space height=&#8221;20&#8243;]<br \/>\n<strong>Referencia bibliogr\u00e1fica<\/strong><br \/>\nTEJERINA, Benjam\u00edn (2015): \u00abNacionalismo, violencia y movilizaci\u00f3n social en el Pa\u00eds Vasco. Factores y mecanismos del auge y declive de ETA\u00bb, <em>Papeles del CEIC<\/em>, n\u00ba 3, pp. 1-19.<\/p>\n<p><a class=\"button blue  medium \" href=\"https:\/\/www.redalyc.org\/articulo.oa?id=76543092008\" target=\"_blank\" rel=\"noopener\">Consultar PDF<\/a>[vc_empty_space height=&#8221;10&#8243;]<br \/>\n<strong>Resumen<\/strong><br \/>\nLa violencia pol\u00edtica, en sus m\u00faltiples manifestaciones, ha condicionado las pr\u00e1cticas sociales y el imaginario de la sociedad vasca en las \u00faltimas d\u00e9cadas. El inicio de este proceso se produce en pleno franquismo cuando el nacionalismo vasco experimenta una profunda mutaci\u00f3n que ha marcado la vida cotidiana y la estructura institucional de la sociedad vasca desde entonces. Hace ahora cuatro a\u00f1os, el 20 de octubre de 2011, Euskadi ta Askatasuna (ETA) anuncia el cese definitivo de la utilizaci\u00f3n de la violencia. Se han realizado numerosas investigaciones sobre el origen y la evoluci\u00f3n del nacionalismo vasco radical para entender los cambios que ha experimentado a lo largo del tiempo. En este art\u00edculo se analiza el proceso de expansi\u00f3n y declive de la actividad de ETA y de los apoyos sociales y pol\u00edticos con los que ha contado a lo largo de este tiempo. A partir de las investigaciones sobre el nacionalismo vasco realizadas por Alfonso P\u00e9rez-Agote a lo largo de tres d\u00e9cadas tratamos de completar su explicaci\u00f3n sobre la violencia pol\u00edtica prestando atenci\u00f3n a la movilizaci\u00f3n social en torno a ella. A partir de los resultados de varias investigaciones, y siguiendo una l\u00f3gica hist\u00f3rica que arranca en la dictadura franquista y culmina en la primera d\u00e9cada del siglo XXI, se analizan los mecanismos sociales (cognitivos, afectivos y pr\u00e1cticos) que han posibilitado su mantenimiento a lo largo del tiempo y su progresiva erosi\u00f3n. [vc_empty_space height=&#8221;10&#8243;]<br \/>\n<strong>Abstract<\/strong><br \/>\nThe political violence in its many manifestations, has deeply conditioned social practices and the Basque social imaginary in recent decades. The beginning of this process occurs during the Franco regime, when Basque nationalism underwent a profound mutation that marked daily life and the institutional structure of Basque society ever since. Four years ago, on October 20, 2011, Euskadi ta Askatasuna (ETA) announced a permanent cease-fire. There have been abundant researches on the origin and evolution of radical Basque nationalism to understand the changes that had been experienced over time. In this article the process of expansion and decline of ETA\u2019s activity and of its social and political supports are analyzed. Building on research carried out on Basque nationalism by Alfonso P\u00e9rez-Agote over three decades, we will attempt to complete his explanation of political violence paying attention to the social mobilization around it. Drawing on a series of research results, and following a historical logic that starts in the Franco\u2019s dictatorship and culminates in the first decade of the XXI century, the social (cognitive, affective and practical) mechanisms that enable its maintenance over time and its gradual erosion are explained. [vc_empty_space height=&#8221;10&#8243;]<br \/>\n<strong>Autor<\/strong><br \/>\nBenjam\u00edn Tejerina. <a title=\"Dialnet\" href=\"https:\/\/dialnet.unirioja.es\/servlet\/autor?codigo=294952\" target=\"_blank\" rel=\"noopener\">P\u00e1gina del autor en Dialnet.<\/a><br \/>\n[vc_empty_space height=&#8221;10&#8243;]<br \/>\n<strong>Tipo de documento<\/strong><br \/>\nArt\u00edculo<br \/>\n[vc_empty_space height=&#8221;10&#8243;]<br \/>\n[\/vc_column_text][\/vc_column][\/vc_row]<\/p>\n<\/div>","protected":false},"excerpt":{"rendered":"<p>[vc_row][vc_column width=&#8221;1\/1&#8243;][vc_column_text][vc_empty_space height=&#8221;20&#8243;] Referencia bibliogr\u00e1fica TEJERINA, Benjam\u00edn (2015): \u00abNacionalismo, violencia y movilizaci\u00f3n social en el Pa\u00eds Vasco. Factores y mecanismos del auge y declive de ETA\u00bb, Papeles del CEIC, n\u00ba&hellip;<\/p>\n","protected":false},"author":1,"featured_media":0,"parent":0,"menu_order":0,"comment_status":"closed","ping_status":"closed","template":"","meta":{"om_disable_all_campaigns":false,"_monsterinsights_skip_tracking":false,"_monsterinsights_sitenote_active":false,"_monsterinsights_sitenote_note":"","_monsterinsights_sitenote_category":0,"_uf_show_specific_survey":0,"_uf_disable_surveys":false,"_vp_format_video_url":"","_vp_image_focal_point":[],"_vp_custom_popup_image":0,"_vp_format_audio_url":"","_vp_custom_thumbnail":0,"_vp_custom_thumbnail_focal_point":[],"_vp_hover_thumbnail":0,"_vp_hover_thumbnail_focal_point":[],"footnotes":""},"class_list":["post-17512","page","type-page","status-publish","hentry"],"aioseo_notices":[],"_links":{"self":[{"href":"https:\/\/www.arovite.com\/en\/wp-json\/wp\/v2\/pages\/17512","targetHints":{"allow":["GET"]}}],"collection":[{"href":"https:\/\/www.arovite.com\/en\/wp-json\/wp\/v2\/pages"}],"about":[{"href":"https:\/\/www.arovite.com\/en\/wp-json\/wp\/v2\/types\/page"}],"author":[{"embeddable":true,"href":"https:\/\/www.arovite.com\/en\/wp-json\/wp\/v2\/users\/1"}],"replies":[{"embeddable":true,"href":"https:\/\/www.arovite.com\/en\/wp-json\/wp\/v2\/comments?post=17512"}],"version-history":[{"count":1,"href":"https:\/\/www.arovite.com\/en\/wp-json\/wp\/v2\/pages\/17512\/revisions"}],"predecessor-version":[{"id":17514,"href":"https:\/\/www.arovite.com\/en\/wp-json\/wp\/v2\/pages\/17512\/revisions\/17514"}],"wp:attachment":[{"href":"https:\/\/www.arovite.com\/en\/wp-json\/wp\/v2\/media?parent=17512"}],"curies":[{"name":"wp","href":"https:\/\/api.w.org\/{rel}","templated":true}]}}

TEJERINA, Benjamín (2015)

<div class="wpb-content-wrapper"><p>[vc_row][vc_column width=&#8221;1/1&#8243;][vc_column_text][vc_empty_space height=&#8221;20&#8243;]<br />
<strong>Referencia bibliográfica</strong><br />
TEJERINA, Benjamín (2015): «Nacionalismo, violencia y movilización social en el País Vasco. Factores y mecanismos del auge y declive de ETA», <em>Papeles del CEIC</em>, nº 3, pp. 1-19.</p>
<p><a class="button blue  medium " href="https://www.redalyc.org/articulo.oa?id=76543092008" target="_blank" rel="noopener">Consultar PDF</a>[vc_empty_space height=&#8221;10&#8243;]<br />
<strong>Resumen</strong><br />
La violencia política, en sus múltiples manifestaciones, ha condicionado las prácticas sociales y el imaginario de la sociedad vasca en las últimas décadas. El inicio de este proceso se produce en pleno franquismo cuando el nacionalismo vasco experimenta una profunda mutación que ha marcado la vida cotidiana y la estructura institucional de la sociedad vasca desde entonces. Hace ahora cuatro años, el 20 de octubre de 2011, Euskadi ta Askatasuna (ETA) anuncia el cese definitivo de la utilización de la violencia. Se han realizado numerosas investigaciones sobre el origen y la evolución del nacionalismo vasco radical para entender los cambios que ha experimentado a lo largo del tiempo. En este artículo se analiza el proceso de expansión y declive de la actividad de ETA y de los apoyos sociales y políticos con los que ha contado a lo largo de este tiempo. A partir de las investigaciones sobre el nacionalismo vasco realizadas por Alfonso Pérez-Agote a lo largo de tres décadas tratamos de completar su explicación sobre la violencia política prestando atención a la movilización social en torno a ella. A partir de los resultados de varias investigaciones, y siguiendo una lógica histórica que arranca en la dictadura franquista y culmina en la primera década del siglo XXI, se analizan los mecanismos sociales (cognitivos, afectivos y prácticos) que han posibilitado su mantenimiento a lo largo del tiempo y su progresiva erosión. [vc_empty_space height=&#8221;10&#8243;]<br />
<strong>Abstract</strong><br />
The political violence in its many manifestations, has deeply conditioned social practices and the Basque social imaginary in recent decades. The beginning of this process occurs during the Franco regime, when Basque nationalism underwent a profound mutation that marked daily life and the institutional structure of Basque society ever since. Four years ago, on October 20, 2011, Euskadi ta Askatasuna (ETA) announced a permanent cease-fire. There have been abundant researches on the origin and evolution of radical Basque nationalism to understand the changes that had been experienced over time. In this article the process of expansion and decline of ETA’s activity and of its social and political supports are analyzed. Building on research carried out on Basque nationalism by Alfonso Pérez-Agote over three decades, we will attempt to complete his explanation of political violence paying attention to the social mobilization around it. Drawing on a series of research results, and following a historical logic that starts in the Franco’s dictatorship and culminates in the first decade of the XXI century, the social (cognitive, affective and practical) mechanisms that enable its maintenance over time and its gradual erosion are explained. [vc_empty_space height=&#8221;10&#8243;]<br />
<strong>Autor</strong><br />
Benjamín Tejerina. <a title="Dialnet" href="https://dialnet.unirioja.es/servlet/autor?codigo=294952" target="_blank" rel="noopener">Página del autor en Dialnet.</a><br />
[vc_empty_space height=&#8221;10&#8243;]<br />
<strong>Tipo de documento</strong><br />
Artículo<br />
[vc_empty_space height=&#8221;10&#8243;]<br />
[/vc_column_text][/vc_column][/vc_row]</p>
</div>

<p>[vc_row][vc_column width=&#8221;1/1&#8243;][vc_column_text][vc_empty_space height=&#8221;20&#8243;] Referencia bibliográfica TEJERINA, Benjamín (2015): «Nacionalismo, violencia y movilización social en el País Vasco. Factores y mecanismos del auge y declive de ETA», Papeles del CEIC, nº&hellip;</p>
