{"id":17494,"date":"2023-02-20T11:45:08","date_gmt":"2023-02-20T11:45:08","guid":{"rendered":"https:\/\/www.arovite.com\/?page_id=17494"},"modified":"2023-02-20T11:45:09","modified_gmt":"2023-02-20T11:45:09","slug":"saez-de-la-fuente-izaskun-bermudez-angela-y-prieto-mendaza-jesus-2020","status":"publish","type":"page","link":"https:\/\/www.arovite.com\/en\/saez-de-la-fuente-izaskun-bermudez-angela-y-prieto-mendaza-jesus-2020\/","title":{"rendered":"S\u00c1EZ DE LA FUENTE, Izaskun, BERM\u00daDEZ, \u00c1ngela, y PRIETO MENDAZA, Jes\u00fas (2020)"},"content":{"rendered":"<div class=\"wpb-content-wrapper\"><p>[vc_row][vc_column width=&#8221;1\/1&#8243;][vc_column_text][vc_empty_space height=&#8221;20&#8243;]<br \/>\n<strong>Referencia bibliogr\u00e1fica<\/strong><br \/>\nS\u00c1EZ DE LA FUENTE, Izaskun, BERM\u00daDEZ, \u00c1ngela, y PRIETO MENDAZA, Jes\u00fas (2020): <em>La historizaci\u00f3n de la memoria. Balance de la experiencia de una comunidad de aprendizaje con personas j\u00f3venes en Euskadi<\/em>. Cuadernos sobre Memoria, Educaci\u00f3n Hist\u00f3rica y Construcci\u00f3n de Paz, n\u00ba 2, Universidad de Deusto.<\/p>\n<p><a class=\"button blue medium \" href=\"http:\/\/www.arovite.com\/documentos\/2020_S\u00e1ez_de_la_Fuente_Berm\u00fadez_y_Prieto.pdf\" target=\"_blank\"rel=\"noopener\">Consultar PDF<\/a><br \/>\n[vc_empty_space height=&#8221;10&#8243;]<br \/>\n<strong>Resumen<\/strong><br \/>\nEntre octubre de 2019 y junio de 2020, el Centro de \u00c9tica Aplicada de la Universidad de Deusto (CEA) y el Consejo de la Juventud de Euskadi (EGK) lideraron una comunidad de aprendizaje con personas j\u00f3venes para explorar las preguntas y reflexiones que ellas se hacen respecto a la violencia de motivaci\u00f3n pol\u00edtica vivida en Euskadi en el \u00faltimo medio siglo y sobre el mejor modo de ense\u00f1ar ese pasado a las nuevas generaciones teniendo en cuenta sus experiencias de aprendizaje formal y no formal. Con el sugerente t\u00edtulo de \u00ab\u00bfQu\u00e9 quieres saber sobre la violencia vivida en Euskadi y no te atreves a preguntar?\u00bb, las personas participantes se enfrentaron a una revisi\u00f3n cr\u00edtica de sus memorias personales y colectivas. Este cuadernillo recoge una sistematizaci\u00f3n de esta experiencia, y es el segundo de una serie de tres en los que se recogen los resultados de la comunidad de aprendizaje: en el primero, se realiza una aproximaci\u00f3n conceptual a las contribuciones de la educaci\u00f3n hist\u00f3rica a la deslegitimaci\u00f3n de la violencia; y en el tercero, se ofrece una serie de recomendaciones y de recursos pedag\u00f3gicos para trabajar la ense\u00f1anza del pasado violento de Euskadi. [vc_empty_space height=&#8221;10&#8243;]<br \/>\n<strong>Autor<\/strong><br \/>\nIzaskun S\u00e1ez de la Fuente. <a title=\"Dialnet\" href=\"https:\/\/dialnet.unirioja.es\/servlet\/autor?codigo=291316\" target=\"_blank\" rel=\"noopener\">P\u00e1gina del autor en Dialnet.<\/a><br \/>\n\u00c1ngela Berm\u00fadez. <a title=\"Dialnet\" href=\"https:\/\/dialnet.unirioja.es\/servlet\/autor?codigo=4086534\" target=\"_blank\" rel=\"noopener\">P\u00e1gina del autor en Dialnet.<\/a><br \/>\nJes\u00fas Prieto Mendaza. <a title=\"Dialnet\" href=\"https:\/\/dialnet.unirioja.es\/servlet\/autor?codigo=3007425\" target=\"_blank\" rel=\"noopener\">P\u00e1gina del autor en Dialnet.<\/a><br \/>\n [vc_empty_space height=&#8221;10&#8243;]<br \/>\n<strong>Tipo de documento<\/strong><br \/>\nCuaderno<br \/>\n[vc_empty_space height=&#8221;10&#8243;]<br \/>\n[\/vc_column_text][\/vc_column][\/vc_row]<\/p>\n<\/div>","protected":false},"excerpt":{"rendered":"<p>[vc_row][vc_column width=&#8221;1\/1&#8243;][vc_column_text][vc_empty_space height=&#8221;20&#8243;] Referencia bibliogr\u00e1fica S\u00c1EZ DE LA FUENTE, Izaskun, BERM\u00daDEZ, \u00c1ngela, y PRIETO MENDAZA, Jes\u00fas (2020): La historizaci\u00f3n de la memoria. Balance de la experiencia de una comunidad de&hellip;<\/p>\n","protected":false},"author":1,"featured_media":0,"parent":0,"menu_order":0,"comment_status":"closed","ping_status":"closed","template":"","meta":{"om_disable_all_campaigns":false,"_monsterinsights_skip_tracking":false,"_monsterinsights_sitenote_active":false,"_monsterinsights_sitenote_note":"","_monsterinsights_sitenote_category":0,"_uf_show_specific_survey":0,"_uf_disable_surveys":false,"_vp_format_video_url":"","_vp_image_focal_point":[],"_vp_custom_popup_image":0,"_vp_format_audio_url":"","_vp_custom_thumbnail":0,"_vp_custom_thumbnail_focal_point":[],"_vp_hover_thumbnail":0,"_vp_hover_thumbnail_focal_point":[],"footnotes":""},"class_list":["post-17494","page","type-page","status-publish","hentry"],"aioseo_notices":[],"_links":{"self":[{"href":"https:\/\/www.arovite.com\/en\/wp-json\/wp\/v2\/pages\/17494","targetHints":{"allow":["GET"]}}],"collection":[{"href":"https:\/\/www.arovite.com\/en\/wp-json\/wp\/v2\/pages"}],"about":[{"href":"https:\/\/www.arovite.com\/en\/wp-json\/wp\/v2\/types\/page"}],"author":[{"embeddable":true,"href":"https:\/\/www.arovite.com\/en\/wp-json\/wp\/v2\/users\/1"}],"replies":[{"embeddable":true,"href":"https:\/\/www.arovite.com\/en\/wp-json\/wp\/v2\/comments?post=17494"}],"version-history":[{"count":1,"href":"https:\/\/www.arovite.com\/en\/wp-json\/wp\/v2\/pages\/17494\/revisions"}],"predecessor-version":[{"id":17496,"href":"https:\/\/www.arovite.com\/en\/wp-json\/wp\/v2\/pages\/17494\/revisions\/17496"}],"wp:attachment":[{"href":"https:\/\/www.arovite.com\/en\/wp-json\/wp\/v2\/media?parent=17494"}],"curies":[{"name":"wp","href":"https:\/\/api.w.org\/{rel}","templated":true}]}}

SÁEZ DE LA FUENTE, Izaskun, BERMÚDEZ, Ángela, y PRIETO MENDAZA, Jesús (2020)

<div class="wpb-content-wrapper"><p>[vc_row][vc_column width=&#8221;1/1&#8243;][vc_column_text][vc_empty_space height=&#8221;20&#8243;]<br />
<strong>Referencia bibliográfica</strong><br />
SÁEZ DE LA FUENTE, Izaskun, BERMÚDEZ, Ángela, y PRIETO MENDAZA, Jesús (2020): <em>La historización de la memoria. Balance de la experiencia de una comunidad de aprendizaje con personas jóvenes en Euskadi</em>. Cuadernos sobre Memoria, Educación Histórica y Construcción de Paz, nº 2, Universidad de Deusto.</p>
<p><a class="button blue medium " href="http://www.arovite.com/documentos/2020_Sáez_de_la_Fuente_Bermúdez_y_Prieto.pdf" target="_blank"rel="noopener">Consultar PDF</a><br />
[vc_empty_space height=&#8221;10&#8243;]<br />
<strong>Resumen</strong><br />
Entre octubre de 2019 y junio de 2020, el Centro de Ética Aplicada de la Universidad de Deusto (CEA) y el Consejo de la Juventud de Euskadi (EGK) lideraron una comunidad de aprendizaje con personas jóvenes para explorar las preguntas y reflexiones que ellas se hacen respecto a la violencia de motivación política vivida en Euskadi en el último medio siglo y sobre el mejor modo de enseñar ese pasado a las nuevas generaciones teniendo en cuenta sus experiencias de aprendizaje formal y no formal. Con el sugerente título de «¿Qué quieres saber sobre la violencia vivida en Euskadi y no te atreves a preguntar?», las personas participantes se enfrentaron a una revisión crítica de sus memorias personales y colectivas. Este cuadernillo recoge una sistematización de esta experiencia, y es el segundo de una serie de tres en los que se recogen los resultados de la comunidad de aprendizaje: en el primero, se realiza una aproximación conceptual a las contribuciones de la educación histórica a la deslegitimación de la violencia; y en el tercero, se ofrece una serie de recomendaciones y de recursos pedagógicos para trabajar la enseñanza del pasado violento de Euskadi. [vc_empty_space height=&#8221;10&#8243;]<br />
<strong>Autor</strong><br />
Izaskun Sáez de la Fuente. <a title="Dialnet" href="https://dialnet.unirioja.es/servlet/autor?codigo=291316" target="_blank" rel="noopener">Página del autor en Dialnet.</a><br />
Ángela Bermúdez. <a title="Dialnet" href="https://dialnet.unirioja.es/servlet/autor?codigo=4086534" target="_blank" rel="noopener">Página del autor en Dialnet.</a><br />
Jesús Prieto Mendaza. <a title="Dialnet" href="https://dialnet.unirioja.es/servlet/autor?codigo=3007425" target="_blank" rel="noopener">Página del autor en Dialnet.</a><br />
 [vc_empty_space height=&#8221;10&#8243;]<br />
<strong>Tipo de documento</strong><br />
Cuaderno<br />
[vc_empty_space height=&#8221;10&#8243;]<br />
[/vc_column_text][/vc_column][/vc_row]</p>
</div>

<p>[vc_row][vc_column width=&#8221;1/1&#8243;][vc_column_text][vc_empty_space height=&#8221;20&#8243;] Referencia bibliográfica SÁEZ DE LA FUENTE, Izaskun, BERMÚDEZ, Ángela, y PRIETO MENDAZA, Jesús (2020): La historización de la memoria. Balance de la experiencia de una comunidad de&hellip;</p>
