{"id":17394,"date":"2023-02-20T09:52:24","date_gmt":"2023-02-20T09:52:24","guid":{"rendered":"https:\/\/www.arovite.com\/?page_id=17394"},"modified":"2023-02-22T12:04:55","modified_gmt":"2023-02-22T12:04:55","slug":"rivera-antonio-2021","status":"publish","type":"page","link":"https:\/\/www.arovite.com\/en\/rivera-antonio-2021\/","title":{"rendered":"RIVERA, Antonio (2021)"},"content":{"rendered":"<div class=\"wpb-content-wrapper\"><p>[vc_row][vc_column width=&#8221;1\/1&#8243;][vc_column_text][vc_empty_space height=&#8221;20&#8243;]<br \/>\n<strong>Referencia bibliogr\u00e1fica<\/strong><br \/>\nRIVERA, Antonio (2021): \u00abDos focos para una memoria de la violencia vasca. Centro Memorial e Instito Gogora\u00bb, en PONCE ALBERCA, Julio y RUIZ CARNICER, Miguel \u00c1ngel (coords.): <em>El pasado siempre vuelve: historia y pol\u00edticas de memoria p\u00fablica<\/em>. Zaragoza: Prensas de la Universidad de Zaragoza, pp. 247-271. <\/p>\n<p><a class=\"button blue  medium \" href=\"https:\/\/www.academia.edu\/49356953\/DOS_FOCOS_PARA_UNA_MEMORIA_DE_LA_VIOLENCIA_VASCA_CENTRO_MEMORIAL_E_INSTITUTO_GOGORA_1\" target=\"_blank\" rel=\"noopener\">Consultar PDF<\/a>[vc_empty_space height=&#8221;10&#8243;]<br \/>\n<strong>Resumen<\/strong><br \/>\nEn este texto se compara el dise\u00f1o y trayectoria de dos centros memoriales ubicados en el Pa\u00eds Vasco que abordan diferentes violencias pol\u00edticas de este y del pasado siglo: el Centro Memorial de V\u00edctimas del Terrorismo, en Vitoria-Gasteiz, y el Instito Gogora, en Bilbao. [vc_empty_space height=&#8221;10&#8243;]<br \/>\n<strong>Autor<\/strong><br \/>\nAntonio Rivera Blanco. <a title=\"Dialnet\" href=\"https:\/\/dialnet.unirioja.es\/servlet\/autor?codigo=181403\" target=\"_blank\" rel=\"noopener\">P\u00e1gina del autor en Dialnet.<\/a><br \/>\n [vc_empty_space height=&#8221;10&#8243;]<br \/>\n<strong>Tipo de documento<\/strong><br \/>\nCap\u00edtulo de libro<br \/>\n[vc_empty_space height=&#8221;10&#8243;]<br \/>\n[\/vc_column_text][\/vc_column][\/vc_row]<\/p>\n<\/div>","protected":false},"excerpt":{"rendered":"<p>[vc_row][vc_column width=&#8221;1\/1&#8243;][vc_column_text][vc_empty_space height=&#8221;20&#8243;] Referencia bibliogr\u00e1fica RIVERA, Antonio (2021): \u00abDos focos para una memoria de la violencia vasca. Centro Memorial e Instito Gogora\u00bb, en PONCE ALBERCA, Julio y RUIZ CARNICER, Miguel&hellip;<\/p>\n","protected":false},"author":1,"featured_media":0,"parent":0,"menu_order":0,"comment_status":"closed","ping_status":"closed","template":"","meta":{"om_disable_all_campaigns":false,"_monsterinsights_skip_tracking":false,"_monsterinsights_sitenote_active":false,"_monsterinsights_sitenote_note":"","_monsterinsights_sitenote_category":0,"_uf_show_specific_survey":0,"_uf_disable_surveys":false,"_vp_format_video_url":"","_vp_image_focal_point":[],"_vp_custom_popup_image":0,"_vp_format_audio_url":"","_vp_custom_thumbnail":0,"_vp_custom_thumbnail_focal_point":[],"_vp_hover_thumbnail":0,"_vp_hover_thumbnail_focal_point":[],"footnotes":""},"class_list":["post-17394","page","type-page","status-publish","hentry"],"aioseo_notices":[],"_links":{"self":[{"href":"https:\/\/www.arovite.com\/en\/wp-json\/wp\/v2\/pages\/17394","targetHints":{"allow":["GET"]}}],"collection":[{"href":"https:\/\/www.arovite.com\/en\/wp-json\/wp\/v2\/pages"}],"about":[{"href":"https:\/\/www.arovite.com\/en\/wp-json\/wp\/v2\/types\/page"}],"author":[{"embeddable":true,"href":"https:\/\/www.arovite.com\/en\/wp-json\/wp\/v2\/users\/1"}],"replies":[{"embeddable":true,"href":"https:\/\/www.arovite.com\/en\/wp-json\/wp\/v2\/comments?post=17394"}],"version-history":[{"count":3,"href":"https:\/\/www.arovite.com\/en\/wp-json\/wp\/v2\/pages\/17394\/revisions"}],"predecessor-version":[{"id":17592,"href":"https:\/\/www.arovite.com\/en\/wp-json\/wp\/v2\/pages\/17394\/revisions\/17592"}],"wp:attachment":[{"href":"https:\/\/www.arovite.com\/en\/wp-json\/wp\/v2\/media?parent=17394"}],"curies":[{"name":"wp","href":"https:\/\/api.w.org\/{rel}","templated":true}]}}

<div class="wpb-content-wrapper"><p>[vc_row][vc_column width=&#8221;1/1&#8243;][vc_column_text][vc_empty_space height=&#8221;20&#8243;]<br />
<strong>Referencia bibliográfica</strong><br />
RIVERA, Antonio (2021): «Dos focos para una memoria de la violencia vasca. Centro Memorial e Instito Gogora», en PONCE ALBERCA, Julio y RUIZ CARNICER, Miguel Ángel (coords.): <em>El pasado siempre vuelve: historia y políticas de memoria pública</em>. Zaragoza: Prensas de la Universidad de Zaragoza, pp. 247-271. </p>
<p><a class="button blue  medium " href="https://www.academia.edu/49356953/DOS_FOCOS_PARA_UNA_MEMORIA_DE_LA_VIOLENCIA_VASCA_CENTRO_MEMORIAL_E_INSTITUTO_GOGORA_1" target="_blank" rel="noopener">Consultar PDF</a>[vc_empty_space height=&#8221;10&#8243;]<br />
<strong>Resumen</strong><br />
En este texto se compara el diseño y trayectoria de dos centros memoriales ubicados en el País Vasco que abordan diferentes violencias políticas de este y del pasado siglo: el Centro Memorial de Víctimas del Terrorismo, en Vitoria-Gasteiz, y el Instito Gogora, en Bilbao. [vc_empty_space height=&#8221;10&#8243;]<br />
<strong>Autor</strong><br />
Antonio Rivera Blanco. <a title="Dialnet" href="https://dialnet.unirioja.es/servlet/autor?codigo=181403" target="_blank" rel="noopener">Página del autor en Dialnet.</a><br />
 [vc_empty_space height=&#8221;10&#8243;]<br />
<strong>Tipo de documento</strong><br />
Capítulo de libro<br />
[vc_empty_space height=&#8221;10&#8243;]<br />
[/vc_column_text][/vc_column][/vc_row]</p>
</div>

<p>[vc_row][vc_column width=&#8221;1/1&#8243;][vc_column_text][vc_empty_space height=&#8221;20&#8243;] Referencia bibliográfica RIVERA, Antonio (2021): «Dos focos para una memoria de la violencia vasca. Centro Memorial e Instito Gogora», en PONCE ALBERCA, Julio y RUIZ CARNICER, Miguel&hellip;</p>
