{"id":17281,"date":"2023-02-20T07:49:31","date_gmt":"2023-02-20T07:49:31","guid":{"rendered":"https:\/\/www.arovite.com\/?page_id=17281"},"modified":"2023-02-20T12:15:39","modified_gmt":"2023-02-20T12:15:39","slug":"montero-manuel-2021b","status":"publish","type":"page","link":"https:\/\/www.arovite.com\/en\/montero-manuel-2021b\/","title":{"rendered":"MONTERO, Manuel (2021b)"},"content":{"rendered":"<div class=\"wpb-content-wrapper\"><p>[vc_row][vc_column width=&#8221;1\/1&#8243;][vc_column_text][vc_empty_space height=&#8221;20&#8243;]<br \/>\n<strong>Referencia bibliogr\u00e1fica<\/strong><br \/>\nMONTERO, Manuel (2021): \u00abLa presi\u00f3n terrorista durante la transici\u00f3n y la formaci\u00f3n nacionalista de la autonom\u00eda vasca\u00bb, <em>Historia Actual Online<\/em>, n\u00ba 55, pp. 23-36.<\/p>\n<p><a class=\"button blue  medium \" href=\"https:\/\/dialnet.unirioja.es\/descarga\/articulo\/7962335.pdf\" target=\"_blank\" rel=\"noopener\">Consultar PDF<\/a>[vc_empty_space height=&#8221;10&#8243;]<br \/>\n<strong>Resumen<\/strong><br \/>\nEste art\u00edculo estudia la formaci\u00f3n del Estatuto de Autonom\u00eda del Pa\u00eds Vasco. Aprobado en octubre de 1979, desarrollaba una concepci\u00f3n nacionalista del autogobierno, pese a la importancia electoral que ten\u00edan los no nacionalistas -casi la mitad de los votos-. Las razones que provocaron ese resultado fueron muy diversas: la debilidad del centro-derecha en el Pa\u00eds Vasco; la defensa de una autonom\u00eda amplia por todas las fuerzas antifranquistas; el enorme impacto del terrorismo, que cre\u00f3 una profunda crisis social; la necesidad que tuvo UCD de encontrar apoyos locales para la autonom\u00eda vasca, lo que permiti\u00f3 el protagonismo del PNV. [vc_empty_space height=&#8221;10&#8243;]<br \/>\n<strong>Abstract<\/strong><br \/>\nThis paper studies the formation of the Statute of Autonomy of the Basque Country. It was approved in October 1979 and developed a nationalist conception of self-government, despite the electoral significance of non-nationalists, who held almost half of the votes. The reasons that caused this result were diverse. Amongst them: the weakness of the centre-right in the Basque Country; the defence of a wide autonomy by all anti-franquist forces; the huge impact of terrorism, which created a profound social crisis; UCD\u2019s need of finding local support for Basque autonomy, which permitted the promience of the Basque Nationalist Party (PNV). [vc_empty_space height=&#8221;10&#8243;]<br \/>\n<strong>Autor<\/strong><br \/>\nManuel Montero. <a title=\"Dialnet\" href=\"https:\/\/dialnet.unirioja.es\/servlet\/autor?codigo=145607\" target=\"_blank\" rel=\"noopener\">P\u00e1gina del autor en Dialnet.<\/a><br \/>\n [vc_empty_space height=&#8221;10&#8243;]<br \/>\n<strong>Tipo de documento<\/strong><br \/>\nArt\u00edculo<br \/>\n[vc_empty_space height=&#8221;10&#8243;]<br \/>\n[\/vc_column_text][\/vc_column][\/vc_row]<\/p>\n<\/div>","protected":false},"excerpt":{"rendered":"<p>[vc_row][vc_column width=&#8221;1\/1&#8243;][vc_column_text][vc_empty_space height=&#8221;20&#8243;] Referencia bibliogr\u00e1fica MONTERO, Manuel (2021): \u00abLa presi\u00f3n terrorista durante la transici\u00f3n y la formaci\u00f3n nacionalista de la autonom\u00eda vasca\u00bb, Historia Actual Online, n\u00ba 55, pp. 23-36. Consultar&hellip;<\/p>\n","protected":false},"author":1,"featured_media":0,"parent":0,"menu_order":0,"comment_status":"closed","ping_status":"closed","template":"","meta":{"om_disable_all_campaigns":false,"_monsterinsights_skip_tracking":false,"_monsterinsights_sitenote_active":false,"_monsterinsights_sitenote_note":"","_monsterinsights_sitenote_category":0,"_uf_show_specific_survey":0,"_uf_disable_surveys":false,"_vp_format_video_url":"","_vp_image_focal_point":[],"_vp_custom_popup_image":0,"_vp_format_audio_url":"","_vp_custom_thumbnail":0,"_vp_custom_thumbnail_focal_point":[],"_vp_hover_thumbnail":0,"_vp_hover_thumbnail_focal_point":[],"footnotes":""},"class_list":["post-17281","page","type-page","status-publish","hentry"],"aioseo_notices":[],"_links":{"self":[{"href":"https:\/\/www.arovite.com\/en\/wp-json\/wp\/v2\/pages\/17281","targetHints":{"allow":["GET"]}}],"collection":[{"href":"https:\/\/www.arovite.com\/en\/wp-json\/wp\/v2\/pages"}],"about":[{"href":"https:\/\/www.arovite.com\/en\/wp-json\/wp\/v2\/types\/page"}],"author":[{"embeddable":true,"href":"https:\/\/www.arovite.com\/en\/wp-json\/wp\/v2\/users\/1"}],"replies":[{"embeddable":true,"href":"https:\/\/www.arovite.com\/en\/wp-json\/wp\/v2\/comments?post=17281"}],"version-history":[{"count":2,"href":"https:\/\/www.arovite.com\/en\/wp-json\/wp\/v2\/pages\/17281\/revisions"}],"predecessor-version":[{"id":17544,"href":"https:\/\/www.arovite.com\/en\/wp-json\/wp\/v2\/pages\/17281\/revisions\/17544"}],"wp:attachment":[{"href":"https:\/\/www.arovite.com\/en\/wp-json\/wp\/v2\/media?parent=17281"}],"curies":[{"name":"wp","href":"https:\/\/api.w.org\/{rel}","templated":true}]}}

<div class="wpb-content-wrapper"><p>[vc_row][vc_column width=&#8221;1/1&#8243;][vc_column_text][vc_empty_space height=&#8221;20&#8243;]<br />
<strong>Referencia bibliográfica</strong><br />
MONTERO, Manuel (2021): «La presión terrorista durante la transición y la formación nacionalista de la autonomía vasca», <em>Historia Actual Online</em>, nº 55, pp. 23-36.</p>
<p><a class="button blue  medium " href="https://dialnet.unirioja.es/descarga/articulo/7962335.pdf" target="_blank" rel="noopener">Consultar PDF</a>[vc_empty_space height=&#8221;10&#8243;]<br />
<strong>Resumen</strong><br />
Este artículo estudia la formación del Estatuto de Autonomía del País Vasco. Aprobado en octubre de 1979, desarrollaba una concepción nacionalista del autogobierno, pese a la importancia electoral que tenían los no nacionalistas -casi la mitad de los votos-. Las razones que provocaron ese resultado fueron muy diversas: la debilidad del centro-derecha en el País Vasco; la defensa de una autonomía amplia por todas las fuerzas antifranquistas; el enorme impacto del terrorismo, que creó una profunda crisis social; la necesidad que tuvo UCD de encontrar apoyos locales para la autonomía vasca, lo que permitió el protagonismo del PNV. [vc_empty_space height=&#8221;10&#8243;]<br />
<strong>Abstract</strong><br />
This paper studies the formation of the Statute of Autonomy of the Basque Country. It was approved in October 1979 and developed a nationalist conception of self-government, despite the electoral significance of non-nationalists, who held almost half of the votes. The reasons that caused this result were diverse. Amongst them: the weakness of the centre-right in the Basque Country; the defence of a wide autonomy by all anti-franquist forces; the huge impact of terrorism, which created a profound social crisis; UCD’s need of finding local support for Basque autonomy, which permitted the promience of the Basque Nationalist Party (PNV). [vc_empty_space height=&#8221;10&#8243;]<br />
<strong>Autor</strong><br />
Manuel Montero. <a title="Dialnet" href="https://dialnet.unirioja.es/servlet/autor?codigo=145607" target="_blank" rel="noopener">Página del autor en Dialnet.</a><br />
 [vc_empty_space height=&#8221;10&#8243;]<br />
<strong>Tipo de documento</strong><br />
Artículo<br />
[vc_empty_space height=&#8221;10&#8243;]<br />
[/vc_column_text][/vc_column][/vc_row]</p>
</div>

<p>[vc_row][vc_column width=&#8221;1/1&#8243;][vc_column_text][vc_empty_space height=&#8221;20&#8243;] Referencia bibliográfica MONTERO, Manuel (2021): «La presión terrorista durante la transición y la formación nacionalista de la autonomía vasca», Historia Actual Online, nº 55, pp. 23-36. Consultar&hellip;</p>
