{"id":17274,"date":"2023-02-20T07:45:39","date_gmt":"2023-02-20T07:45:39","guid":{"rendered":"https:\/\/www.arovite.com\/?page_id=17274"},"modified":"2023-02-20T07:45:39","modified_gmt":"2023-02-20T07:45:39","slug":"montero-manuel-2021","status":"publish","type":"page","link":"https:\/\/www.arovite.com\/en\/montero-manuel-2021\/","title":{"rendered":"MONTERO, Manuel (2021)"},"content":{"rendered":"<div class=\"wpb-content-wrapper\"><p>[vc_row][vc_column width=&#8221;1\/1&#8243;][vc_column_text][vc_empty_space height=&#8221;20&#8243;]<br \/>\n<strong>Referencia bibliogr\u00e1fica<\/strong><br \/>\nMONTERO, Manuel (2021): \u00abEl acoso terrorista al centro-derecha durante la Transici\u00f3n a la democracia. El aislamiento pol\u00edtico de la Uni\u00f3n del Centro Democr\u00e1tico en el Pa\u00eds Vasco\u00bb, <em>V\u00ednculos de Historia<\/em>, n\u00ba 10, pp. 390-405.<\/p>\n<p><a class=\"button blue  medium \" href=\"http:\/\/vinculosdehistoria.com\/index.php\/vinculos\/article\/view\/vdh_2021.10.22\/824\" target=\"_blank\" rel=\"noopener\">Consultar PDF<\/a>[vc_empty_space height=&#8221;10&#8243;]<br \/>\n<strong>Resumen<\/strong><br \/>\nEste art\u00edculo estudia el impacto que durante la Transici\u00f3n tuvo el terrorismo en el centro-derecha del Pa\u00eds Vasco. Tiene en cuenta el acoso de ETA a UCD y las formas que adopt\u00f3 la propagaci\u00f3n del terror, entre ellas las derivadas de los silencios sociales y de los apoyos que obtuvo. En las postrimer\u00edas del franquismo, la presi\u00f3n terrorista hizo que disminuyese la presencia p\u00fablica de este \u00e1mbito ideol\u00f3gico, gestando as\u00ed deficiencias en el pluralismo pol\u00edtico vasco. En este proceso influyeron algunos conceptos: la relativizaci\u00f3n del terrorismo, entendido como una parte m\u00e1s del juego pol\u00edtico, y la idea generalizada de que el principal medio para reducirlo era la adopci\u00f3n de medidas autonomistas, lo que increment\u00f3 su influencia en el proceso de descentralizaci\u00f3n. Al aislamiento del centro pol\u00edtico contribuyeron planteamientos de los grupos antifranquistas, para los que los avances democr\u00e1ticos y auton\u00f3micos eran logros arrancados, no metas compartidas. [vc_empty_space height=&#8221;10&#8243;]<br \/>\n<strong>Abstract<\/strong><br \/>\nThis article studies the impact of terrorism on the Basque Country\u2019s centre-right during the Transition. ETA\u2019s persecution of UCD is taken into account, as well as the different forms of propagation of terror, such as those related to social silences and support for this strategy. In the final years of Francoism, terrorist pressure led to reduced public presence in this ideological sphere. This resulted in shortcomings in Basque political pluralism. A number of concepts influenced this process: the relativization of terrorism, understood as another element of the political game, and the generalized idea that the main means of reducing it was the adoption of autonomist measures, which increased their influence in the process of decentralization. The isolation of the political centre was heightened by the proposals of anti-Francoist groups, for whom democratic and autonomic progress were achieved by force, not shared objectives. [vc_empty_space height=&#8221;10&#8243;]<br \/>\n<strong>Autor<\/strong><br \/>\nManuel Montero. <a title=\"Dialnet\" href=\"https:\/\/dialnet.unirioja.es\/servlet\/autor?codigo=145607\" target=\"_blank\" rel=\"noopener\">P\u00e1gina del autor en Dialnet.<\/a><br \/>\n[vc_empty_space height=&#8221;10&#8243;]<br \/>\n<strong>Tipo de documento<\/strong><br \/>\nArt\u00edculo<br \/>\n[vc_empty_space height=&#8221;10&#8243;]<br \/>\n[\/vc_column_text][\/vc_column][\/vc_row]<\/p>\n<\/div>","protected":false},"excerpt":{"rendered":"<p>[vc_row][vc_column width=&#8221;1\/1&#8243;][vc_column_text][vc_empty_space height=&#8221;20&#8243;] Referencia bibliogr\u00e1fica MONTERO, Manuel (2021): \u00abEl acoso terrorista al centro-derecha durante la Transici\u00f3n a la democracia. El aislamiento pol\u00edtico de la Uni\u00f3n del Centro Democr\u00e1tico en el&hellip;<\/p>\n","protected":false},"author":1,"featured_media":0,"parent":0,"menu_order":0,"comment_status":"closed","ping_status":"closed","template":"","meta":{"om_disable_all_campaigns":false,"_monsterinsights_skip_tracking":false,"_monsterinsights_sitenote_active":false,"_monsterinsights_sitenote_note":"","_monsterinsights_sitenote_category":0,"_uf_show_specific_survey":0,"_uf_disable_surveys":false,"_vp_format_video_url":"","_vp_image_focal_point":[],"_vp_custom_popup_image":0,"_vp_format_audio_url":"","_vp_custom_thumbnail":0,"_vp_custom_thumbnail_focal_point":[],"_vp_hover_thumbnail":0,"_vp_hover_thumbnail_focal_point":[],"footnotes":""},"class_list":["post-17274","page","type-page","status-publish","hentry"],"aioseo_notices":[],"_links":{"self":[{"href":"https:\/\/www.arovite.com\/en\/wp-json\/wp\/v2\/pages\/17274","targetHints":{"allow":["GET"]}}],"collection":[{"href":"https:\/\/www.arovite.com\/en\/wp-json\/wp\/v2\/pages"}],"about":[{"href":"https:\/\/www.arovite.com\/en\/wp-json\/wp\/v2\/types\/page"}],"author":[{"embeddable":true,"href":"https:\/\/www.arovite.com\/en\/wp-json\/wp\/v2\/users\/1"}],"replies":[{"embeddable":true,"href":"https:\/\/www.arovite.com\/en\/wp-json\/wp\/v2\/comments?post=17274"}],"version-history":[{"count":1,"href":"https:\/\/www.arovite.com\/en\/wp-json\/wp\/v2\/pages\/17274\/revisions"}],"predecessor-version":[{"id":17276,"href":"https:\/\/www.arovite.com\/en\/wp-json\/wp\/v2\/pages\/17274\/revisions\/17276"}],"wp:attachment":[{"href":"https:\/\/www.arovite.com\/en\/wp-json\/wp\/v2\/media?parent=17274"}],"curies":[{"name":"wp","href":"https:\/\/api.w.org\/{rel}","templated":true}]}}

<div class="wpb-content-wrapper"><p>[vc_row][vc_column width=&#8221;1/1&#8243;][vc_column_text][vc_empty_space height=&#8221;20&#8243;]<br />
<strong>Referencia bibliográfica</strong><br />
MONTERO, Manuel (2021): «El acoso terrorista al centro-derecha durante la Transición a la democracia. El aislamiento político de la Unión del Centro Democrático en el País Vasco», <em>Vínculos de Historia</em>, nº 10, pp. 390-405.</p>
<p><a class="button blue  medium " href="http://vinculosdehistoria.com/index.php/vinculos/article/view/vdh_2021.10.22/824" target="_blank" rel="noopener">Consultar PDF</a>[vc_empty_space height=&#8221;10&#8243;]<br />
<strong>Resumen</strong><br />
Este artículo estudia el impacto que durante la Transición tuvo el terrorismo en el centro-derecha del País Vasco. Tiene en cuenta el acoso de ETA a UCD y las formas que adoptó la propagación del terror, entre ellas las derivadas de los silencios sociales y de los apoyos que obtuvo. En las postrimerías del franquismo, la presión terrorista hizo que disminuyese la presencia pública de este ámbito ideológico, gestando así deficiencias en el pluralismo político vasco. En este proceso influyeron algunos conceptos: la relativización del terrorismo, entendido como una parte más del juego político, y la idea generalizada de que el principal medio para reducirlo era la adopción de medidas autonomistas, lo que incrementó su influencia en el proceso de descentralización. Al aislamiento del centro político contribuyeron planteamientos de los grupos antifranquistas, para los que los avances democráticos y autonómicos eran logros arrancados, no metas compartidas. [vc_empty_space height=&#8221;10&#8243;]<br />
<strong>Abstract</strong><br />
This article studies the impact of terrorism on the Basque Country’s centre-right during the Transition. ETA’s persecution of UCD is taken into account, as well as the different forms of propagation of terror, such as those related to social silences and support for this strategy. In the final years of Francoism, terrorist pressure led to reduced public presence in this ideological sphere. This resulted in shortcomings in Basque political pluralism. A number of concepts influenced this process: the relativization of terrorism, understood as another element of the political game, and the generalized idea that the main means of reducing it was the adoption of autonomist measures, which increased their influence in the process of decentralization. The isolation of the political centre was heightened by the proposals of anti-Francoist groups, for whom democratic and autonomic progress were achieved by force, not shared objectives. [vc_empty_space height=&#8221;10&#8243;]<br />
<strong>Autor</strong><br />
Manuel Montero. <a title="Dialnet" href="https://dialnet.unirioja.es/servlet/autor?codigo=145607" target="_blank" rel="noopener">Página del autor en Dialnet.</a><br />
[vc_empty_space height=&#8221;10&#8243;]<br />
<strong>Tipo de documento</strong><br />
Artículo<br />
[vc_empty_space height=&#8221;10&#8243;]<br />
[/vc_column_text][/vc_column][/vc_row]</p>
</div>

<p>[vc_row][vc_column width=&#8221;1/1&#8243;][vc_column_text][vc_empty_space height=&#8221;20&#8243;] Referencia bibliográfica MONTERO, Manuel (2021): «El acoso terrorista al centro-derecha durante la Transición a la democracia. El aislamiento político de la Unión del Centro Democrático en el&hellip;</p>
