{"id":17127,"date":"2023-02-17T13:13:36","date_gmt":"2023-02-17T13:13:36","guid":{"rendered":"https:\/\/www.arovite.com\/?page_id=17127"},"modified":"2023-02-17T13:13:36","modified_gmt":"2023-02-17T13:13:36","slug":"elzo-imaz-javier-y-arrieta-felix-2005","status":"publish","type":"page","link":"https:\/\/www.arovite.com\/en\/elzo-imaz-javier-y-arrieta-felix-2005\/","title":{"rendered":"ELZO IMAZ, Javier y ARRIETA, Felix (2005)"},"content":{"rendered":"<div class=\"wpb-content-wrapper\"><p>[vc_row][vc_column width=&#8221;1\/1&#8243;][vc_column_text][vc_empty_space height=&#8221;20&#8243;]<br \/>\n <strong>Referencia bibliogr\u00e1fica<\/strong><br \/>\nELZO IMAZ, Javier y ARRIETA, Felix (2005): \u00abHistoria y sociolog\u00eda de los movimientos juveniles encuadrados en el MLNV\u00bb, <em>Ayer<\/em>, n\u00ba 59, pp. 173-197.<\/p>\n<p><a class=\"button blue medium \" href=\"https:\/\/dialnet.unirioja.es\/servlet\/articulo?codigo=1340221&#038;orden=0&#038;info=link\" target=\"_blank\" rel=\"noopener\">Consultar PDF<\/a>[vc_empty_space height=&#8221;10&#8243;]<br \/>\n<strong>Resumen<\/strong><br \/>\nEste trabajo tiene dos partes diferenciadas, una hist\u00f3rica y una segunda m\u00e1s sociol\u00f3gica. En la primera parte, tras bucear en archivos con documentaci\u00f3n in\u00e9dita y en gran parte en euskera, ofrecemos una s\u00edntesis hist\u00f3rica de los or\u00edgenes, naturaleza y desarrollo del movimiento juvenil inserto en el MLNV. Es imposible hacer historia y sociolog\u00eda de Jarrai, Haika y Segi, las diferentes acepciones que ha adoptado la juventud revolucionario-nacionalista fuera del contexto y paraguas del MLNV. A continuaci\u00f3n ofrecemos no tanto una interpretaci\u00f3n sociol\u00f3gica global al fen\u00f3meno del MLNV en general, ni de sus ramas juveniles en particular, sino una interpretaci\u00f3n voluntariamente parcial (por el olvido casi total de su pertinencia) de la sociolog\u00eda del movimiento radical juvenil vasco, donde hemos privilegiado una dimensi\u00f3n que siempre nos ha parecido clave, sobre todo desde una perspectiva de sociolog\u00eda hist\u00f3rica: la matriz religiosa y su &#8220;secularizaci\u00f3n&#8221; posterior, en realidad traslado de sacralidades; con una absolutizaci\u00f3n de una determinada concepci\u00f3n de Euskal Herria, que deja en segundo lugar el car\u00e1cter absoluto de las personas individuales. [vc_empty_space height=&#8221;10&#8243;]<br \/>\n<strong>Autor<\/strong><br \/>\nJavier Elzo Imaz. <a title=\"Dialnet\" href=\"https:\/\/dialnet.unirioja.es\/servlet\/autor?codigo=134828\" target=\"_blank\" rel=\"noopener\">P\u00e1gina del autor en Dialnet.<\/a><br \/>\nFelix Arrieta. <a title=\"Dialnet\" href=\"https:\/\/dialnet.unirioja.es\/servlet\/autor?codigo=3954273\" target=\"_blank\" rel=\"noopener\">P\u00e1gina del autor en Dialnet.<\/a><br \/>\n [vc_empty_space height=&#8221;10&#8243;]<br \/>\n<strong>Tipo de documento<\/strong><br \/>\nArt\u00edculo<br \/>\n[vc_empty_space height=&#8221;10&#8243;]<br \/>\n[\/vc_column_text][\/vc_column][\/vc_row]<\/p>\n<\/div>","protected":false},"excerpt":{"rendered":"<p>[vc_row][vc_column width=&#8221;1\/1&#8243;][vc_column_text][vc_empty_space height=&#8221;20&#8243;] Referencia bibliogr\u00e1fica ELZO IMAZ, Javier y ARRIETA, Felix (2005): \u00abHistoria y sociolog\u00eda de los movimientos juveniles encuadrados en el MLNV\u00bb, Ayer, n\u00ba 59, pp. 173-197. Consultar PDF[vc_empty_space&hellip;<\/p>\n","protected":false},"author":1,"featured_media":0,"parent":0,"menu_order":0,"comment_status":"closed","ping_status":"closed","template":"","meta":{"om_disable_all_campaigns":false,"_monsterinsights_skip_tracking":false,"_monsterinsights_sitenote_active":false,"_monsterinsights_sitenote_note":"","_monsterinsights_sitenote_category":0,"_uf_show_specific_survey":0,"_uf_disable_surveys":false,"_vp_format_video_url":"","_vp_image_focal_point":[],"_vp_custom_popup_image":0,"_vp_format_audio_url":"","_vp_custom_thumbnail":0,"_vp_custom_thumbnail_focal_point":[],"_vp_hover_thumbnail":0,"_vp_hover_thumbnail_focal_point":[],"footnotes":""},"class_list":["post-17127","page","type-page","status-publish","hentry"],"aioseo_notices":[],"_links":{"self":[{"href":"https:\/\/www.arovite.com\/en\/wp-json\/wp\/v2\/pages\/17127","targetHints":{"allow":["GET"]}}],"collection":[{"href":"https:\/\/www.arovite.com\/en\/wp-json\/wp\/v2\/pages"}],"about":[{"href":"https:\/\/www.arovite.com\/en\/wp-json\/wp\/v2\/types\/page"}],"author":[{"embeddable":true,"href":"https:\/\/www.arovite.com\/en\/wp-json\/wp\/v2\/users\/1"}],"replies":[{"embeddable":true,"href":"https:\/\/www.arovite.com\/en\/wp-json\/wp\/v2\/comments?post=17127"}],"version-history":[{"count":1,"href":"https:\/\/www.arovite.com\/en\/wp-json\/wp\/v2\/pages\/17127\/revisions"}],"predecessor-version":[{"id":17129,"href":"https:\/\/www.arovite.com\/en\/wp-json\/wp\/v2\/pages\/17127\/revisions\/17129"}],"wp:attachment":[{"href":"https:\/\/www.arovite.com\/en\/wp-json\/wp\/v2\/media?parent=17127"}],"curies":[{"name":"wp","href":"https:\/\/api.w.org\/{rel}","templated":true}]}}

<div class="wpb-content-wrapper"><p>[vc_row][vc_column width=&#8221;1/1&#8243;][vc_column_text][vc_empty_space height=&#8221;20&#8243;]<br />
 <strong>Referencia bibliográfica</strong><br />
ELZO IMAZ, Javier y ARRIETA, Felix (2005): «Historia y sociología de los movimientos juveniles encuadrados en el MLNV», <em>Ayer</em>, nº 59, pp. 173-197.</p>
<p><a class="button blue medium " href="https://dialnet.unirioja.es/servlet/articulo?codigo=1340221&#038;orden=0&#038;info=link" target="_blank" rel="noopener">Consultar PDF</a>[vc_empty_space height=&#8221;10&#8243;]<br />
<strong>Resumen</strong><br />
Este trabajo tiene dos partes diferenciadas, una histórica y una segunda más sociológica. En la primera parte, tras bucear en archivos con documentación inédita y en gran parte en euskera, ofrecemos una síntesis histórica de los orígenes, naturaleza y desarrollo del movimiento juvenil inserto en el MLNV. Es imposible hacer historia y sociología de Jarrai, Haika y Segi, las diferentes acepciones que ha adoptado la juventud revolucionario-nacionalista fuera del contexto y paraguas del MLNV. A continuación ofrecemos no tanto una interpretación sociológica global al fenómeno del MLNV en general, ni de sus ramas juveniles en particular, sino una interpretación voluntariamente parcial (por el olvido casi total de su pertinencia) de la sociología del movimiento radical juvenil vasco, donde hemos privilegiado una dimensión que siempre nos ha parecido clave, sobre todo desde una perspectiva de sociología histórica: la matriz religiosa y su &#8220;secularización&#8221; posterior, en realidad traslado de sacralidades; con una absolutización de una determinada concepción de Euskal Herria, que deja en segundo lugar el carácter absoluto de las personas individuales. [vc_empty_space height=&#8221;10&#8243;]<br />
<strong>Autor</strong><br />
Javier Elzo Imaz. <a title="Dialnet" href="https://dialnet.unirioja.es/servlet/autor?codigo=134828" target="_blank" rel="noopener">Página del autor en Dialnet.</a><br />
Felix Arrieta. <a title="Dialnet" href="https://dialnet.unirioja.es/servlet/autor?codigo=3954273" target="_blank" rel="noopener">Página del autor en Dialnet.</a><br />
 [vc_empty_space height=&#8221;10&#8243;]<br />
<strong>Tipo de documento</strong><br />
Artículo<br />
[vc_empty_space height=&#8221;10&#8243;]<br />
[/vc_column_text][/vc_column][/vc_row]</p>
</div>

<p>[vc_row][vc_column width=&#8221;1/1&#8243;][vc_column_text][vc_empty_space height=&#8221;20&#8243;] Referencia bibliográfica ELZO IMAZ, Javier y ARRIETA, Felix (2005): «Historia y sociología de los movimientos juveniles encuadrados en el MLNV», Ayer, nº 59, pp. 173-197. Consultar PDF[vc_empty_space&hellip;</p>
