{"id":12562,"date":"2021-01-08T08:53:41","date_gmt":"2021-01-08T08:53:41","guid":{"rendered":"https:\/\/www.arovite.com\/fundacion-centro-para-la-memoria-de-las-victimas-del-terrorismo-2020\/"},"modified":"2021-01-08T08:54:06","modified_gmt":"2021-01-08T08:54:06","slug":"fundacion-centro-para-la-memoria-de-las-victimas-del-terrorismo-2020","status":"publish","type":"page","link":"https:\/\/www.arovite.com\/en\/fundacion-centro-para-la-memoria-de-las-victimas-del-terrorismo-2020\/","title":{"rendered":"FUNDACI\u00d3N CENTRO PARA LA MEMORIA DE LAS V\u00cdCTIMAS DEL TERRORISMO (2020)"},"content":{"rendered":"<div class=\"wpb-content-wrapper\"><p>[vc_row][vc_column width=&#8221;1\/1&#8243;][vc_column_text][vc_empty_space height=&#8221;20&#8243;]<br \/>\n<strong>Referencia bibliogr\u00e1fica<\/strong><br \/>\nFUNDACI\u00d3N CENTRO PARA LA MEMORIA DE LAS V\u00cdCTIMAS DEL TERRORISMO (2020): \u00abBalance del terrorismo en Espa\u00f1a, 2019\u00bb, <em>Cuadernos del Centro Memorial de las V\u00edctimas del Terrorismo<\/em>, n\u00ba 9.<\/p>\n<p><a class=\"button blue medium \" href=\"http:\/\/www.memorialvt.com\/wp-content\/uploads\/2020\/07\/Cuadernos09.pdf\" target=\"_blank\" rel=\"noopener\">Consultar PDF<\/a>[vc_empty_space height=&#8221;10&#8243;]<br \/>\n<strong>Resumen<\/strong><br \/>\nEste Cuaderno es el quinto de la serie del balance de la actividad terrorista y busca ofrecer un resumen accesible a los principales datos, de forma que los investigadores, informadores o personas interesadas en general puedan tener una imagen de la evoluci\u00f3n de la amenaza de los diferentes terrorismos y de sus consecuencias. En este n\u00famero se tratan los atentados yihadistas contra ciudadanos espa\u00f1oles en 2019 y las principales actuaciones contra ellos; y la captura de Josu Ternera en relaci\u00f3n con ETA as\u00ed como los homenajes a etarras y enaltecimiento del terrorismo.<br \/>\n [vc_empty_space height=&#8221;10&#8243;]<br \/>\n<strong>Tipo de documento<\/strong><br \/>\nInforme<br \/>\n[vc_empty_space height=&#8221;10&#8243;]<br \/>\n[\/vc_column_text][\/vc_column][\/vc_row]<\/p>\n<\/div>","protected":false},"excerpt":{"rendered":"<p>[vc_row][vc_column width=&#8221;1\/1&#8243;][vc_column_text][vc_empty_space height=&#8221;20&#8243;] Referencia bibliogr\u00e1fica FUNDACI\u00d3N CENTRO PARA LA MEMORIA DE LAS V\u00cdCTIMAS DEL TERRORISMO (2020): \u00abBalance del terrorismo en Espa\u00f1a, 2019\u00bb, Cuadernos del Centro Memorial de las V\u00edctimas del&hellip;<\/p>\n","protected":false},"author":1,"featured_media":0,"parent":0,"menu_order":0,"comment_status":"closed","ping_status":"closed","template":"","meta":{"om_disable_all_campaigns":false,"_monsterinsights_skip_tracking":false,"_monsterinsights_sitenote_active":false,"_monsterinsights_sitenote_note":"","_monsterinsights_sitenote_category":0,"_uf_show_specific_survey":0,"_uf_disable_surveys":false,"_vp_format_video_url":"","_vp_image_focal_point":[],"_vp_custom_popup_image":0,"_vp_format_audio_url":"","_vp_custom_thumbnail":0,"_vp_custom_thumbnail_focal_point":[],"_vp_hover_thumbnail":0,"_vp_hover_thumbnail_focal_point":[],"footnotes":""},"class_list":["post-12562","page","type-page","status-publish","hentry"],"aioseo_notices":[],"_links":{"self":[{"href":"https:\/\/www.arovite.com\/en\/wp-json\/wp\/v2\/pages\/12562","targetHints":{"allow":["GET"]}}],"collection":[{"href":"https:\/\/www.arovite.com\/en\/wp-json\/wp\/v2\/pages"}],"about":[{"href":"https:\/\/www.arovite.com\/en\/wp-json\/wp\/v2\/types\/page"}],"author":[{"embeddable":true,"href":"https:\/\/www.arovite.com\/en\/wp-json\/wp\/v2\/users\/1"}],"replies":[{"embeddable":true,"href":"https:\/\/www.arovite.com\/en\/wp-json\/wp\/v2\/comments?post=12562"}],"version-history":[{"count":1,"href":"https:\/\/www.arovite.com\/en\/wp-json\/wp\/v2\/pages\/12562\/revisions"}],"predecessor-version":[{"id":12564,"href":"https:\/\/www.arovite.com\/en\/wp-json\/wp\/v2\/pages\/12562\/revisions\/12564"}],"wp:attachment":[{"href":"https:\/\/www.arovite.com\/en\/wp-json\/wp\/v2\/media?parent=12562"}],"curies":[{"name":"wp","href":"https:\/\/api.w.org\/{rel}","templated":true}]}}

FUNDACIÓN CENTRO PARA LA MEMORIA DE LAS VÍCTIMAS DEL TERRORISMO (2020)

<div class="wpb-content-wrapper"><p>[vc_row][vc_column width=&#8221;1/1&#8243;][vc_column_text][vc_empty_space height=&#8221;20&#8243;]<br />
<strong>Referencia bibliográfica</strong><br />
FUNDACIÓN CENTRO PARA LA MEMORIA DE LAS VÍCTIMAS DEL TERRORISMO (2020): «Balance del terrorismo en España, 2019», <em>Cuadernos del Centro Memorial de las Víctimas del Terrorismo</em>, nº 9.</p>
<p><a class="button blue medium " href="http://www.memorialvt.com/wp-content/uploads/2020/07/Cuadernos09.pdf" target="_blank" rel="noopener">Consultar PDF</a>[vc_empty_space height=&#8221;10&#8243;]<br />
<strong>Resumen</strong><br />
Este Cuaderno es el quinto de la serie del balance de la actividad terrorista y busca ofrecer un resumen accesible a los principales datos, de forma que los investigadores, informadores o personas interesadas en general puedan tener una imagen de la evolución de la amenaza de los diferentes terrorismos y de sus consecuencias. En este número se tratan los atentados yihadistas contra ciudadanos españoles en 2019 y las principales actuaciones contra ellos; y la captura de Josu Ternera en relación con ETA así como los homenajes a etarras y enaltecimiento del terrorismo.<br />
 [vc_empty_space height=&#8221;10&#8243;]<br />
<strong>Tipo de documento</strong><br />
Informe<br />
[vc_empty_space height=&#8221;10&#8243;]<br />
[/vc_column_text][/vc_column][/vc_row]</p>
</div>

<p>[vc_row][vc_column width=&#8221;1/1&#8243;][vc_column_text][vc_empty_space height=&#8221;20&#8243;] Referencia bibliográfica FUNDACIÓN CENTRO PARA LA MEMORIA DE LAS VÍCTIMAS DEL TERRORISMO (2020): «Balance del terrorismo en España, 2019», Cuadernos del Centro Memorial de las Víctimas del&hellip;</p>
