{"id":11323,"date":"2020-04-23T09:36:49","date_gmt":"2020-04-23T09:36:49","guid":{"rendered":"https:\/\/www.arovite.com\/diaz-maroto-isidro-aitor-2017-2\/"},"modified":"2023-06-07T10:24:33","modified_gmt":"2023-06-07T10:24:33","slug":"diaz-maroto-isidro-aitor-2017-2","status":"publish","type":"page","link":"https:\/\/www.arovite.com\/en\/diaz-maroto-isidro-aitor-2017-2\/","title":{"rendered":"D\u00cdAZ-MAROTO ISIDRO, Aitor (2017)"},"content":{"rendered":"<div class=\"wpb-content-wrapper\"><p>[vc_row][vc_column width=&#8221;1\/1&#8243;][vc_column_text][vc_empty_space height=&#8221;20&#8243;]<br \/>\n<strong>Referencia bibliogr\u00e1fica<\/strong><br \/>\nD\u00cdAZ-MAROTO ISIDRO, Aitor (2017): \u00abIdentidad pol\u00edtica en el discurso de ETA\u00bb, <em>La Historia, lost in translation? Actas del XIII Congreso de la Asociaci\u00f3n de Historia Contempor\u00e1nea. <\/em>Cuenca: Ediciones de la Universidad de Castilla-La Mancha, pp. 1169-1177.<\/p>\n<p><a class=\"button blue medium \" href=\"https:\/\/www.academia.edu\/32531034\/IDENTIDAD_POL%C3%8DTICA_EN_EL_DISCURSO_DE_ETA_Actas_del_XIII_Congreso_de_la_Asociaci%C3%B3n_de_Historia_Contempor%C3%A1nea\" target=\"_blank\" rel=\"noopener noreferrer\">Consultar PDF<\/a>[vc_empty_space height=&#8221;10&#8243;]<br \/>\n<strong>Resumen<\/strong><br \/>\nA lo largo de sus m\u00e1s de cuarenta a\u00f1os de actividad, la organizaci\u00f3n terrorista vasca Euskadi Ta Askatasuna (ETA) ha realizado un viaje ideol\u00f3gico que le ha hecho cambiar en numerosas ocasiones de identidad pol\u00edtica. Cada una de las teor\u00edas pol\u00edticas que abrazaba, se a\u00f1ad\u00edan a la ideolog\u00eda base de la banda terrorista: el nacionalismo radical. Este fen\u00f3meno es m\u00e1s visible si se compara con el Irish Republican Army (IRA); m\u00e1s concretamente con el IRA Provisional, organizaci\u00f3n con la que el grupo vasco ha buscado siempre compararse.<br \/>\n[vc_empty_space height=&#8221;10&#8243;]<br \/>\n<strong>Abstract<\/strong><br \/>\nAlong its forty years of activity, the basque terrorist organization Euskadi Ta Askatasuna (ETA) has full\ufb01lled an ideological journey that has supossed a lot of changes in its political identity. Each political theory that was adopted by the organization, was added to its ideological framework: the radical nationalism. This phenomena its more visible if we compare it with the Irish Republican Army (IRA); speci\ufb01cally with the Provisional IRA, the organization that have always been taken as an inspiration by the basque group.<br \/>\n[vc_empty_space height=&#8221;10&#8243;]<br \/>\n<strong>Autor<\/strong><br \/>\nAitor D\u00edaz-Maroto Isidro. <a title=\"Dialnet\" href=\"https:\/\/dialnet.unirioja.es\/servlet\/autor?codigo=4048545\" target=\"_blank\" rel=\"noopener noreferrer\">P\u00e1gina del autor en Dialnet.<\/a><br \/>\n[vc_empty_space height=&#8221;10&#8243;]<br \/>\n<strong>Tipo de documento<\/strong><br \/>\nComunicaci\u00f3n<br \/>\n[vc_empty_space height=&#8221;10&#8243;]<br \/>\n[\/vc_column_text][\/vc_column][\/vc_row]<\/p>\n<\/div>","protected":false},"excerpt":{"rendered":"<p>[vc_row][vc_column width=&#8221;1\/1&#8243;][vc_column_text][vc_empty_space height=&#8221;20&#8243;] Referencia bibliogr\u00e1fica D\u00cdAZ-MAROTO ISIDRO, Aitor (2017): \u00abIdentidad pol\u00edtica en el discurso de ETA\u00bb, La Historia, lost in translation? Actas del XIII Congreso de la Asociaci\u00f3n de Historia&hellip;<\/p>\n","protected":false},"author":1,"featured_media":0,"parent":0,"menu_order":0,"comment_status":"closed","ping_status":"closed","template":"","meta":{"om_disable_all_campaigns":false,"_monsterinsights_skip_tracking":false,"_monsterinsights_sitenote_active":false,"_monsterinsights_sitenote_note":"","_monsterinsights_sitenote_category":0,"_uf_show_specific_survey":0,"_uf_disable_surveys":false,"_vp_format_video_url":"","_vp_image_focal_point":[],"_vp_custom_popup_image":0,"_vp_format_audio_url":"","_vp_custom_thumbnail":0,"_vp_custom_thumbnail_focal_point":[],"_vp_hover_thumbnail":0,"_vp_hover_thumbnail_focal_point":[],"footnotes":""},"class_list":["post-11323","page","type-page","status-publish","hentry"],"aioseo_notices":[],"_links":{"self":[{"href":"https:\/\/www.arovite.com\/en\/wp-json\/wp\/v2\/pages\/11323","targetHints":{"allow":["GET"]}}],"collection":[{"href":"https:\/\/www.arovite.com\/en\/wp-json\/wp\/v2\/pages"}],"about":[{"href":"https:\/\/www.arovite.com\/en\/wp-json\/wp\/v2\/types\/page"}],"author":[{"embeddable":true,"href":"https:\/\/www.arovite.com\/en\/wp-json\/wp\/v2\/users\/1"}],"replies":[{"embeddable":true,"href":"https:\/\/www.arovite.com\/en\/wp-json\/wp\/v2\/comments?post=11323"}],"version-history":[{"count":2,"href":"https:\/\/www.arovite.com\/en\/wp-json\/wp\/v2\/pages\/11323\/revisions"}],"predecessor-version":[{"id":17775,"href":"https:\/\/www.arovite.com\/en\/wp-json\/wp\/v2\/pages\/11323\/revisions\/17775"}],"wp:attachment":[{"href":"https:\/\/www.arovite.com\/en\/wp-json\/wp\/v2\/media?parent=11323"}],"curies":[{"name":"wp","href":"https:\/\/api.w.org\/{rel}","templated":true}]}}

DÍAZ-MAROTO ISIDRO, Aitor (2017)

<div class="wpb-content-wrapper"><p>[vc_row][vc_column width=&#8221;1/1&#8243;][vc_column_text][vc_empty_space height=&#8221;20&#8243;]<br />
<strong>Referencia bibliográfica</strong><br />
DÍAZ-MAROTO ISIDRO, Aitor (2017): «Identidad política en el discurso de ETA», <em>La Historia, lost in translation? Actas del XIII Congreso de la Asociación de Historia Contemporánea. </em>Cuenca: Ediciones de la Universidad de Castilla-La Mancha, pp. 1169-1177.</p>
<p><a class="button blue medium " href="https://www.academia.edu/32531034/IDENTIDAD_POL%C3%8DTICA_EN_EL_DISCURSO_DE_ETA_Actas_del_XIII_Congreso_de_la_Asociaci%C3%B3n_de_Historia_Contempor%C3%A1nea" target="_blank" rel="noopener noreferrer">Consultar PDF</a>[vc_empty_space height=&#8221;10&#8243;]<br />
<strong>Resumen</strong><br />
A lo largo de sus más de cuarenta años de actividad, la organización terrorista vasca Euskadi Ta Askatasuna (ETA) ha realizado un viaje ideológico que le ha hecho cambiar en numerosas ocasiones de identidad política. Cada una de las teorías políticas que abrazaba, se añadían a la ideología base de la banda terrorista: el nacionalismo radical. Este fenómeno es más visible si se compara con el Irish Republican Army (IRA); más concretamente con el IRA Provisional, organización con la que el grupo vasco ha buscado siempre compararse.<br />
[vc_empty_space height=&#8221;10&#8243;]<br />
<strong>Abstract</strong><br />
Along its forty years of activity, the basque terrorist organization Euskadi Ta Askatasuna (ETA) has fullﬁlled an ideological journey that has supossed a lot of changes in its political identity. Each political theory that was adopted by the organization, was added to its ideological framework: the radical nationalism. This phenomena its more visible if we compare it with the Irish Republican Army (IRA); speciﬁcally with the Provisional IRA, the organization that have always been taken as an inspiration by the basque group.<br />
[vc_empty_space height=&#8221;10&#8243;]<br />
<strong>Autor</strong><br />
Aitor Díaz-Maroto Isidro. <a title="Dialnet" href="https://dialnet.unirioja.es/servlet/autor?codigo=4048545" target="_blank" rel="noopener noreferrer">Página del autor en Dialnet.</a><br />
[vc_empty_space height=&#8221;10&#8243;]<br />
<strong>Tipo de documento</strong><br />
Comunicación<br />
[vc_empty_space height=&#8221;10&#8243;]<br />
[/vc_column_text][/vc_column][/vc_row]</p>
</div>

<p>[vc_row][vc_column width=&#8221;1/1&#8243;][vc_column_text][vc_empty_space height=&#8221;20&#8243;] Referencia bibliográfica DÍAZ-MAROTO ISIDRO, Aitor (2017): «Identidad política en el discurso de ETA», La Historia, lost in translation? Actas del XIII Congreso de la Asociación de Historia&hellip;</p>
