{"id":11302,"date":"2020-04-23T09:33:48","date_gmt":"2020-04-23T09:33:48","guid":{"rendered":"https:\/\/www.arovite.com\/rivera-antonio-y-fernandez-soldevilla-gaizka-2019\/"},"modified":"2020-04-23T09:34:20","modified_gmt":"2020-04-23T09:34:20","slug":"rivera-antonio-y-fernandez-soldevilla-gaizka-2019","status":"publish","type":"page","link":"https:\/\/www.arovite.com\/en\/rivera-antonio-y-fernandez-soldevilla-gaizka-2019\/","title":{"rendered":"RIVERA, Antonio y FERN\u00c1NDEZ SOLDEVILLA, Gaizka (2019)"},"content":{"rendered":"<div class=\"wpb-content-wrapper\"><p>[vc_row][vc_column width=&#8221;1\/1&#8243;][vc_column_text][vc_empty_space height=&#8221;20&#8243;]<br \/>\n<strong>Referencia bibliogr\u00e1fica<\/strong><br \/>\nRIVERA, Antonio y FERN\u00c1NDEZ SOLDEVILLA, Gaizka (2019): \u00abFrente Nacional Vasco (1933-2019). Pluralismo o nacionalidad\u00bb, <em>Historia Actual Online<\/em>, n\u00ba 50\/3, pp. 21-34.<\/p>\n<p><a class=\"button blue medium \" href=\"https:\/\/dialnet.unirioja.es\/descarga\/articulo\/7133962.pdf\" target=\"_blank\" rel=\"noopener noreferrer\">Consultar PDF<\/a>[vc_empty_space height=&#8221;10&#8243;]<br \/>\n<strong>Resumen<\/strong><br \/>\nEl nacionalismo vasco radical ha apostado hist\u00f3ricamente por una alianza estrat\u00e9gica entre todas las fuerzas nacionalistas. El frente abertzale ser\u00eda una forma de excluir a los partidos vascos no nacionalistas, alejar a la rama moderada de la v\u00eda institucional y del autonomismo, recuperar la unidad perdida del movimiento, acumular fuerzas frente al enemigo espa\u00f1ol y lograr la independencia. Adem\u00e1s, as\u00ed los extremistas esperan arrebatar a los moderados la posici\u00f3n hegem\u00f3nica dentro del campo abertzale. En este art\u00edculo se sintetizan las sucesivas propuestas frentistas, desde 1933 a la actualidad, y se explica el porqu\u00e9 de su fracaso.<br \/>\n[vc_empty_space height=&#8221;10&#8243;]<br \/>\n<strong>Abstract<\/strong><br \/>\nBasque radical nationalism has historically opted for a strategic alliance between all nationalist forces. The nationalist front would be a way to: exclude non-nationalist Basque parties, alienate the moderate branch of the institutional path and of autonomy, recover the lost unity of the movement, accumulate forces against the Spanish enemy and achieve independence. In addition, extremists hope to snatch the moderates the hegemonic position within the nationalist camp. This article summarizes the successive frontier proposals, from 1933 to the present, and explains the reason for its failure.<br \/>\n[vc_empty_space height=&#8221;10&#8243;]<br \/>\n<strong>Autor<\/strong><br \/>\nAntonio Rivera. <a title=\"Dialnet\" href=\"https:\/\/dialnet.unirioja.es\/servlet\/autor?codigo=181403\" target=\"_blank\" rel=\"noopener noreferrer\">P\u00e1gina del autor en Dialnet.<\/a><br \/>\nGaizka Fern\u00e1ndez Soldevilla. <a title=\"Dialnet\" href=\"https:\/\/dialnet.unirioja.es\/servlet\/autor?codigo=2407724\" target=\"_blank\" rel=\"noopener noreferrer\">P\u00e1gina del autor en Dialnet.<\/a><br \/>\n[vc_empty_space height=&#8221;10&#8243;]<br \/>\n<strong>Tipo de documento<\/strong><br \/>\nArt\u00edculo<br \/>\n[vc_empty_space height=&#8221;10&#8243;]<br \/>\n[\/vc_column_text][\/vc_column][\/vc_row]<\/p>\n<\/div>","protected":false},"excerpt":{"rendered":"<p>[vc_row][vc_column width=&#8221;1\/1&#8243;][vc_column_text][vc_empty_space height=&#8221;20&#8243;] Referencia bibliogr\u00e1fica RIVERA, Antonio y FERN\u00c1NDEZ SOLDEVILLA, Gaizka (2019): \u00abFrente Nacional Vasco (1933-2019). Pluralismo o nacionalidad\u00bb, Historia Actual Online, n\u00ba 50\/3, pp. 21-34. Consultar PDF[vc_empty_space height=&#8221;10&#8243;] Resumen&hellip;<\/p>\n","protected":false},"author":1,"featured_media":0,"parent":0,"menu_order":0,"comment_status":"closed","ping_status":"closed","template":"","meta":{"om_disable_all_campaigns":false,"_monsterinsights_skip_tracking":false,"_monsterinsights_sitenote_active":false,"_monsterinsights_sitenote_note":"","_monsterinsights_sitenote_category":0,"_uf_show_specific_survey":0,"_uf_disable_surveys":false,"_vp_format_video_url":"","_vp_image_focal_point":[],"_vp_custom_popup_image":0,"_vp_format_audio_url":"","_vp_custom_thumbnail":0,"_vp_custom_thumbnail_focal_point":[],"_vp_hover_thumbnail":0,"_vp_hover_thumbnail_focal_point":[],"footnotes":""},"class_list":["post-11302","page","type-page","status-publish","hentry"],"aioseo_notices":[],"_links":{"self":[{"href":"https:\/\/www.arovite.com\/en\/wp-json\/wp\/v2\/pages\/11302","targetHints":{"allow":["GET"]}}],"collection":[{"href":"https:\/\/www.arovite.com\/en\/wp-json\/wp\/v2\/pages"}],"about":[{"href":"https:\/\/www.arovite.com\/en\/wp-json\/wp\/v2\/types\/page"}],"author":[{"embeddable":true,"href":"https:\/\/www.arovite.com\/en\/wp-json\/wp\/v2\/users\/1"}],"replies":[{"embeddable":true,"href":"https:\/\/www.arovite.com\/en\/wp-json\/wp\/v2\/comments?post=11302"}],"version-history":[{"count":1,"href":"https:\/\/www.arovite.com\/en\/wp-json\/wp\/v2\/pages\/11302\/revisions"}],"predecessor-version":[{"id":11304,"href":"https:\/\/www.arovite.com\/en\/wp-json\/wp\/v2\/pages\/11302\/revisions\/11304"}],"wp:attachment":[{"href":"https:\/\/www.arovite.com\/en\/wp-json\/wp\/v2\/media?parent=11302"}],"curies":[{"name":"wp","href":"https:\/\/api.w.org\/{rel}","templated":true}]}}

RIVERA, Antonio y FERNÁNDEZ SOLDEVILLA, Gaizka (2019)

<div class="wpb-content-wrapper"><p>[vc_row][vc_column width=&#8221;1/1&#8243;][vc_column_text][vc_empty_space height=&#8221;20&#8243;]<br />
<strong>Referencia bibliográfica</strong><br />
RIVERA, Antonio y FERNÁNDEZ SOLDEVILLA, Gaizka (2019): «Frente Nacional Vasco (1933-2019). Pluralismo o nacionalidad», <em>Historia Actual Online</em>, nº 50/3, pp. 21-34.</p>
<p><a class="button blue medium " href="https://dialnet.unirioja.es/descarga/articulo/7133962.pdf" target="_blank" rel="noopener noreferrer">Consultar PDF</a>[vc_empty_space height=&#8221;10&#8243;]<br />
<strong>Resumen</strong><br />
El nacionalismo vasco radical ha apostado históricamente por una alianza estratégica entre todas las fuerzas nacionalistas. El frente abertzale sería una forma de excluir a los partidos vascos no nacionalistas, alejar a la rama moderada de la vía institucional y del autonomismo, recuperar la unidad perdida del movimiento, acumular fuerzas frente al enemigo español y lograr la independencia. Además, así los extremistas esperan arrebatar a los moderados la posición hegemónica dentro del campo abertzale. En este artículo se sintetizan las sucesivas propuestas frentistas, desde 1933 a la actualidad, y se explica el porqué de su fracaso.<br />
[vc_empty_space height=&#8221;10&#8243;]<br />
<strong>Abstract</strong><br />
Basque radical nationalism has historically opted for a strategic alliance between all nationalist forces. The nationalist front would be a way to: exclude non-nationalist Basque parties, alienate the moderate branch of the institutional path and of autonomy, recover the lost unity of the movement, accumulate forces against the Spanish enemy and achieve independence. In addition, extremists hope to snatch the moderates the hegemonic position within the nationalist camp. This article summarizes the successive frontier proposals, from 1933 to the present, and explains the reason for its failure.<br />
[vc_empty_space height=&#8221;10&#8243;]<br />
<strong>Autor</strong><br />
Antonio Rivera. <a title="Dialnet" href="https://dialnet.unirioja.es/servlet/autor?codigo=181403" target="_blank" rel="noopener noreferrer">Página del autor en Dialnet.</a><br />
Gaizka Fernández Soldevilla. <a title="Dialnet" href="https://dialnet.unirioja.es/servlet/autor?codigo=2407724" target="_blank" rel="noopener noreferrer">Página del autor en Dialnet.</a><br />
[vc_empty_space height=&#8221;10&#8243;]<br />
<strong>Tipo de documento</strong><br />
Artículo<br />
[vc_empty_space height=&#8221;10&#8243;]<br />
[/vc_column_text][/vc_column][/vc_row]</p>
</div>

<p>[vc_row][vc_column width=&#8221;1/1&#8243;][vc_column_text][vc_empty_space height=&#8221;20&#8243;] Referencia bibliográfica RIVERA, Antonio y FERNÁNDEZ SOLDEVILLA, Gaizka (2019): «Frente Nacional Vasco (1933-2019). Pluralismo o nacionalidad», Historia Actual Online, nº 50/3, pp. 21-34. Consultar PDF[vc_empty_space height=&#8221;10&#8243;] Resumen&hellip;</p>
